{"id":7674,"date":"2025-04-21T06:51:50","date_gmt":"2025-04-21T06:51:50","guid":{"rendered":"https:\/\/canonm5.com\/?post_type=product&#038;p=7674"},"modified":"2026-04-15T08:37:26","modified_gmt":"2026-04-15T08:37:26","slug":"epson-workforce-es60w-escaner-portatil-inalambrico-wifi-600dpi-pantalla-lcd-tecnologia-readyscan-led","status":"publish","type":"product","link":"https:\/\/canonm5.com\/index.php\/producto\/epson-workforce-es60w-escaner-portatil-inalambrico-wifi-600dpi-pantalla-lcd-tecnologia-readyscan-led\/","title":{"rendered":"Epson Workforce ES60W Escaner Portatil Inalambrico WiFi &#8211; 600dpi &#8211; Pantalla LCD &#8211; Tecnologia ReadyScan LED"},"content":{"rendered":"<p>El ES-60W es f\u00e1cil de usar, configurar y transportar gracias a su dise\u00f1o compacto, y puede utilizarse sin necesidad de fuente de alimentaci\u00f3n, lo que permite mantener la organizaci\u00f3n donde se requiera el escaneado. Detecta si est\u00e1 en modo inal\u00e1mbrico o USB sin necesidad de intervenci\u00f3n. Es ideal para entornos con espacio limitado donde se requiere una soluci\u00f3n de escaneado sencilla. Se conecta f\u00e1cilmente a un tel\u00e9fono, tablet o port\u00e1til.<\/p>\n<p>Escanea en cualquier lugar.<br \/>\nEl ES-60W incorpora conectividad Wi-Fi, panel LCD y bater\u00eda, lo que permite escanear en cualquier momento y lugar, con velocidades que alcanzan los 4 segundos por p\u00e1gina. Cuando la bater\u00eda est\u00e1 cargada por completo, se pueden escanear hasta 300 p\u00e1ginas sin tener que conectar el equipo a la corriente.<\/p>\n<p>Correcta organizaci\u00f3n.<br \/>\nEl nuevo software ScanSmart de Epson permite escanear sin esfuerzo de la forma deseada, brindando un proceso de escaneado paso a paso f\u00e1cil de utilizar. Los usuarios pueden guardar y enviar archivos en formatos habituales como PDF, JPEG, TIFF, entre otros. El escaneado continuo con el modo de alimentaci\u00f3n autom\u00e1tica acelera el proceso de escaneado, mientras que el sensor CIS proporciona un escaneado inmediato sin tiempo de encendido. El nuevo panel LCD facilita la definici\u00f3n de tareas de trabajo cuando se trabaja de forma remota.<\/p>\n<p>Flexible<br \/>\nLa capacidad de escanear una amplia gama de tipos de papel y de documentos convierte a este modelo en un activo de confianza. Admite papel de 35 a 270 g\/m\u00b2 y de hasta 1,8 m de largo.<\/p>\n<p>Especificaciones:<\/p>\n<p>-Resoluci\u00f3n \u00f3ptica de esc\u00e1ner: 600 x 600 DPI<br \/>\n-Escaner a color: Si<br \/>\n-Escaneado d\u00faplex: No<br \/>\n-Velocidad de escaneado (b\/n, baja res., A4): 4 seg\/p\u00e1gina<br \/>\n-Velocidad de escaneado (color, baja res., A4): 4 seg\/p\u00e1gina<br \/>\n-Velocidad de escaneado (b\/n, alta res., A4): 4 seg\/p\u00e1gina<br \/>\n-Velocidad de escaneado (color, alta res., A4): 4 seg\/p\u00e1gina<br \/>\n-Modos de color de escaneado Negro \/ blanco: Monocromo<br \/>\n-Resoluci\u00f3n de movimiento: 300 DPI<\/p>\n<p>Dise\u00f1o:<\/p>\n<p>-Tipo de escaneado: Esc\u00e1ner alimentado con hojas<br \/>\n-Color del producto: Negro<br \/>\n-Pantalla incorporada: Si<\/p>\n<p>Desempe\u00f1o:<\/p>\n<p>-Tipo de sensor: CIS<br \/>\n-Fuentes de luz: ReadyScan LED<br \/>\n-Formatos de archivo para escaneo: JPEG, PDF<br \/>\n-Ciclo de trabajo diario (max): 300 p\u00e1ginas<br \/>\n-Controladores de escaneado: ICA, SANE, WIA<\/p>\n<p>Direcci\u00f3n de papel:<\/p>\n<p>-Tipos de media soportados de escaneo: Tarjeta de visita, Tarjeta de pl\u00e1stico<br \/>\n-Tama\u00f1o m\u00e1ximo de papel ISO A-series: A3<br \/>\n-ISO tama\u00f1o de serie A (A0&#8230;A9): A3,A4,A5,A6,A7,A8<br \/>\n-Carta: Si<br \/>\n-Legal: Si<br \/>\n-ISO tama\u00f1o de serie B (B0&#8230;B9): B5,B6<\/p>\n<p>Puertos e Interfaces:<\/p>\n<p>-Puerto USB: Si<br \/>\n-Versi\u00f3n USB: 2.0<br \/>\n-Interfaz est\u00e1ndar: USB 2.0, LAN inal\u00e1mbrica<\/p>\n<p>Control de energ\u00eda:<\/p>\n<p>-Tipo de fuente de alimentaci\u00f3n: USB\/Bater\u00eda<\/p>\n<p>Conexi\u00f3n:<\/p>\n<p>-Wifi: Si<br \/>\n-Wi-Fi est\u00e1ndares: IEEE 802.11a, IEEE 802.11b, IEEE 802.11g, IEEE 802.11n<\/p>\n<p>Requisitos del sistema:<\/p>\n<p>-Sistema operativo Windows soportado: Windows 10, Windows 7, Windows 8, Windows 8.1, Windows Vista, Windows XP<br \/>\n-Sistema operativo MAC soportado: Mac OS X 10.6 Snow Leopard<br \/>\n-Sistema operativo de servidor soportado: Windows Server 2003, Windows Server 2008, Windows Server 2008 x64, Windows Server 2012 R2, Windows Server 2016<\/p>\n<p>Condiciones ambientales:<\/p>\n<p>-Intervalo de temperatura operativa: 5 &#8211; 35 \u00b0C<br \/>\n-Intervalo de temperatura de almacenaje: -25 &#8211; 60 \u00b0C<br \/>\n-Intervalo de humedad relativa para funcionamiento: 10 &#8211; 85%<br \/>\n-Intervalo de humedad relativa durante almacenaje: 10 &#8211; 90%<\/p>\n<p>Peso y dimensiones:<\/p>\n<p>-Ancho: 272 mm<br \/>\n-Profundidad: 47 mm<br \/>\n-Altura: 34 mm<br \/>\n-Peso: 300 g<\/p>\n","protected":false},"excerpt":{"rendered":"<p>Especificaciones:<\/p>\n<p>-Resoluci\u00f3n \u00f3ptica de esc\u00e1ner: 600 x 600 DPI<br \/>\n-Escaner a color: Si<br \/>\n-Escaneado d\u00faplex: No<br \/>\n-Velocidad de escaneado (b\/n, baja res., A4): 4 seg\/p\u00e1gina<br \/>\n-Velocidad de escaneado (color, baja res., A4): 4 seg\/p\u00e1gina<br \/>\n-Velocidad de escaneado (b\/n, alta res., A4): 4 seg\/p\u00e1gina<br \/>\n-Velocidad de escaneado (color, alta res., A4): 4 seg\/p\u00e1gina<br \/>\n-Modos de color de escaneado Negro \/ blanco: Monocromo<br \/>\n-Resoluci\u00f3n de movimiento: 300 DPI<\/p>\n","protected":false},"featured_media":7675,"template":"","meta":{"_et_pb_use_builder":"","_et_pb_old_content":"","_et_gb_content_width":"","_joinchat":[]},"product_cat":[1048],"product_tag":[826,2768,1049,1635,1141,820],"class_list":{"0":"post-7674","1":"product","2":"type-product","3":"status-publish","4":"has-post-thumbnail","6":"product_cat-escaner","7":"product_tag-epson","8":"product_tag-es60w","9":"product_tag-escaner","10":"product_tag-inalambrico","11":"product_tag-portatil","12":"product_tag-wifi","14":"first","15":"instock","16":"taxable","17":"shipping-taxable","18":"product-type-simple"},"yoast_head":"<!-- This site is optimized with the Yoast SEO plugin v27.4 - https:\/\/yoast.com\/product\/yoast-seo-wordpress\/ -->\n<title>Epson Workforce ES60W Escaner Portatil Inalambrico WiFi - 600dpi - Pantalla LCD - Tecnologia ReadyScan LED - Canon M5 Madrid | Distribuidor oficial Canon<\/title>\n<meta name=\"description\" content=\"El ES-60W es f\u00e1cil de usar, configurar y transportar gracias a su dise\u00f1o compacto, y puede utilizarse sin necesidad de fuente de alimentaci\u00f3n, lo que permite mantener la organizaci\u00f3n donde se requiera el escaneado. Detecta si est\u00e1 en modo inal\u00e1mbrico o USB sin necesidad de intervenci\u00f3n. Es ideal para entornos con espacio limitado donde se requiere una soluci\u00f3n de escaneado sencilla. Se conecta f\u00e1cilmente a un tel\u00e9fono, tablet o port\u00e1til.\" \/>\n<meta name=\"robots\" content=\"index, follow, max-snippet:-1, max-image-preview:large, max-video-preview:-1\" \/>\n<link rel=\"canonical\" href=\"https:\/\/canonm5.com\/index.php\/producto\/epson-workforce-es60w-escaner-portatil-inalambrico-wifi-600dpi-pantalla-lcd-tecnologia-readyscan-led\/\" \/>\n<meta property=\"og:locale\" content=\"es_ES\" \/>\n<meta property=\"og:type\" content=\"article\" \/>\n<meta property=\"og:title\" content=\"Epson Workforce ES60W Escaner Portatil Inalambrico WiFi - 600dpi - Pantalla LCD - Tecnologia ReadyScan LED - Canon M5 Madrid | Distribuidor oficial Canon\" \/>\n<meta property=\"og:description\" content=\"El ES-60W es f\u00e1cil de usar, configurar y transportar gracias a su dise\u00f1o compacto, y puede utilizarse sin necesidad de fuente de alimentaci\u00f3n, lo que permite mantener la organizaci\u00f3n donde se requiera el escaneado. Detecta si est\u00e1 en modo inal\u00e1mbrico o USB sin necesidad de intervenci\u00f3n. Es ideal para entornos con espacio limitado donde se requiere una soluci\u00f3n de escaneado sencilla. Se conecta f\u00e1cilmente a un tel\u00e9fono, tablet o port\u00e1til.\" \/>\n<meta property=\"og:url\" content=\"https:\/\/canonm5.com\/index.php\/producto\/epson-workforce-es60w-escaner-portatil-inalambrico-wifi-600dpi-pantalla-lcd-tecnologia-readyscan-led\/\" \/>\n<meta property=\"og:site_name\" content=\"Canon M5 Madrid | Distribuidor oficial Canon\" \/>\n<meta property=\"article:modified_time\" content=\"2026-04-15T08:37:26+00:00\" \/>\n<meta property=\"og:image\" content=\"https:\/\/canonm5.com\/wp-content\/uploads\/2025\/04\/ESC2.jpg\" \/>\n\t<meta property=\"og:image:width\" content=\"530\" \/>\n\t<meta property=\"og:image:height\" content=\"530\" \/>\n\t<meta property=\"og:image:type\" content=\"image\/jpeg\" \/>\n<meta name=\"twitter:card\" content=\"summary_large_image\" \/>\n<meta name=\"twitter:label1\" content=\"Tiempo de lectura\" \/>\n\t<meta name=\"twitter:data1\" content=\"3 minutos\" \/>\n<script type=\"application\/ld+json\" class=\"yoast-schema-graph\">{\"@context\":\"https:\\\/\\\/schema.org\",\"@graph\":[{\"@type\":\"WebPage\",\"@id\":\"https:\\\/\\\/canonm5.com\\\/index.php\\\/producto\\\/epson-workforce-es60w-escaner-portatil-inalambrico-wifi-600dpi-pantalla-lcd-tecnologia-readyscan-led\\\/\",\"url\":\"https:\\\/\\\/canonm5.com\\\/index.php\\\/producto\\\/epson-workforce-es60w-escaner-portatil-inalambrico-wifi-600dpi-pantalla-lcd-tecnologia-readyscan-led\\\/\",\"name\":\"Epson Workforce ES60W Escaner Portatil Inalambrico WiFi - 600dpi - Pantalla LCD - Tecnologia ReadyScan LED - Canon M5 Madrid | Distribuidor oficial Canon\",\"isPartOf\":{\"@id\":\"https:\\\/\\\/canonm5.com\\\/#website\"},\"primaryImageOfPage\":{\"@id\":\"https:\\\/\\\/canonm5.com\\\/index.php\\\/producto\\\/epson-workforce-es60w-escaner-portatil-inalambrico-wifi-600dpi-pantalla-lcd-tecnologia-readyscan-led\\\/#primaryimage\"},\"image\":{\"@id\":\"https:\\\/\\\/canonm5.com\\\/index.php\\\/producto\\\/epson-workforce-es60w-escaner-portatil-inalambrico-wifi-600dpi-pantalla-lcd-tecnologia-readyscan-led\\\/#primaryimage\"},\"thumbnailUrl\":\"https:\\\/\\\/canonm5.com\\\/wp-content\\\/uploads\\\/2025\\\/04\\\/ESC2.jpg\",\"datePublished\":\"2025-04-21T06:51:50+00:00\",\"dateModified\":\"2026-04-15T08:37:26+00:00\",\"description\":\"El ES-60W es f\u00e1cil de usar, configurar y transportar gracias a su dise\u00f1o compacto, y puede utilizarse sin necesidad de fuente de alimentaci\u00f3n, lo que permite mantener la organizaci\u00f3n donde se requiera el escaneado. Detecta si est\u00e1 en modo inal\u00e1mbrico o USB sin necesidad de intervenci\u00f3n. Es ideal para entornos con espacio limitado donde se requiere una soluci\u00f3n de escaneado sencilla. Se conecta f\u00e1cilmente a un tel\u00e9fono, tablet o port\u00e1til.\",\"breadcrumb\":{\"@id\":\"https:\\\/\\\/canonm5.com\\\/index.php\\\/producto\\\/epson-workforce-es60w-escaner-portatil-inalambrico-wifi-600dpi-pantalla-lcd-tecnologia-readyscan-led\\\/#breadcrumb\"},\"inLanguage\":\"es\",\"potentialAction\":[{\"@type\":\"ReadAction\",\"target\":[\"https:\\\/\\\/canonm5.com\\\/index.php\\\/producto\\\/epson-workforce-es60w-escaner-portatil-inalambrico-wifi-600dpi-pantalla-lcd-tecnologia-readyscan-led\\\/\"]}]},{\"@type\":\"ImageObject\",\"inLanguage\":\"es\",\"@id\":\"https:\\\/\\\/canonm5.com\\\/index.php\\\/producto\\\/epson-workforce-es60w-escaner-portatil-inalambrico-wifi-600dpi-pantalla-lcd-tecnologia-readyscan-led\\\/#primaryimage\",\"url\":\"https:\\\/\\\/canonm5.com\\\/wp-content\\\/uploads\\\/2025\\\/04\\\/ESC2.jpg\",\"contentUrl\":\"https:\\\/\\\/canonm5.com\\\/wp-content\\\/uploads\\\/2025\\\/04\\\/ESC2.jpg\",\"width\":530,\"height\":530},{\"@type\":\"BreadcrumbList\",\"@id\":\"https:\\\/\\\/canonm5.com\\\/index.php\\\/producto\\\/epson-workforce-es60w-escaner-portatil-inalambrico-wifi-600dpi-pantalla-lcd-tecnologia-readyscan-led\\\/#breadcrumb\",\"itemListElement\":[{\"@type\":\"ListItem\",\"position\":1,\"name\":\"Portada\",\"item\":\"https:\\\/\\\/canonm5.com\\\/\"},{\"@type\":\"ListItem\",\"position\":2,\"name\":\"Nuestros productos\",\"item\":\"https:\\\/\\\/canonm5.com\\\/index.php\\\/productos\\\/\"},{\"@type\":\"ListItem\",\"position\":3,\"name\":\"Epson Workforce ES60W Escaner Portatil Inalambrico WiFi &#8211; 600dpi &#8211; Pantalla LCD &#8211; Tecnologia ReadyScan LED\"}]},{\"@type\":\"WebSite\",\"@id\":\"https:\\\/\\\/canonm5.com\\\/#website\",\"url\":\"https:\\\/\\\/canonm5.com\\\/\",\"name\":\"Canon M5 Madrid | Distribuidor oficial Canon\",\"description\":\"Renting de impresoras para empresas\",\"potentialAction\":[{\"@type\":\"SearchAction\",\"target\":{\"@type\":\"EntryPoint\",\"urlTemplate\":\"https:\\\/\\\/canonm5.com\\\/?s={search_term_string}\"},\"query-input\":{\"@type\":\"PropertyValueSpecification\",\"valueRequired\":true,\"valueName\":\"search_term_string\"}}],\"inLanguage\":\"es\"}]}<\/script>\n<!-- \/ Yoast SEO plugin. -->","yoast_head_json":{"title":"Epson Workforce ES60W Escaner Portatil Inalambrico WiFi - 600dpi - Pantalla LCD - Tecnologia ReadyScan LED - Canon M5 Madrid | Distribuidor oficial Canon","description":"El ES-60W es f\u00e1cil de usar, configurar y transportar gracias a su dise\u00f1o compacto, y puede utilizarse sin necesidad de fuente de alimentaci\u00f3n, lo que permite mantener la organizaci\u00f3n donde se requiera el escaneado. Detecta si est\u00e1 en modo inal\u00e1mbrico o USB sin necesidad de intervenci\u00f3n. Es ideal para entornos con espacio limitado donde se requiere una soluci\u00f3n de escaneado sencilla. Se conecta f\u00e1cilmente a un tel\u00e9fono, tablet o port\u00e1til.","robots":{"index":"index","follow":"follow","max-snippet":"max-snippet:-1","max-image-preview":"max-image-preview:large","max-video-preview":"max-video-preview:-1"},"canonical":"https:\/\/canonm5.com\/index.php\/producto\/epson-workforce-es60w-escaner-portatil-inalambrico-wifi-600dpi-pantalla-lcd-tecnologia-readyscan-led\/","og_locale":"es_ES","og_type":"article","og_title":"Epson Workforce ES60W Escaner Portatil Inalambrico WiFi - 600dpi - Pantalla LCD - Tecnologia ReadyScan LED - Canon M5 Madrid | Distribuidor oficial Canon","og_description":"El ES-60W es f\u00e1cil de usar, configurar y transportar gracias a su dise\u00f1o compacto, y puede utilizarse sin necesidad de fuente de alimentaci\u00f3n, lo que permite mantener la organizaci\u00f3n donde se requiera el escaneado. Detecta si est\u00e1 en modo inal\u00e1mbrico o USB sin necesidad de intervenci\u00f3n. Es ideal para entornos con espacio limitado donde se requiere una soluci\u00f3n de escaneado sencilla. Se conecta f\u00e1cilmente a un tel\u00e9fono, tablet o port\u00e1til.","og_url":"https:\/\/canonm5.com\/index.php\/producto\/epson-workforce-es60w-escaner-portatil-inalambrico-wifi-600dpi-pantalla-lcd-tecnologia-readyscan-led\/","og_site_name":"Canon M5 Madrid | Distribuidor oficial Canon","article_modified_time":"2026-04-15T08:37:26+00:00","og_image":[{"width":530,"height":530,"url":"https:\/\/canonm5.com\/wp-content\/uploads\/2025\/04\/ESC2.jpg","type":"image\/jpeg"}],"twitter_card":"summary_large_image","twitter_misc":{"Tiempo de lectura":"3 minutos"},"schema":{"@context":"https:\/\/schema.org","@graph":[{"@type":"WebPage","@id":"https:\/\/canonm5.com\/index.php\/producto\/epson-workforce-es60w-escaner-portatil-inalambrico-wifi-600dpi-pantalla-lcd-tecnologia-readyscan-led\/","url":"https:\/\/canonm5.com\/index.php\/producto\/epson-workforce-es60w-escaner-portatil-inalambrico-wifi-600dpi-pantalla-lcd-tecnologia-readyscan-led\/","name":"Epson Workforce ES60W Escaner Portatil Inalambrico WiFi - 600dpi - Pantalla LCD - Tecnologia ReadyScan LED - Canon M5 Madrid | Distribuidor oficial Canon","isPartOf":{"@id":"https:\/\/canonm5.com\/#website"},"primaryImageOfPage":{"@id":"https:\/\/canonm5.com\/index.php\/producto\/epson-workforce-es60w-escaner-portatil-inalambrico-wifi-600dpi-pantalla-lcd-tecnologia-readyscan-led\/#primaryimage"},"image":{"@id":"https:\/\/canonm5.com\/index.php\/producto\/epson-workforce-es60w-escaner-portatil-inalambrico-wifi-600dpi-pantalla-lcd-tecnologia-readyscan-led\/#primaryimage"},"thumbnailUrl":"https:\/\/canonm5.com\/wp-content\/uploads\/2025\/04\/ESC2.jpg","datePublished":"2025-04-21T06:51:50+00:00","dateModified":"2026-04-15T08:37:26+00:00","description":"El ES-60W es f\u00e1cil de usar, configurar y transportar gracias a su dise\u00f1o compacto, y puede utilizarse sin necesidad de fuente de alimentaci\u00f3n, lo que permite mantener la organizaci\u00f3n donde se requiera el escaneado. Detecta si est\u00e1 en modo inal\u00e1mbrico o USB sin necesidad de intervenci\u00f3n. Es ideal para entornos con espacio limitado donde se requiere una soluci\u00f3n de escaneado sencilla. Se conecta f\u00e1cilmente a un tel\u00e9fono, tablet o port\u00e1til.","breadcrumb":{"@id":"https:\/\/canonm5.com\/index.php\/producto\/epson-workforce-es60w-escaner-portatil-inalambrico-wifi-600dpi-pantalla-lcd-tecnologia-readyscan-led\/#breadcrumb"},"inLanguage":"es","potentialAction":[{"@type":"ReadAction","target":["https:\/\/canonm5.com\/index.php\/producto\/epson-workforce-es60w-escaner-portatil-inalambrico-wifi-600dpi-pantalla-lcd-tecnologia-readyscan-led\/"]}]},{"@type":"ImageObject","inLanguage":"es","@id":"https:\/\/canonm5.com\/index.php\/producto\/epson-workforce-es60w-escaner-portatil-inalambrico-wifi-600dpi-pantalla-lcd-tecnologia-readyscan-led\/#primaryimage","url":"https:\/\/canonm5.com\/wp-content\/uploads\/2025\/04\/ESC2.jpg","contentUrl":"https:\/\/canonm5.com\/wp-content\/uploads\/2025\/04\/ESC2.jpg","width":530,"height":530},{"@type":"BreadcrumbList","@id":"https:\/\/canonm5.com\/index.php\/producto\/epson-workforce-es60w-escaner-portatil-inalambrico-wifi-600dpi-pantalla-lcd-tecnologia-readyscan-led\/#breadcrumb","itemListElement":[{"@type":"ListItem","position":1,"name":"Portada","item":"https:\/\/canonm5.com\/"},{"@type":"ListItem","position":2,"name":"Nuestros productos","item":"https:\/\/canonm5.com\/index.php\/productos\/"},{"@type":"ListItem","position":3,"name":"Epson Workforce ES60W Escaner Portatil Inalambrico WiFi &#8211; 600dpi &#8211; Pantalla LCD &#8211; Tecnologia ReadyScan LED"}]},{"@type":"WebSite","@id":"https:\/\/canonm5.com\/#website","url":"https:\/\/canonm5.com\/","name":"Canon M5 Madrid | Distribuidor oficial Canon","description":"Renting de impresoras para empresas","potentialAction":[{"@type":"SearchAction","target":{"@type":"EntryPoint","urlTemplate":"https:\/\/canonm5.com\/?s={search_term_string}"},"query-input":{"@type":"PropertyValueSpecification","valueRequired":true,"valueName":"search_term_string"}}],"inLanguage":"es"}]}},"_links":{"self":[{"href":"https:\/\/canonm5.com\/index.php\/wp-json\/wp\/v2\/product\/7674","targetHints":{"allow":["GET"]}}],"collection":[{"href":"https:\/\/canonm5.com\/index.php\/wp-json\/wp\/v2\/product"}],"about":[{"href":"https:\/\/canonm5.com\/index.php\/wp-json\/wp\/v2\/types\/product"}],"wp:featuredmedia":[{"embeddable":true,"href":"https:\/\/canonm5.com\/index.php\/wp-json\/wp\/v2\/media\/7675"}],"wp:attachment":[{"href":"https:\/\/canonm5.com\/index.php\/wp-json\/wp\/v2\/media?parent=7674"}],"wp:term":[{"taxonomy":"product_cat","embeddable":true,"href":"https:\/\/canonm5.com\/index.php\/wp-json\/wp\/v2\/product_cat?post=7674"},{"taxonomy":"product_tag","embeddable":true,"href":"https:\/\/canonm5.com\/index.php\/wp-json\/wp\/v2\/product_tag?post=7674"}],"curies":[{"name":"wp","href":"https:\/\/api.w.org\/{rel}","templated":true}]}}