{"id":7388,"date":"2023-06-14T13:34:35","date_gmt":"2023-06-14T13:34:35","guid":{"rendered":"https:\/\/canonm5.com\/?post_type=product&#038;p=7388"},"modified":"2026-04-16T08:46:14","modified_gmt":"2026-04-16T08:46:14","slug":"detector-uv-de-billetes-falsos-safsecan-70","status":"publish","type":"product","link":"https:\/\/canonm5.com\/index.php\/producto\/detector-uv-de-billetes-falsos-safsecan-70\/","title":{"rendered":"DETECTOR UV DE BILLETES FALSOS SAFSECAN 70"},"content":{"rendered":"<p>&#8211; Potente 9W l\u00e1mpara UV<br \/>\n&#8211; Con reflector, para asegurar una calidad de luz UV s\u00faper potente<br \/>\n&#8211; Con tecnolog\u00eda de precalentamiento al arranque para triplicar la vida \u00fatil de la l\u00e1mpara<br \/>\n&#8211; Apto para cualquiera divisa<br \/>\n&#8211; Verifica las caracter\u00edsticas UV de los billetes<br \/>\n&#8211; Luz blanca para verificar la marca al agua y la microimpresi\u00f3n<br \/>\n&#8211; Verifica la marca de agua, la microimpresi\u00f3n y el hilo met\u00e1lico<br \/>\n&#8211; Comprueba tarjetas de cr\u00e9dito, pasaportes y otros documentos de identificaci\u00f3n<\/p>\n","protected":false},"excerpt":{"rendered":"<p>&#8211; Potente 9W l\u00e1mpara UV<br \/>\n&#8211; Con reflector, para asegurar una calidad de luz UV s\u00faper potente<br \/>\n&#8211; Con tecnolog\u00eda de precalentamiento al arranque para triplicar la vida \u00fatil de la l\u00e1mpara<br \/>\n&#8211; Apto para cualquiera divisa<br \/>\n&#8211; Verifica las caracter\u00edsticas UV de los billetes<br \/>\n&#8211; Luz blanca para verificar la marca al agua y la microimpresi\u00f3n<br \/>\n&#8211; Verifica la marca de agua, la microimpresi\u00f3n y el hilo met\u00e1lico<br \/>\n&#8211; Comprueba tarjetas de cr\u00e9dito, pasaportes y otros documentos de identificaci\u00f3n<\/p>\n","protected":false},"featured_media":7390,"template":"","meta":{"_et_pb_use_builder":"","_et_pb_old_content":"","_et_gb_content_width":"","_joinchat":[]},"product_cat":[954,830],"product_tag":[1531,1529,2677,2678],"class_list":{"0":"post-7388","1":"product","2":"type-product","3":"status-publish","4":"has-post-thumbnail","6":"product_cat-maquinas-contadoras-y-detectora-de-billetes-falsos","7":"product_cat-maquinas-de-oficina","8":"product_tag-billetes","9":"product_tag-detector","10":"product_tag-falso","11":"product_tag-safsecan-70","13":"first","14":"instock","15":"taxable","16":"shipping-taxable","17":"product-type-simple"},"yoast_head":"<!-- This site is optimized with the Yoast SEO plugin v27.4 - https:\/\/yoast.com\/product\/yoast-seo-wordpress\/ -->\n<title>DETECTOR UV DE BILLETES FALSOS SAFSECAN 70 - Canon M5 Madrid | Distribuidor oficial Canon<\/title>\n<meta name=\"description\" content=\"Detector mediante UV y por luz blanca LED. Detecci\u00f3n de caracter\u00edsticas ultravioletas, verificaci\u00f3n de la marca de agua, hilo met\u00e1lico y de la microimpresi\u00f3n. Apto para cualquier divisa, documento de identidad y tarjeta de cr\u00e9dito. Con tecnolog\u00eda de precalentamiento para triplicar la vida \u00fatil de la l\u00e1mpara (hasta 10.000 horas). Luz blanca para verificar la marca al agua y la microimpresi\u00f3n. Apto para cualquier divisa. Dimensiones: 20,6 x 10,2 x 8,8 cm.\" \/>\n<meta name=\"robots\" content=\"index, follow, max-snippet:-1, max-image-preview:large, max-video-preview:-1\" \/>\n<link rel=\"canonical\" href=\"https:\/\/canonm5.com\/index.php\/producto\/detector-uv-de-billetes-falsos-safsecan-70\/\" \/>\n<meta property=\"og:locale\" content=\"es_ES\" \/>\n<meta property=\"og:type\" content=\"article\" \/>\n<meta property=\"og:title\" content=\"DETECTOR UV DE BILLETES FALSOS SAFSECAN 70 - Canon M5 Madrid | Distribuidor oficial Canon\" \/>\n<meta property=\"og:description\" content=\"Detector mediante UV y por luz blanca LED. Detecci\u00f3n de caracter\u00edsticas ultravioletas, verificaci\u00f3n de la marca de agua, hilo met\u00e1lico y de la microimpresi\u00f3n. Apto para cualquier divisa, documento de identidad y tarjeta de cr\u00e9dito. Con tecnolog\u00eda de precalentamiento para triplicar la vida \u00fatil de la l\u00e1mpara (hasta 10.000 horas). Luz blanca para verificar la marca al agua y la microimpresi\u00f3n. Apto para cualquier divisa. Dimensiones: 20,6 x 10,2 x 8,8 cm.\" \/>\n<meta property=\"og:url\" content=\"https:\/\/canonm5.com\/index.php\/producto\/detector-uv-de-billetes-falsos-safsecan-70\/\" \/>\n<meta property=\"og:site_name\" content=\"Canon M5 Madrid | Distribuidor oficial Canon\" \/>\n<meta property=\"article:modified_time\" content=\"2026-04-16T08:46:14+00:00\" \/>\n<meta property=\"og:image\" content=\"https:\/\/canonm5.com\/wp-content\/uploads\/2023\/06\/detector-safescan-billetes-70-ult-ng-131-0398-2.jpg\" \/>\n\t<meta property=\"og:image:width\" content=\"239\" \/>\n\t<meta property=\"og:image:height\" content=\"239\" \/>\n\t<meta property=\"og:image:type\" content=\"image\/jpeg\" \/>\n<meta name=\"twitter:card\" content=\"summary_large_image\" \/>\n<meta name=\"twitter:label1\" content=\"Tiempo de lectura\" \/>\n\t<meta name=\"twitter:data1\" content=\"1 minuto\" \/>\n<script type=\"application\/ld+json\" class=\"yoast-schema-graph\">{\"@context\":\"https:\\\/\\\/schema.org\",\"@graph\":[{\"@type\":\"WebPage\",\"@id\":\"https:\\\/\\\/canonm5.com\\\/index.php\\\/producto\\\/detector-uv-de-billetes-falsos-safsecan-70\\\/\",\"url\":\"https:\\\/\\\/canonm5.com\\\/index.php\\\/producto\\\/detector-uv-de-billetes-falsos-safsecan-70\\\/\",\"name\":\"DETECTOR UV DE BILLETES FALSOS SAFSECAN 70 - Canon M5 Madrid | Distribuidor oficial Canon\",\"isPartOf\":{\"@id\":\"https:\\\/\\\/canonm5.com\\\/#website\"},\"primaryImageOfPage\":{\"@id\":\"https:\\\/\\\/canonm5.com\\\/index.php\\\/producto\\\/detector-uv-de-billetes-falsos-safsecan-70\\\/#primaryimage\"},\"image\":{\"@id\":\"https:\\\/\\\/canonm5.com\\\/index.php\\\/producto\\\/detector-uv-de-billetes-falsos-safsecan-70\\\/#primaryimage\"},\"thumbnailUrl\":\"https:\\\/\\\/canonm5.com\\\/wp-content\\\/uploads\\\/2023\\\/06\\\/detector-safescan-billetes-70-ult-ng-131-0398-2.jpg\",\"datePublished\":\"2023-06-14T13:34:35+00:00\",\"dateModified\":\"2026-04-16T08:46:14+00:00\",\"description\":\"Detector mediante UV y por luz blanca LED. Detecci\u00f3n de caracter\u00edsticas ultravioletas, verificaci\u00f3n de la marca de agua, hilo met\u00e1lico y de la microimpresi\u00f3n. Apto para cualquier divisa, documento de identidad y tarjeta de cr\u00e9dito. Con tecnolog\u00eda de precalentamiento para triplicar la vida \u00fatil de la l\u00e1mpara (hasta 10.000 horas). Luz blanca para verificar la marca al agua y la microimpresi\u00f3n. Apto para cualquier divisa. Dimensiones: 20,6 x 10,2 x 8,8 cm.\",\"breadcrumb\":{\"@id\":\"https:\\\/\\\/canonm5.com\\\/index.php\\\/producto\\\/detector-uv-de-billetes-falsos-safsecan-70\\\/#breadcrumb\"},\"inLanguage\":\"es\",\"potentialAction\":[{\"@type\":\"ReadAction\",\"target\":[\"https:\\\/\\\/canonm5.com\\\/index.php\\\/producto\\\/detector-uv-de-billetes-falsos-safsecan-70\\\/\"]}]},{\"@type\":\"ImageObject\",\"inLanguage\":\"es\",\"@id\":\"https:\\\/\\\/canonm5.com\\\/index.php\\\/producto\\\/detector-uv-de-billetes-falsos-safsecan-70\\\/#primaryimage\",\"url\":\"https:\\\/\\\/canonm5.com\\\/wp-content\\\/uploads\\\/2023\\\/06\\\/detector-safescan-billetes-70-ult-ng-131-0398-2.jpg\",\"contentUrl\":\"https:\\\/\\\/canonm5.com\\\/wp-content\\\/uploads\\\/2023\\\/06\\\/detector-safescan-billetes-70-ult-ng-131-0398-2.jpg\",\"width\":239,\"height\":239},{\"@type\":\"BreadcrumbList\",\"@id\":\"https:\\\/\\\/canonm5.com\\\/index.php\\\/producto\\\/detector-uv-de-billetes-falsos-safsecan-70\\\/#breadcrumb\",\"itemListElement\":[{\"@type\":\"ListItem\",\"position\":1,\"name\":\"Portada\",\"item\":\"https:\\\/\\\/canonm5.com\\\/\"},{\"@type\":\"ListItem\",\"position\":2,\"name\":\"Nuestros productos\",\"item\":\"https:\\\/\\\/canonm5.com\\\/index.php\\\/productos\\\/\"},{\"@type\":\"ListItem\",\"position\":3,\"name\":\"DETECTOR UV DE BILLETES FALSOS SAFSECAN 70\"}]},{\"@type\":\"WebSite\",\"@id\":\"https:\\\/\\\/canonm5.com\\\/#website\",\"url\":\"https:\\\/\\\/canonm5.com\\\/\",\"name\":\"Canon M5 Madrid | Distribuidor oficial Canon\",\"description\":\"Renting de impresoras para empresas\",\"potentialAction\":[{\"@type\":\"SearchAction\",\"target\":{\"@type\":\"EntryPoint\",\"urlTemplate\":\"https:\\\/\\\/canonm5.com\\\/?s={search_term_string}\"},\"query-input\":{\"@type\":\"PropertyValueSpecification\",\"valueRequired\":true,\"valueName\":\"search_term_string\"}}],\"inLanguage\":\"es\"}]}<\/script>\n<!-- \/ Yoast SEO plugin. -->","yoast_head_json":{"title":"DETECTOR UV DE BILLETES FALSOS SAFSECAN 70 - Canon M5 Madrid | Distribuidor oficial Canon","description":"Detector mediante UV y por luz blanca LED. Detecci\u00f3n de caracter\u00edsticas ultravioletas, verificaci\u00f3n de la marca de agua, hilo met\u00e1lico y de la microimpresi\u00f3n. Apto para cualquier divisa, documento de identidad y tarjeta de cr\u00e9dito. Con tecnolog\u00eda de precalentamiento para triplicar la vida \u00fatil de la l\u00e1mpara (hasta 10.000 horas). Luz blanca para verificar la marca al agua y la microimpresi\u00f3n. Apto para cualquier divisa. Dimensiones: 20,6 x 10,2 x 8,8 cm.","robots":{"index":"index","follow":"follow","max-snippet":"max-snippet:-1","max-image-preview":"max-image-preview:large","max-video-preview":"max-video-preview:-1"},"canonical":"https:\/\/canonm5.com\/index.php\/producto\/detector-uv-de-billetes-falsos-safsecan-70\/","og_locale":"es_ES","og_type":"article","og_title":"DETECTOR UV DE BILLETES FALSOS SAFSECAN 70 - Canon M5 Madrid | Distribuidor oficial Canon","og_description":"Detector mediante UV y por luz blanca LED. Detecci\u00f3n de caracter\u00edsticas ultravioletas, verificaci\u00f3n de la marca de agua, hilo met\u00e1lico y de la microimpresi\u00f3n. Apto para cualquier divisa, documento de identidad y tarjeta de cr\u00e9dito. Con tecnolog\u00eda de precalentamiento para triplicar la vida \u00fatil de la l\u00e1mpara (hasta 10.000 horas). Luz blanca para verificar la marca al agua y la microimpresi\u00f3n. Apto para cualquier divisa. Dimensiones: 20,6 x 10,2 x 8,8 cm.","og_url":"https:\/\/canonm5.com\/index.php\/producto\/detector-uv-de-billetes-falsos-safsecan-70\/","og_site_name":"Canon M5 Madrid | Distribuidor oficial Canon","article_modified_time":"2026-04-16T08:46:14+00:00","og_image":[{"width":239,"height":239,"url":"https:\/\/canonm5.com\/wp-content\/uploads\/2023\/06\/detector-safescan-billetes-70-ult-ng-131-0398-2.jpg","type":"image\/jpeg"}],"twitter_card":"summary_large_image","twitter_misc":{"Tiempo de lectura":"1 minuto"},"schema":{"@context":"https:\/\/schema.org","@graph":[{"@type":"WebPage","@id":"https:\/\/canonm5.com\/index.php\/producto\/detector-uv-de-billetes-falsos-safsecan-70\/","url":"https:\/\/canonm5.com\/index.php\/producto\/detector-uv-de-billetes-falsos-safsecan-70\/","name":"DETECTOR UV DE BILLETES FALSOS SAFSECAN 70 - Canon M5 Madrid | Distribuidor oficial Canon","isPartOf":{"@id":"https:\/\/canonm5.com\/#website"},"primaryImageOfPage":{"@id":"https:\/\/canonm5.com\/index.php\/producto\/detector-uv-de-billetes-falsos-safsecan-70\/#primaryimage"},"image":{"@id":"https:\/\/canonm5.com\/index.php\/producto\/detector-uv-de-billetes-falsos-safsecan-70\/#primaryimage"},"thumbnailUrl":"https:\/\/canonm5.com\/wp-content\/uploads\/2023\/06\/detector-safescan-billetes-70-ult-ng-131-0398-2.jpg","datePublished":"2023-06-14T13:34:35+00:00","dateModified":"2026-04-16T08:46:14+00:00","description":"Detector mediante UV y por luz blanca LED. Detecci\u00f3n de caracter\u00edsticas ultravioletas, verificaci\u00f3n de la marca de agua, hilo met\u00e1lico y de la microimpresi\u00f3n. Apto para cualquier divisa, documento de identidad y tarjeta de cr\u00e9dito. Con tecnolog\u00eda de precalentamiento para triplicar la vida \u00fatil de la l\u00e1mpara (hasta 10.000 horas). Luz blanca para verificar la marca al agua y la microimpresi\u00f3n. Apto para cualquier divisa. Dimensiones: 20,6 x 10,2 x 8,8 cm.","breadcrumb":{"@id":"https:\/\/canonm5.com\/index.php\/producto\/detector-uv-de-billetes-falsos-safsecan-70\/#breadcrumb"},"inLanguage":"es","potentialAction":[{"@type":"ReadAction","target":["https:\/\/canonm5.com\/index.php\/producto\/detector-uv-de-billetes-falsos-safsecan-70\/"]}]},{"@type":"ImageObject","inLanguage":"es","@id":"https:\/\/canonm5.com\/index.php\/producto\/detector-uv-de-billetes-falsos-safsecan-70\/#primaryimage","url":"https:\/\/canonm5.com\/wp-content\/uploads\/2023\/06\/detector-safescan-billetes-70-ult-ng-131-0398-2.jpg","contentUrl":"https:\/\/canonm5.com\/wp-content\/uploads\/2023\/06\/detector-safescan-billetes-70-ult-ng-131-0398-2.jpg","width":239,"height":239},{"@type":"BreadcrumbList","@id":"https:\/\/canonm5.com\/index.php\/producto\/detector-uv-de-billetes-falsos-safsecan-70\/#breadcrumb","itemListElement":[{"@type":"ListItem","position":1,"name":"Portada","item":"https:\/\/canonm5.com\/"},{"@type":"ListItem","position":2,"name":"Nuestros productos","item":"https:\/\/canonm5.com\/index.php\/productos\/"},{"@type":"ListItem","position":3,"name":"DETECTOR UV DE BILLETES FALSOS SAFSECAN 70"}]},{"@type":"WebSite","@id":"https:\/\/canonm5.com\/#website","url":"https:\/\/canonm5.com\/","name":"Canon M5 Madrid | Distribuidor oficial Canon","description":"Renting de impresoras para empresas","potentialAction":[{"@type":"SearchAction","target":{"@type":"EntryPoint","urlTemplate":"https:\/\/canonm5.com\/?s={search_term_string}"},"query-input":{"@type":"PropertyValueSpecification","valueRequired":true,"valueName":"search_term_string"}}],"inLanguage":"es"}]}},"_links":{"self":[{"href":"https:\/\/canonm5.com\/index.php\/wp-json\/wp\/v2\/product\/7388","targetHints":{"allow":["GET"]}}],"collection":[{"href":"https:\/\/canonm5.com\/index.php\/wp-json\/wp\/v2\/product"}],"about":[{"href":"https:\/\/canonm5.com\/index.php\/wp-json\/wp\/v2\/types\/product"}],"wp:featuredmedia":[{"embeddable":true,"href":"https:\/\/canonm5.com\/index.php\/wp-json\/wp\/v2\/media\/7390"}],"wp:attachment":[{"href":"https:\/\/canonm5.com\/index.php\/wp-json\/wp\/v2\/media?parent=7388"}],"wp:term":[{"taxonomy":"product_cat","embeddable":true,"href":"https:\/\/canonm5.com\/index.php\/wp-json\/wp\/v2\/product_cat?post=7388"},{"taxonomy":"product_tag","embeddable":true,"href":"https:\/\/canonm5.com\/index.php\/wp-json\/wp\/v2\/product_tag?post=7388"}],"curies":[{"name":"wp","href":"https:\/\/api.w.org\/{rel}","templated":true}]}}