{"id":7175,"date":"2023-04-24T13:29:39","date_gmt":"2023-04-24T13:29:39","guid":{"rendered":"https:\/\/canonm5.com\/?post_type=product&#038;p=7175"},"modified":"2023-04-25T13:59:56","modified_gmt":"2023-04-25T13:59:56","slug":"xiaomi-mi-tv-p1e-televisor-smart-tv-32-hd-wifi-hdmi-usb-2-0-bluetooth-angulo-de-vision-178-vesa-100x100mm","status":"publish","type":"product","link":"https:\/\/canonm5.com\/index.php\/producto\/xiaomi-mi-tv-p1e-televisor-smart-tv-32-hd-wifi-hdmi-usb-2-0-bluetooth-angulo-de-vision-178-vesa-100x100mm\/","title":{"rendered":"Xiaomi Mi TV P1E Televisor Smart TV 32&#8243; HD &#8211; WiFi, HDMI, USB 2.0, Bluetooth &#8211; Angulo de Vision 178\u00b0 &#8211; VESA 100x100mm"},"content":{"rendered":"<p>Xiaomi Mi TV P1E Televisor Smart TV 32&#8243; HD<\/p>\n<p>Pantalla HD para mayor comodidad.<br \/>\nCon im\u00e1genes realistas y colores vivos, la pantalla LED de alta definici\u00f3n ofrece una experiencia c\u00f3moda y envolvente adecuada para su uso en habitaciones y oficinas dom\u00e9sticas.<\/p>\n<p>Android TV, una forma m\u00e1s sencilla de disfrutar del entretenimiento que m\u00e1s te gusta.<br \/>\nSimplifica tu experiencia de entretenimiento con Android TV. Accede a m\u00e1s de 400 000 pel\u00edculas y programas, y descarga m\u00e1s de 7000 aplicaciones en un solo lugar.<\/p>\n<p>Utiliza tu voz para crear el entorno perfecto.<br \/>\nPulsa el bot\u00f3n de Asistente de Google* en el mando a distancia para un mayor control del televisor con la voz. Pide a Google que controle tu televisor, responda a tus preguntas y consulta tu calendario. Haz que controle los dispositivos dom\u00e9sticos inteligentes<br \/>\nde toda la casa.<\/p>\n<p>Mando a distancia Bluetooth de 360\u00b0 que funciona desde cualquier direcci\u00f3n.<br \/>\nLa conectividad Bluetooth te permite controlar el televisor desde cualquier direcci\u00f3n. Disfruta de un acceso sencillo a Netflix y Prime Video con un solo clic.<\/p>\n<p>Saca el m\u00e1ximo partido a tu pantalla con retransmisi\u00f3n de pantalla f\u00e1cil de usar.<br \/>\nGracias a la integraci\u00f3n de Chromecast* y Miracast, es muy f\u00e1cil transmitir contenido desde tu smartphone o tableta al televisor.<\/p>\n<p>Decodificaci\u00f3n Dolby Audio\u00ae y DTS-HD\u00ae para un potente sonido 3D.<br \/>\nLos dos altavoces est\u00e9reo de 5 W ofrecen una experiencia de audio rica, clara y diferenciada. Disfruta de un sonido envolvente y cinematogr\u00e1fico desde la comodidad de tu sal\u00f3n.<\/p>\n<p>Conecta varios dispositivos para disfrutar de m\u00e1s entretenimiento.<br \/>\nUtiliza la gran variedad de puertos integrados para conectar varios dispositivos al televisor, como ordenadores, videoconsolas y reproductores multimedia.<\/p>\n<p>Especificaciones:<\/p>\n<p>-Tipo de pantalla: HDR resoluci\u00f3n: 1366 x 768<br \/>\n-Gama de colores: 64 % NTSC (t\u00edp.), 90 % BT709 (t\u00edp.), 72 % DCI-P3 (t\u00edp.)<br \/>\n-Profundidad de color: 16,7 M 8 bits<br \/>\n-Frecuencia de actualizaci\u00f3n: 60 Hz<br \/>\n-\u00c1ngulo de visi\u00f3n: 178\u00b0 (H)\/178\u00b0 (V)<\/p>\n<p>Altavoces:<\/p>\n<p>-Altavoz (salida de sonido): 5 W + 5 W Compatible con Dolby Audio\u2122 y DTS-HD\u00ae<\/p>\n<p>Decodificadores:<\/p>\n<p>-Formatos de v\u00eddeo compatibles: VP8\/VP9, MJPEG, MPEG1\/2<br \/>\n-Formatos de audio compatibles: Dolby, DTS, FLAC, AAC, OGG<br \/>\n-Formatos de imagen compatibles: PNG, GIF, JPG, BMP<br \/>\n-Modo de imagen: Est\u00e1ndar, Intenso, Deporte, Pel\u00edcula, Monitor, Modo HDR, etc.<br \/>\n-Modo de sonido: Est\u00e1ndar, Pel\u00edcula, Noticias, Juego, Personalizado<\/p>\n<p>Conectividad:<\/p>\n<p>-Bluetooth 5.0 Wi-Fi de 2,4 GHz\/5 GHz HDMI x 3 (1 puerto con ARC)<br \/>\n-USB 2.0 x 2<br \/>\n-Entrada compuesta (AV)<br \/>\n-Ranura CI Ethernet (LAN)<br \/>\n-Conector para auriculares de 3,5 mm x 1<br \/>\n-Sistema de retransmisi\u00f3n: DVB-T2\/C, DVB-S2<\/p>\n<p>Procesador y almacenamiento:<\/p>\n<p>-Procesador: MSD6683CPU: CA53 x 4, hasta 1,2 GHz<br \/>\n-GPU: Mali 470 MP3<br \/>\n-RAM: 1,5 GB<br \/>\n-Almacenamiento: 8 GB<\/p>\n<p>Potencia y entorno de funcionamiento:<\/p>\n<p>-Potencia: 45 W<br \/>\n-Voltaje: 100~240 V~50\/60 Hz<br \/>\n-Temperatura de funcionamiento: 0 ??40 ?, humedad 20 %?80 %<br \/>\n-Temperatura de almacenamiento: -15 ??45 ?, humedad relativa &lt; 80 %<\/p>\n<p>Sistema operativo:<\/p>\n<p>-Android TV\u2122 9<\/p>\n<p>Dise\u00f1o:<\/p>\n<p>-Tama\u00f1o: 32&#8243;<br \/>\n-Pantalla ilimitada sin biseles<br \/>\n-Color: negro<br \/>\n-Soporte: doble<br \/>\n-Bot\u00f3n de encendido (en la parte inferior del televisor)<\/p>\n<p>Dimensiones y peso:<\/p>\n<p>-Dimensiones, incluida la base (L. x An. x Al.): 733 \u00d7 180 \u00d7 479 mm<br \/>\n-Dimensiones sin incluir la base (L. x An. x Al.): 733 \u00d7 80 \u00d7 435 mm<br \/>\n-Peso con la base incluida: 3,9 kg + 45 g<br \/>\n-Peso sin incluir la base: 3,9 kg<\/p>\n<p>Montaje en pared:<\/p>\n<p>-Admite montaje en pared* El di\u00e1metro y la longitud de los tornillos var\u00edan en funci\u00f3n del modelo del producto. Para evitar da\u00f1os en el producto, se recomienda utilizar un soporte de montaje en pared especial (se vende por separado).<br \/>\n100 mm 100 mm<\/p>\n<p>&nbsp;<\/p>\n<p><em>E.O. Madrid Cinco S.L., no se responsabiliza de posibles errores tipogr\u00e1ficos y de precio. Las fotograf\u00edas de los productos pueden sufrir cambios<\/em><\/p>\n","protected":false},"excerpt":{"rendered":"<p>Xiaomi Mi TV P1E Televisor Smart TV 32&#8243; HD<\/p>\n<p>Pantalla HD para mayor comodidad.<br \/>\nCon im\u00e1genes realistas y colores vivos, la pantalla LED de alta definici\u00f3n ofrece una experiencia c\u00f3moda y envolvente adecuada para su uso en habitaciones y oficinas dom\u00e9sticas.<\/p>\n<p>Android TV, una forma m\u00e1s sencilla de disfrutar del entretenimiento que m\u00e1s te gusta.<br \/>\nSimplifica tu experiencia de entretenimiento con Android TV. Accede a m\u00e1s de 400 000 pel\u00edculas y programas, y descarga m\u00e1s de 7000 aplicaciones en un solo lugar.<\/p>\n<p>Utiliza tu voz para crear el entorno perfecto.<br \/>\nPulsa el bot\u00f3n de Asistente de Google* en el mando a distancia para un mayor control del televisor con la voz. Pide a Google que controle tu televisor, responda a tus preguntas y consulta tu calendario. Haz que controle los dispositivos dom\u00e9sticos inteligentes<br \/>\nde toda la casa.<\/p>\n<p>Mando a distancia Bluetooth de 360\u00b0 que funciona desde cualquier direcci\u00f3n.<br \/>\nLa conectividad Bluetooth te permite controlar el televisor desde cualquier direcci\u00f3n. Disfruta de un acceso sencillo a Netflix y Prime Video con un solo clic.<\/p>\n<p>Saca el m\u00e1ximo partido a tu pantalla con retransmisi\u00f3n de pantalla f\u00e1cil de usar.<br \/>\nGracias a la integraci\u00f3n de Chromecast* y Miracast, es muy f\u00e1cil transmitir contenido desde tu smartphone o tableta al televisor.<\/p>\n<p>Decodificaci\u00f3n Dolby Audio\u00ae y DTS-HD\u00ae para un potente sonido 3D.<br \/>\nLos dos altavoces est\u00e9reo de 5 W ofrecen una experiencia de audio rica, clara y diferenciada. Disfruta de un sonido envolvente y cinematogr\u00e1fico desde la comodidad de tu sal\u00f3n.<\/p>\n<p>Conecta varios dispositivos para disfrutar de m\u00e1s entretenimiento.<br \/>\nUtiliza la gran variedad de puertos integrados para conectar varios dispositivos al televisor, como ordenadores, videoconsolas y reproductores multimedia.<\/p>\n<p>Especificaciones:<\/p>\n<p>-Tipo de pantalla: HDR resoluci\u00f3n: 1366 x 768<br \/>\n-Gama de colores: 64 % NTSC (t\u00edp.), 90 % BT709 (t\u00edp.), 72 % DCI-P3 (t\u00edp.)<br \/>\n-Profundidad de color: 16,7 M 8 bits<br \/>\n-Frecuencia de actualizaci\u00f3n: 60 Hz<br \/>\n-\u00c1ngulo de visi\u00f3n: 178\u00b0 (H)\/178\u00b0 (V)<\/p>\n<p>Altavoces:<\/p>\n<p>-Altavoz (salida de sonido): 5 W + 5 W Compatible con Dolby Audio\u2122 y DTS-HD\u00ae<\/p>\n<p>Decodificadores:<\/p>\n<p>-Formatos de v\u00eddeo compatibles: VP8\/VP9, MJPEG, MPEG1\/2<br \/>\n-Formatos de audio compatibles: Dolby, DTS, FLAC, AAC, OGG<br \/>\n-Formatos de imagen compatibles: PNG, GIF, JPG, BMP<br \/>\n-Modo de imagen: Est\u00e1ndar, Intenso, Deporte, Pel\u00edcula, Monitor, Modo HDR, etc.<br \/>\n-Modo de sonido: Est\u00e1ndar, Pel\u00edcula, Noticias, Juego, Personalizado<\/p>\n<p>Conectividad:<\/p>\n<p>-Bluetooth 5.0 Wi-Fi de 2,4 GHz\/5 GHz HDMI x 3 (1 puerto con ARC)<br \/>\n-USB 2.0 x 2<br \/>\n-Entrada compuesta (AV)<br \/>\n-Ranura CI Ethernet (LAN)<br \/>\n-Conector para auriculares de 3,5 mm x 1<br \/>\n-Sistema de retransmisi\u00f3n: DVB-T2\/C, DVB-S2<\/p>\n<p>Procesador y almacenamiento:<\/p>\n<p>-Procesador: MSD6683CPU: CA53 x 4, hasta 1,2 GHz<br \/>\n-GPU: Mali 470 MP3<br \/>\n-RAM: 1,5 GB<br \/>\n-Almacenamiento: 8 GB<\/p>\n<p>Potencia y entorno de funcionamiento:<\/p>\n<p>-Potencia: 45 W<br \/>\n-Voltaje: 100~240 V~50\/60 Hz<br \/>\n-Temperatura de funcionamiento: 0 ??40 ?, humedad 20 %?80 %<br \/>\n-Temperatura de almacenamiento: -15 ??45 ?, humedad relativa &lt; 80 %<\/p>\n<p>Sistema operativo:<\/p>\n<p>-Android TV\u2122 9<\/p>\n<p>Dise\u00f1o:<\/p>\n<p>-Tama\u00f1o: 32&#8243;<br \/>\n-Pantalla ilimitada sin biseles<br \/>\n-Color: negro<br \/>\n-Soporte: doble<br \/>\n-Bot\u00f3n de encendido (en la parte inferior del televisor)<\/p>\n<p>Dimensiones y peso:<\/p>\n<p>-Dimensiones, incluida la base (L. x An. x Al.): 733 \u00d7 180 \u00d7 479 mm<br \/>\n-Dimensiones sin incluir la base (L. x An. x Al.): 733 \u00d7 80 \u00d7 435 mm<br \/>\n-Peso con la base incluida: 3,9 kg + 45 g<br \/>\n-Peso sin incluir la base: 3,9 kg<\/p>\n<p>Montaje en pared:<\/p>\n<p>-Admite montaje en pared* El di\u00e1metro y la longitud de los tornillos var\u00edan en funci\u00f3n del modelo del producto. Para evitar da\u00f1os en el producto, se recomienda utilizar un soporte de montaje en pared especial (se vende por separado).<br \/>\n100 mm 100 mm<\/p>\n","protected":false},"featured_media":7177,"template":"","meta":{"_et_pb_use_builder":"","_et_pb_old_content":"","_et_gb_content_width":"","_joinchat":[]},"product_cat":[801,981],"product_tag":[2529,2528,1026],"class_list":{"0":"post-7175","1":"product","2":"type-product","3":"status-publish","4":"has-post-thumbnail","6":"product_cat-informatica","7":"product_cat-monitores","8":"product_tag-smart-tv","9":"product_tag-televisor","10":"product_tag-xiaomi","12":"first","13":"instock","14":"taxable","15":"shipping-taxable","16":"purchasable","17":"product-type-simple"},"yoast_head":"<!-- This site is optimized with the Yoast SEO plugin v27.4 - https:\/\/yoast.com\/product\/yoast-seo-wordpress\/ -->\n<title>Xiaomi Mi TV P1E Televisor Smart TV 32&quot; HD - WiFi, HDMI, USB 2.0, Bluetooth - Angulo de Vision 178\u00b0 - VESA 100x100mm - Canon M5 Madrid | Distribuidor oficial Canon<\/title>\n<meta name=\"description\" content=\"Xiaomi Mi TV P1E Televisor Smart TV 32&quot; HDPantalla HD para mayor comodidad.Con im\u00e1genes realistas y colores vivos, la pantalla LED de alta definici\u00f3n ofrece una experiencia c\u00f3moda y envolvente adecuada para su uso en habitaciones y oficinas dom\u00e9sticas.\" \/>\n<meta name=\"robots\" content=\"index, follow, max-snippet:-1, max-image-preview:large, max-video-preview:-1\" \/>\n<link rel=\"canonical\" href=\"https:\/\/canonm5.com\/index.php\/producto\/xiaomi-mi-tv-p1e-televisor-smart-tv-32-hd-wifi-hdmi-usb-2-0-bluetooth-angulo-de-vision-178-vesa-100x100mm\/\" \/>\n<meta property=\"og:locale\" content=\"es_ES\" \/>\n<meta property=\"og:type\" content=\"article\" \/>\n<meta property=\"og:title\" content=\"Xiaomi Mi TV P1E Televisor Smart TV 32&quot; HD - WiFi, HDMI, USB 2.0, Bluetooth - Angulo de Vision 178\u00b0 - VESA 100x100mm - Canon M5 Madrid | Distribuidor oficial Canon\" \/>\n<meta property=\"og:description\" content=\"Xiaomi Mi TV P1E Televisor Smart TV 32&quot; HDPantalla HD para mayor comodidad.Con im\u00e1genes realistas y colores vivos, la pantalla LED de alta definici\u00f3n ofrece una experiencia c\u00f3moda y envolvente adecuada para su uso en habitaciones y oficinas dom\u00e9sticas.\" \/>\n<meta property=\"og:url\" content=\"https:\/\/canonm5.com\/index.php\/producto\/xiaomi-mi-tv-p1e-televisor-smart-tv-32-hd-wifi-hdmi-usb-2-0-bluetooth-angulo-de-vision-178-vesa-100x100mm\/\" \/>\n<meta property=\"og:site_name\" content=\"Canon M5 Madrid | Distribuidor oficial Canon\" \/>\n<meta property=\"article:modified_time\" content=\"2023-04-25T13:59:56+00:00\" \/>\n<meta property=\"og:image\" content=\"https:\/\/canonm5.com\/wp-content\/uploads\/2023\/04\/189051_2.webp\" \/>\n\t<meta property=\"og:image:width\" content=\"530\" \/>\n\t<meta property=\"og:image:height\" content=\"530\" \/>\n\t<meta property=\"og:image:type\" content=\"image\/webp\" \/>\n<meta name=\"twitter:card\" content=\"summary_large_image\" \/>\n<meta name=\"twitter:label1\" content=\"Tiempo de lectura\" \/>\n\t<meta name=\"twitter:data1\" content=\"3 minutos\" \/>\n<script type=\"application\/ld+json\" class=\"yoast-schema-graph\">{\"@context\":\"https:\\\/\\\/schema.org\",\"@graph\":[{\"@type\":\"WebPage\",\"@id\":\"https:\\\/\\\/canonm5.com\\\/index.php\\\/producto\\\/xiaomi-mi-tv-p1e-televisor-smart-tv-32-hd-wifi-hdmi-usb-2-0-bluetooth-angulo-de-vision-178-vesa-100x100mm\\\/\",\"url\":\"https:\\\/\\\/canonm5.com\\\/index.php\\\/producto\\\/xiaomi-mi-tv-p1e-televisor-smart-tv-32-hd-wifi-hdmi-usb-2-0-bluetooth-angulo-de-vision-178-vesa-100x100mm\\\/\",\"name\":\"Xiaomi Mi TV P1E Televisor Smart TV 32\\\" HD - WiFi, HDMI, USB 2.0, Bluetooth - Angulo de Vision 178\u00b0 - VESA 100x100mm - Canon M5 Madrid | Distribuidor oficial Canon\",\"isPartOf\":{\"@id\":\"https:\\\/\\\/canonm5.com\\\/#website\"},\"primaryImageOfPage\":{\"@id\":\"https:\\\/\\\/canonm5.com\\\/index.php\\\/producto\\\/xiaomi-mi-tv-p1e-televisor-smart-tv-32-hd-wifi-hdmi-usb-2-0-bluetooth-angulo-de-vision-178-vesa-100x100mm\\\/#primaryimage\"},\"image\":{\"@id\":\"https:\\\/\\\/canonm5.com\\\/index.php\\\/producto\\\/xiaomi-mi-tv-p1e-televisor-smart-tv-32-hd-wifi-hdmi-usb-2-0-bluetooth-angulo-de-vision-178-vesa-100x100mm\\\/#primaryimage\"},\"thumbnailUrl\":\"https:\\\/\\\/canonm5.com\\\/wp-content\\\/uploads\\\/2023\\\/04\\\/189051_2.webp\",\"datePublished\":\"2023-04-24T13:29:39+00:00\",\"dateModified\":\"2023-04-25T13:59:56+00:00\",\"description\":\"Xiaomi Mi TV P1E Televisor Smart TV 32\\\" HDPantalla HD para mayor comodidad.Con im\u00e1genes realistas y colores vivos, la pantalla LED de alta definici\u00f3n ofrece una experiencia c\u00f3moda y envolvente adecuada para su uso en habitaciones y oficinas dom\u00e9sticas.\",\"breadcrumb\":{\"@id\":\"https:\\\/\\\/canonm5.com\\\/index.php\\\/producto\\\/xiaomi-mi-tv-p1e-televisor-smart-tv-32-hd-wifi-hdmi-usb-2-0-bluetooth-angulo-de-vision-178-vesa-100x100mm\\\/#breadcrumb\"},\"inLanguage\":\"es\",\"potentialAction\":[{\"@type\":\"ReadAction\",\"target\":[\"https:\\\/\\\/canonm5.com\\\/index.php\\\/producto\\\/xiaomi-mi-tv-p1e-televisor-smart-tv-32-hd-wifi-hdmi-usb-2-0-bluetooth-angulo-de-vision-178-vesa-100x100mm\\\/\"]}]},{\"@type\":\"ImageObject\",\"inLanguage\":\"es\",\"@id\":\"https:\\\/\\\/canonm5.com\\\/index.php\\\/producto\\\/xiaomi-mi-tv-p1e-televisor-smart-tv-32-hd-wifi-hdmi-usb-2-0-bluetooth-angulo-de-vision-178-vesa-100x100mm\\\/#primaryimage\",\"url\":\"https:\\\/\\\/canonm5.com\\\/wp-content\\\/uploads\\\/2023\\\/04\\\/189051_2.webp\",\"contentUrl\":\"https:\\\/\\\/canonm5.com\\\/wp-content\\\/uploads\\\/2023\\\/04\\\/189051_2.webp\",\"width\":530,\"height\":530},{\"@type\":\"BreadcrumbList\",\"@id\":\"https:\\\/\\\/canonm5.com\\\/index.php\\\/producto\\\/xiaomi-mi-tv-p1e-televisor-smart-tv-32-hd-wifi-hdmi-usb-2-0-bluetooth-angulo-de-vision-178-vesa-100x100mm\\\/#breadcrumb\",\"itemListElement\":[{\"@type\":\"ListItem\",\"position\":1,\"name\":\"Portada\",\"item\":\"https:\\\/\\\/canonm5.com\\\/\"},{\"@type\":\"ListItem\",\"position\":2,\"name\":\"Nuestros productos\",\"item\":\"https:\\\/\\\/canonm5.com\\\/index.php\\\/productos\\\/\"},{\"@type\":\"ListItem\",\"position\":3,\"name\":\"Xiaomi Mi TV P1E Televisor Smart TV 32&#8243; HD &#8211; WiFi, HDMI, USB 2.0, Bluetooth &#8211; Angulo de Vision 178\u00b0 &#8211; VESA 100x100mm\"}]},{\"@type\":\"WebSite\",\"@id\":\"https:\\\/\\\/canonm5.com\\\/#website\",\"url\":\"https:\\\/\\\/canonm5.com\\\/\",\"name\":\"Canon M5 Madrid | Distribuidor oficial Canon\",\"description\":\"Renting de impresoras para empresas\",\"potentialAction\":[{\"@type\":\"SearchAction\",\"target\":{\"@type\":\"EntryPoint\",\"urlTemplate\":\"https:\\\/\\\/canonm5.com\\\/?s={search_term_string}\"},\"query-input\":{\"@type\":\"PropertyValueSpecification\",\"valueRequired\":true,\"valueName\":\"search_term_string\"}}],\"inLanguage\":\"es\"}]}<\/script>\n<!-- \/ Yoast SEO plugin. -->","yoast_head_json":{"title":"Xiaomi Mi TV P1E Televisor Smart TV 32\" HD - WiFi, HDMI, USB 2.0, Bluetooth - Angulo de Vision 178\u00b0 - VESA 100x100mm - Canon M5 Madrid | Distribuidor oficial Canon","description":"Xiaomi Mi TV P1E Televisor Smart TV 32\" HDPantalla HD para mayor comodidad.Con im\u00e1genes realistas y colores vivos, la pantalla LED de alta definici\u00f3n ofrece una experiencia c\u00f3moda y envolvente adecuada para su uso en habitaciones y oficinas dom\u00e9sticas.","robots":{"index":"index","follow":"follow","max-snippet":"max-snippet:-1","max-image-preview":"max-image-preview:large","max-video-preview":"max-video-preview:-1"},"canonical":"https:\/\/canonm5.com\/index.php\/producto\/xiaomi-mi-tv-p1e-televisor-smart-tv-32-hd-wifi-hdmi-usb-2-0-bluetooth-angulo-de-vision-178-vesa-100x100mm\/","og_locale":"es_ES","og_type":"article","og_title":"Xiaomi Mi TV P1E Televisor Smart TV 32\" HD - WiFi, HDMI, USB 2.0, Bluetooth - Angulo de Vision 178\u00b0 - VESA 100x100mm - Canon M5 Madrid | Distribuidor oficial Canon","og_description":"Xiaomi Mi TV P1E Televisor Smart TV 32\" HDPantalla HD para mayor comodidad.Con im\u00e1genes realistas y colores vivos, la pantalla LED de alta definici\u00f3n ofrece una experiencia c\u00f3moda y envolvente adecuada para su uso en habitaciones y oficinas dom\u00e9sticas.","og_url":"https:\/\/canonm5.com\/index.php\/producto\/xiaomi-mi-tv-p1e-televisor-smart-tv-32-hd-wifi-hdmi-usb-2-0-bluetooth-angulo-de-vision-178-vesa-100x100mm\/","og_site_name":"Canon M5 Madrid | Distribuidor oficial Canon","article_modified_time":"2023-04-25T13:59:56+00:00","og_image":[{"width":530,"height":530,"url":"https:\/\/canonm5.com\/wp-content\/uploads\/2023\/04\/189051_2.webp","type":"image\/webp"}],"twitter_card":"summary_large_image","twitter_misc":{"Tiempo de lectura":"3 minutos"},"schema":{"@context":"https:\/\/schema.org","@graph":[{"@type":"WebPage","@id":"https:\/\/canonm5.com\/index.php\/producto\/xiaomi-mi-tv-p1e-televisor-smart-tv-32-hd-wifi-hdmi-usb-2-0-bluetooth-angulo-de-vision-178-vesa-100x100mm\/","url":"https:\/\/canonm5.com\/index.php\/producto\/xiaomi-mi-tv-p1e-televisor-smart-tv-32-hd-wifi-hdmi-usb-2-0-bluetooth-angulo-de-vision-178-vesa-100x100mm\/","name":"Xiaomi Mi TV P1E Televisor Smart TV 32\" HD - WiFi, HDMI, USB 2.0, Bluetooth - Angulo de Vision 178\u00b0 - VESA 100x100mm - Canon M5 Madrid | Distribuidor oficial Canon","isPartOf":{"@id":"https:\/\/canonm5.com\/#website"},"primaryImageOfPage":{"@id":"https:\/\/canonm5.com\/index.php\/producto\/xiaomi-mi-tv-p1e-televisor-smart-tv-32-hd-wifi-hdmi-usb-2-0-bluetooth-angulo-de-vision-178-vesa-100x100mm\/#primaryimage"},"image":{"@id":"https:\/\/canonm5.com\/index.php\/producto\/xiaomi-mi-tv-p1e-televisor-smart-tv-32-hd-wifi-hdmi-usb-2-0-bluetooth-angulo-de-vision-178-vesa-100x100mm\/#primaryimage"},"thumbnailUrl":"https:\/\/canonm5.com\/wp-content\/uploads\/2023\/04\/189051_2.webp","datePublished":"2023-04-24T13:29:39+00:00","dateModified":"2023-04-25T13:59:56+00:00","description":"Xiaomi Mi TV P1E Televisor Smart TV 32\" HDPantalla HD para mayor comodidad.Con im\u00e1genes realistas y colores vivos, la pantalla LED de alta definici\u00f3n ofrece una experiencia c\u00f3moda y envolvente adecuada para su uso en habitaciones y oficinas dom\u00e9sticas.","breadcrumb":{"@id":"https:\/\/canonm5.com\/index.php\/producto\/xiaomi-mi-tv-p1e-televisor-smart-tv-32-hd-wifi-hdmi-usb-2-0-bluetooth-angulo-de-vision-178-vesa-100x100mm\/#breadcrumb"},"inLanguage":"es","potentialAction":[{"@type":"ReadAction","target":["https:\/\/canonm5.com\/index.php\/producto\/xiaomi-mi-tv-p1e-televisor-smart-tv-32-hd-wifi-hdmi-usb-2-0-bluetooth-angulo-de-vision-178-vesa-100x100mm\/"]}]},{"@type":"ImageObject","inLanguage":"es","@id":"https:\/\/canonm5.com\/index.php\/producto\/xiaomi-mi-tv-p1e-televisor-smart-tv-32-hd-wifi-hdmi-usb-2-0-bluetooth-angulo-de-vision-178-vesa-100x100mm\/#primaryimage","url":"https:\/\/canonm5.com\/wp-content\/uploads\/2023\/04\/189051_2.webp","contentUrl":"https:\/\/canonm5.com\/wp-content\/uploads\/2023\/04\/189051_2.webp","width":530,"height":530},{"@type":"BreadcrumbList","@id":"https:\/\/canonm5.com\/index.php\/producto\/xiaomi-mi-tv-p1e-televisor-smart-tv-32-hd-wifi-hdmi-usb-2-0-bluetooth-angulo-de-vision-178-vesa-100x100mm\/#breadcrumb","itemListElement":[{"@type":"ListItem","position":1,"name":"Portada","item":"https:\/\/canonm5.com\/"},{"@type":"ListItem","position":2,"name":"Nuestros productos","item":"https:\/\/canonm5.com\/index.php\/productos\/"},{"@type":"ListItem","position":3,"name":"Xiaomi Mi TV P1E Televisor Smart TV 32&#8243; HD &#8211; WiFi, HDMI, USB 2.0, Bluetooth &#8211; Angulo de Vision 178\u00b0 &#8211; VESA 100x100mm"}]},{"@type":"WebSite","@id":"https:\/\/canonm5.com\/#website","url":"https:\/\/canonm5.com\/","name":"Canon M5 Madrid | Distribuidor oficial Canon","description":"Renting de impresoras para empresas","potentialAction":[{"@type":"SearchAction","target":{"@type":"EntryPoint","urlTemplate":"https:\/\/canonm5.com\/?s={search_term_string}"},"query-input":{"@type":"PropertyValueSpecification","valueRequired":true,"valueName":"search_term_string"}}],"inLanguage":"es"}]}},"_links":{"self":[{"href":"https:\/\/canonm5.com\/index.php\/wp-json\/wp\/v2\/product\/7175","targetHints":{"allow":["GET"]}}],"collection":[{"href":"https:\/\/canonm5.com\/index.php\/wp-json\/wp\/v2\/product"}],"about":[{"href":"https:\/\/canonm5.com\/index.php\/wp-json\/wp\/v2\/types\/product"}],"wp:featuredmedia":[{"embeddable":true,"href":"https:\/\/canonm5.com\/index.php\/wp-json\/wp\/v2\/media\/7177"}],"wp:attachment":[{"href":"https:\/\/canonm5.com\/index.php\/wp-json\/wp\/v2\/media?parent=7175"}],"wp:term":[{"taxonomy":"product_cat","embeddable":true,"href":"https:\/\/canonm5.com\/index.php\/wp-json\/wp\/v2\/product_cat?post=7175"},{"taxonomy":"product_tag","embeddable":true,"href":"https:\/\/canonm5.com\/index.php\/wp-json\/wp\/v2\/product_tag?post=7175"}],"curies":[{"name":"wp","href":"https:\/\/api.w.org\/{rel}","templated":true}]}}