{"id":6759,"date":"2023-03-08T15:13:45","date_gmt":"2023-03-08T15:13:45","guid":{"rendered":"https:\/\/canonm5.com\/?post_type=product&#038;p=6759"},"modified":"2023-03-21T15:19:38","modified_gmt":"2023-03-21T15:19:38","slug":"calculadora-con-impresora-casio-hr-150rce","status":"publish","type":"product","link":"https:\/\/canonm5.com\/index.php\/producto\/calculadora-con-impresora-casio-hr-150rce\/","title":{"rendered":"CALCULADORA CON IMPRESORA CASIO HR-150RCE"},"content":{"rendered":"<p>&#8211; Calculadora con impresora<br \/>\n&#8211; Tecla de c\u00e1lculo delta %.<br \/>\n&#8211; Contador de art\u00edculos<br \/>\n-Tecla de correcci\u00f3n r\u00e1pida<br \/>\n-Tecla de c\u00e1lculo delta %<br \/>\n&#8211; Conversi\u00f3n a \u20ac para 3 monedas<br \/>\n&#8211; Pantalla de 12 d\u00edgitos<br \/>\n&#8211; C\u00e1lculo de beneficio<br \/>\n&#8211; Alimentaci\u00f3n 4 pilas AA Adaptador AC (opcional)<br \/>\n&#8211; Teclas mark up\/mark down<br \/>\n&#8211; Velocidad de impresi\u00f3n 2 l\u00edneas\/seg<br \/>\n&#8211; Impresi\u00f3n a 2 colores<br \/>\n&#8211; Dimensiones: 18,4&#215;28,7&#215;7,2cm<\/p>\n<p>&nbsp;<\/p>\n<p><em>E.O. Madrid Cinco S.L., no se responsabiliza de posibles errores tipogr\u00e1ficos y de precio. Las fotograf\u00edas de los productos pueden sufrir cambios<\/em><\/p>\n<p><strong>\u00a0<\/strong><\/p>\n<p>&nbsp;<\/p>\n","protected":false},"excerpt":{"rendered":"<p>&#8211; Calculadora con impresora<br \/>\n&#8211; Tecla de c\u00e1lculo delta %.<br \/>\n&#8211; Contador de art\u00edculos<br \/>\n-Tecla de correcci\u00f3n r\u00e1pida<br \/>\n-Tecla de c\u00e1lculo delta %<br \/>\n&#8211; Conversi\u00f3n a \u20ac para 3 monedas<br \/>\n&#8211; Pantalla de 12 d\u00edgitos<br \/>\n&#8211; C\u00e1lculo de beneficio<br \/>\n&#8211; Alimentaci\u00f3n 4 pilas AA Adaptador AC (opcional)<br \/>\n&#8211; Teclas mark up\/mark down<br \/>\n&#8211; Velocidad de impresi\u00f3n 2 l\u00edneas\/seg<br \/>\n&#8211; Impresi\u00f3n a 2 colores<br \/>\n&#8211; Dimensiones: 18,4&#215;28,7&#215;7,2cm<\/p>\n","protected":false},"featured_media":6760,"template":"","meta":{"_et_pb_use_builder":"","_et_pb_old_content":"","_et_gb_content_width":"","_joinchat":[]},"product_cat":[187,830],"product_tag":[188,866,2225,1010],"class_list":{"0":"post-6759","1":"product","2":"type-product","3":"status-publish","4":"has-post-thumbnail","6":"product_cat-calculadoras","7":"product_cat-maquinas-de-oficina","8":"product_tag-calculadora","9":"product_tag-casio","10":"product_tag-hr150rce","11":"product_tag-impresora","13":"first","14":"instock","15":"taxable","16":"shipping-taxable","17":"purchasable","18":"product-type-simple"},"yoast_head":"<!-- This site is optimized with the Yoast SEO plugin v27.4 - https:\/\/yoast.com\/product\/yoast-seo-wordpress\/ -->\n<title>CALCULADORA CON IMPRESORA CASIO HR-150RCE - Canon M5 Madrid | Distribuidor oficial Canon<\/title>\n<meta name=\"description\" content=\"Calculadora con impresora a pilas que se puede utilizar en cualquier lugar, adaptador AC (opcional). Calculadora con impresora a corriente. Tecla de c\u00e1lculo delta %. Contador de art\u00edculos. Tecla de correcci\u00f3n r\u00e1pida. Tecla de c\u00e1lculo delta %. Conversi\u00f3n a \u20ac para 3 monedas. Pantalla de 12 d\u00edgitos. C\u00e1lculo de beneficio. Alimentaci\u00f3n 4 pilas AA Adaptador AC (opcional). Teclas mark up\/mark down. Velocidad de impresi\u00f3n 2 l\u00edneas\/seg. Impresi\u00f3n a 2 colores. Dimensiones: 18,4x28,7x7,2cm.\" \/>\n<meta name=\"robots\" content=\"index, follow, max-snippet:-1, max-image-preview:large, max-video-preview:-1\" \/>\n<link rel=\"canonical\" href=\"https:\/\/canonm5.com\/index.php\/producto\/calculadora-con-impresora-casio-hr-150rce\/\" \/>\n<meta property=\"og:locale\" content=\"es_ES\" \/>\n<meta property=\"og:type\" content=\"article\" \/>\n<meta property=\"og:title\" content=\"CALCULADORA CON IMPRESORA CASIO HR-150RCE - Canon M5 Madrid | Distribuidor oficial Canon\" \/>\n<meta property=\"og:description\" content=\"Calculadora con impresora a pilas que se puede utilizar en cualquier lugar, adaptador AC (opcional). Calculadora con impresora a corriente. Tecla de c\u00e1lculo delta %. Contador de art\u00edculos. Tecla de correcci\u00f3n r\u00e1pida. Tecla de c\u00e1lculo delta %. Conversi\u00f3n a \u20ac para 3 monedas. Pantalla de 12 d\u00edgitos. C\u00e1lculo de beneficio. Alimentaci\u00f3n 4 pilas AA Adaptador AC (opcional). Teclas mark up\/mark down. Velocidad de impresi\u00f3n 2 l\u00edneas\/seg. Impresi\u00f3n a 2 colores. Dimensiones: 18,4x28,7x7,2cm.\" \/>\n<meta property=\"og:url\" content=\"https:\/\/canonm5.com\/index.php\/producto\/calculadora-con-impresora-casio-hr-150rce\/\" \/>\n<meta property=\"og:site_name\" content=\"Canon M5 Madrid | Distribuidor oficial Canon\" \/>\n<meta property=\"article:modified_time\" content=\"2023-03-21T15:19:38+00:00\" \/>\n<meta property=\"og:image\" content=\"https:\/\/canonm5.com\/wp-content\/uploads\/2023\/03\/calculadora-casio-impresora-12dig-hr150rce-cs1411.jpg\" \/>\n\t<meta property=\"og:image:width\" content=\"239\" \/>\n\t<meta property=\"og:image:height\" content=\"239\" \/>\n\t<meta property=\"og:image:type\" content=\"image\/jpeg\" \/>\n<meta name=\"twitter:card\" content=\"summary_large_image\" \/>\n<meta name=\"twitter:label1\" content=\"Tiempo de lectura\" \/>\n\t<meta name=\"twitter:data1\" content=\"1 minuto\" \/>\n<script type=\"application\/ld+json\" class=\"yoast-schema-graph\">{\"@context\":\"https:\\\/\\\/schema.org\",\"@graph\":[{\"@type\":\"WebPage\",\"@id\":\"https:\\\/\\\/canonm5.com\\\/index.php\\\/producto\\\/calculadora-con-impresora-casio-hr-150rce\\\/\",\"url\":\"https:\\\/\\\/canonm5.com\\\/index.php\\\/producto\\\/calculadora-con-impresora-casio-hr-150rce\\\/\",\"name\":\"CALCULADORA CON IMPRESORA CASIO HR-150RCE - Canon M5 Madrid | Distribuidor oficial Canon\",\"isPartOf\":{\"@id\":\"https:\\\/\\\/canonm5.com\\\/#website\"},\"primaryImageOfPage\":{\"@id\":\"https:\\\/\\\/canonm5.com\\\/index.php\\\/producto\\\/calculadora-con-impresora-casio-hr-150rce\\\/#primaryimage\"},\"image\":{\"@id\":\"https:\\\/\\\/canonm5.com\\\/index.php\\\/producto\\\/calculadora-con-impresora-casio-hr-150rce\\\/#primaryimage\"},\"thumbnailUrl\":\"https:\\\/\\\/canonm5.com\\\/wp-content\\\/uploads\\\/2023\\\/03\\\/calculadora-casio-impresora-12dig-hr150rce-cs1411.jpg\",\"datePublished\":\"2023-03-08T15:13:45+00:00\",\"dateModified\":\"2023-03-21T15:19:38+00:00\",\"description\":\"Calculadora con impresora a pilas que se puede utilizar en cualquier lugar, adaptador AC (opcional). Calculadora con impresora a corriente. Tecla de c\u00e1lculo delta %. Contador de art\u00edculos. Tecla de correcci\u00f3n r\u00e1pida. Tecla de c\u00e1lculo delta %. Conversi\u00f3n a \u20ac para 3 monedas. Pantalla de 12 d\u00edgitos. C\u00e1lculo de beneficio. Alimentaci\u00f3n 4 pilas AA Adaptador AC (opcional). Teclas mark up\\\/mark down. Velocidad de impresi\u00f3n 2 l\u00edneas\\\/seg. Impresi\u00f3n a 2 colores. Dimensiones: 18,4x28,7x7,2cm.\",\"breadcrumb\":{\"@id\":\"https:\\\/\\\/canonm5.com\\\/index.php\\\/producto\\\/calculadora-con-impresora-casio-hr-150rce\\\/#breadcrumb\"},\"inLanguage\":\"es\",\"potentialAction\":[{\"@type\":\"ReadAction\",\"target\":[\"https:\\\/\\\/canonm5.com\\\/index.php\\\/producto\\\/calculadora-con-impresora-casio-hr-150rce\\\/\"]}]},{\"@type\":\"ImageObject\",\"inLanguage\":\"es\",\"@id\":\"https:\\\/\\\/canonm5.com\\\/index.php\\\/producto\\\/calculadora-con-impresora-casio-hr-150rce\\\/#primaryimage\",\"url\":\"https:\\\/\\\/canonm5.com\\\/wp-content\\\/uploads\\\/2023\\\/03\\\/calculadora-casio-impresora-12dig-hr150rce-cs1411.jpg\",\"contentUrl\":\"https:\\\/\\\/canonm5.com\\\/wp-content\\\/uploads\\\/2023\\\/03\\\/calculadora-casio-impresora-12dig-hr150rce-cs1411.jpg\",\"width\":239,\"height\":239},{\"@type\":\"BreadcrumbList\",\"@id\":\"https:\\\/\\\/canonm5.com\\\/index.php\\\/producto\\\/calculadora-con-impresora-casio-hr-150rce\\\/#breadcrumb\",\"itemListElement\":[{\"@type\":\"ListItem\",\"position\":1,\"name\":\"Portada\",\"item\":\"https:\\\/\\\/canonm5.com\\\/\"},{\"@type\":\"ListItem\",\"position\":2,\"name\":\"Nuestros productos\",\"item\":\"https:\\\/\\\/canonm5.com\\\/index.php\\\/productos\\\/\"},{\"@type\":\"ListItem\",\"position\":3,\"name\":\"CALCULADORA CON IMPRESORA CASIO HR-150RCE\"}]},{\"@type\":\"WebSite\",\"@id\":\"https:\\\/\\\/canonm5.com\\\/#website\",\"url\":\"https:\\\/\\\/canonm5.com\\\/\",\"name\":\"Canon M5 Madrid | Distribuidor oficial Canon\",\"description\":\"Renting de impresoras para empresas\",\"potentialAction\":[{\"@type\":\"SearchAction\",\"target\":{\"@type\":\"EntryPoint\",\"urlTemplate\":\"https:\\\/\\\/canonm5.com\\\/?s={search_term_string}\"},\"query-input\":{\"@type\":\"PropertyValueSpecification\",\"valueRequired\":true,\"valueName\":\"search_term_string\"}}],\"inLanguage\":\"es\"}]}<\/script>\n<!-- \/ Yoast SEO plugin. -->","yoast_head_json":{"title":"CALCULADORA CON IMPRESORA CASIO HR-150RCE - Canon M5 Madrid | Distribuidor oficial Canon","description":"Calculadora con impresora a pilas que se puede utilizar en cualquier lugar, adaptador AC (opcional). Calculadora con impresora a corriente. Tecla de c\u00e1lculo delta %. Contador de art\u00edculos. Tecla de correcci\u00f3n r\u00e1pida. Tecla de c\u00e1lculo delta %. Conversi\u00f3n a \u20ac para 3 monedas. Pantalla de 12 d\u00edgitos. C\u00e1lculo de beneficio. Alimentaci\u00f3n 4 pilas AA Adaptador AC (opcional). Teclas mark up\/mark down. Velocidad de impresi\u00f3n 2 l\u00edneas\/seg. Impresi\u00f3n a 2 colores. Dimensiones: 18,4x28,7x7,2cm.","robots":{"index":"index","follow":"follow","max-snippet":"max-snippet:-1","max-image-preview":"max-image-preview:large","max-video-preview":"max-video-preview:-1"},"canonical":"https:\/\/canonm5.com\/index.php\/producto\/calculadora-con-impresora-casio-hr-150rce\/","og_locale":"es_ES","og_type":"article","og_title":"CALCULADORA CON IMPRESORA CASIO HR-150RCE - Canon M5 Madrid | Distribuidor oficial Canon","og_description":"Calculadora con impresora a pilas que se puede utilizar en cualquier lugar, adaptador AC (opcional). Calculadora con impresora a corriente. Tecla de c\u00e1lculo delta %. Contador de art\u00edculos. Tecla de correcci\u00f3n r\u00e1pida. Tecla de c\u00e1lculo delta %. Conversi\u00f3n a \u20ac para 3 monedas. Pantalla de 12 d\u00edgitos. C\u00e1lculo de beneficio. Alimentaci\u00f3n 4 pilas AA Adaptador AC (opcional). Teclas mark up\/mark down. Velocidad de impresi\u00f3n 2 l\u00edneas\/seg. Impresi\u00f3n a 2 colores. Dimensiones: 18,4x28,7x7,2cm.","og_url":"https:\/\/canonm5.com\/index.php\/producto\/calculadora-con-impresora-casio-hr-150rce\/","og_site_name":"Canon M5 Madrid | Distribuidor oficial Canon","article_modified_time":"2023-03-21T15:19:38+00:00","og_image":[{"width":239,"height":239,"url":"https:\/\/canonm5.com\/wp-content\/uploads\/2023\/03\/calculadora-casio-impresora-12dig-hr150rce-cs1411.jpg","type":"image\/jpeg"}],"twitter_card":"summary_large_image","twitter_misc":{"Tiempo de lectura":"1 minuto"},"schema":{"@context":"https:\/\/schema.org","@graph":[{"@type":"WebPage","@id":"https:\/\/canonm5.com\/index.php\/producto\/calculadora-con-impresora-casio-hr-150rce\/","url":"https:\/\/canonm5.com\/index.php\/producto\/calculadora-con-impresora-casio-hr-150rce\/","name":"CALCULADORA CON IMPRESORA CASIO HR-150RCE - Canon M5 Madrid | Distribuidor oficial Canon","isPartOf":{"@id":"https:\/\/canonm5.com\/#website"},"primaryImageOfPage":{"@id":"https:\/\/canonm5.com\/index.php\/producto\/calculadora-con-impresora-casio-hr-150rce\/#primaryimage"},"image":{"@id":"https:\/\/canonm5.com\/index.php\/producto\/calculadora-con-impresora-casio-hr-150rce\/#primaryimage"},"thumbnailUrl":"https:\/\/canonm5.com\/wp-content\/uploads\/2023\/03\/calculadora-casio-impresora-12dig-hr150rce-cs1411.jpg","datePublished":"2023-03-08T15:13:45+00:00","dateModified":"2023-03-21T15:19:38+00:00","description":"Calculadora con impresora a pilas que se puede utilizar en cualquier lugar, adaptador AC (opcional). Calculadora con impresora a corriente. Tecla de c\u00e1lculo delta %. Contador de art\u00edculos. Tecla de correcci\u00f3n r\u00e1pida. Tecla de c\u00e1lculo delta %. Conversi\u00f3n a \u20ac para 3 monedas. Pantalla de 12 d\u00edgitos. C\u00e1lculo de beneficio. Alimentaci\u00f3n 4 pilas AA Adaptador AC (opcional). Teclas mark up\/mark down. Velocidad de impresi\u00f3n 2 l\u00edneas\/seg. Impresi\u00f3n a 2 colores. Dimensiones: 18,4x28,7x7,2cm.","breadcrumb":{"@id":"https:\/\/canonm5.com\/index.php\/producto\/calculadora-con-impresora-casio-hr-150rce\/#breadcrumb"},"inLanguage":"es","potentialAction":[{"@type":"ReadAction","target":["https:\/\/canonm5.com\/index.php\/producto\/calculadora-con-impresora-casio-hr-150rce\/"]}]},{"@type":"ImageObject","inLanguage":"es","@id":"https:\/\/canonm5.com\/index.php\/producto\/calculadora-con-impresora-casio-hr-150rce\/#primaryimage","url":"https:\/\/canonm5.com\/wp-content\/uploads\/2023\/03\/calculadora-casio-impresora-12dig-hr150rce-cs1411.jpg","contentUrl":"https:\/\/canonm5.com\/wp-content\/uploads\/2023\/03\/calculadora-casio-impresora-12dig-hr150rce-cs1411.jpg","width":239,"height":239},{"@type":"BreadcrumbList","@id":"https:\/\/canonm5.com\/index.php\/producto\/calculadora-con-impresora-casio-hr-150rce\/#breadcrumb","itemListElement":[{"@type":"ListItem","position":1,"name":"Portada","item":"https:\/\/canonm5.com\/"},{"@type":"ListItem","position":2,"name":"Nuestros productos","item":"https:\/\/canonm5.com\/index.php\/productos\/"},{"@type":"ListItem","position":3,"name":"CALCULADORA CON IMPRESORA CASIO HR-150RCE"}]},{"@type":"WebSite","@id":"https:\/\/canonm5.com\/#website","url":"https:\/\/canonm5.com\/","name":"Canon M5 Madrid | Distribuidor oficial Canon","description":"Renting de impresoras para empresas","potentialAction":[{"@type":"SearchAction","target":{"@type":"EntryPoint","urlTemplate":"https:\/\/canonm5.com\/?s={search_term_string}"},"query-input":{"@type":"PropertyValueSpecification","valueRequired":true,"valueName":"search_term_string"}}],"inLanguage":"es"}]}},"_links":{"self":[{"href":"https:\/\/canonm5.com\/index.php\/wp-json\/wp\/v2\/product\/6759","targetHints":{"allow":["GET"]}}],"collection":[{"href":"https:\/\/canonm5.com\/index.php\/wp-json\/wp\/v2\/product"}],"about":[{"href":"https:\/\/canonm5.com\/index.php\/wp-json\/wp\/v2\/types\/product"}],"wp:featuredmedia":[{"embeddable":true,"href":"https:\/\/canonm5.com\/index.php\/wp-json\/wp\/v2\/media\/6760"}],"wp:attachment":[{"href":"https:\/\/canonm5.com\/index.php\/wp-json\/wp\/v2\/media?parent=6759"}],"wp:term":[{"taxonomy":"product_cat","embeddable":true,"href":"https:\/\/canonm5.com\/index.php\/wp-json\/wp\/v2\/product_cat?post=6759"},{"taxonomy":"product_tag","embeddable":true,"href":"https:\/\/canonm5.com\/index.php\/wp-json\/wp\/v2\/product_tag?post=6759"}],"curies":[{"name":"wp","href":"https:\/\/api.w.org\/{rel}","templated":true}]}}