{"id":6736,"date":"2023-03-08T14:45:57","date_gmt":"2023-03-08T14:45:57","guid":{"rendered":"https:\/\/canonm5.com\/?post_type=product&#038;p=6736"},"modified":"2023-03-21T15:12:49","modified_gmt":"2023-03-21T15:12:49","slug":"calculadora-ibico-212x","status":"publish","type":"product","link":"https:\/\/canonm5.com\/index.php\/producto\/calculadora-ibico-212x\/","title":{"rendered":"CALCULADORA IBICO 212X"},"content":{"rendered":"<p>&#8211; Conversi\u00f3n de moneda<br \/>\n&#8211; Porcentaje. Funci\u00f3n de impuestos<br \/>\n&#8211; Pantalla reclinable<br \/>\n&#8211; C\u00e1lculo de costo, venta y margen. Ra\u00edz cuadrada. Redondeo<br \/>\n&#8211; Desconexi\u00f3n autom\u00e1tica<br \/>\n&#8211; Alimentaci\u00f3n dual: solar y pila<\/p>\n<p>&nbsp;<\/p>\n<p><em>E.O. Madrid Cinco S.L., no se responsabiliza de posibles errores tipogr\u00e1ficos y de precio. Las fotograf\u00edas de los productos pueden sufrir cambios<\/em><\/p>\n<p><strong>\u00a0<\/strong><\/p>\n","protected":false},"excerpt":{"rendered":"<p>&#8211; Conversi\u00f3n de moneda<br \/>\n&#8211; Porcentaje. Funci\u00f3n de impuestos<br \/>\n&#8211; Pantalla reclinable<br \/>\n&#8211; C\u00e1lculo de costo, venta y margen. Ra\u00edz cuadrada. Redondeo<br \/>\n&#8211; Desconexi\u00f3n autom\u00e1tica<br \/>\n&#8211; Alimentaci\u00f3n dual: solar y pila<\/p>\n","protected":false},"featured_media":6737,"template":"","meta":{"_et_pb_use_builder":"","_et_pb_old_content":"","_et_gb_content_width":"","_joinchat":[]},"product_cat":[187,830],"product_tag":[2217,188,2208],"class_list":{"0":"post-6736","1":"product","2":"type-product","3":"status-publish","4":"has-post-thumbnail","6":"product_cat-calculadoras","7":"product_cat-maquinas-de-oficina","8":"product_tag-212x","9":"product_tag-calculadora","10":"product_tag-ibico","12":"first","13":"instock","14":"taxable","15":"shipping-taxable","16":"purchasable","17":"product-type-simple"},"yoast_head":"<!-- This site is optimized with the Yoast SEO plugin v27.4 - https:\/\/yoast.com\/product\/yoast-seo-wordpress\/ -->\n<title>CALCULADORA IBICO 212X - Canon M5 Madrid | Distribuidor oficial Canon<\/title>\n<meta name=\"description\" content=\"Calculadora de sobremesa con pantalla reclinable LCD de 12 d\u00edgitos. Funci\u00f3n de conversi\u00f3n de moneda, porcentaje e impuestos. 3 teclas de memoria, c\u00e1lculo de costo, venta y margen. Ra\u00edz cuadrada y redondeo. Desconexi\u00f3n autom\u00e1tica. Alimentaci\u00f3n dual: solar y pila (1 pila LR44 incluida). Dimensiones: 19x14x1.55cm.\" \/>\n<meta name=\"robots\" content=\"index, follow, max-snippet:-1, max-image-preview:large, max-video-preview:-1\" \/>\n<link rel=\"canonical\" href=\"https:\/\/canonm5.com\/index.php\/producto\/calculadora-ibico-212x\/\" \/>\n<meta property=\"og:locale\" content=\"es_ES\" \/>\n<meta property=\"og:type\" content=\"article\" \/>\n<meta property=\"og:title\" content=\"CALCULADORA IBICO 212X - Canon M5 Madrid | Distribuidor oficial Canon\" \/>\n<meta property=\"og:description\" content=\"Calculadora de sobremesa con pantalla reclinable LCD de 12 d\u00edgitos. Funci\u00f3n de conversi\u00f3n de moneda, porcentaje e impuestos. 3 teclas de memoria, c\u00e1lculo de costo, venta y margen. Ra\u00edz cuadrada y redondeo. Desconexi\u00f3n autom\u00e1tica. Alimentaci\u00f3n dual: solar y pila (1 pila LR44 incluida). Dimensiones: 19x14x1.55cm.\" \/>\n<meta property=\"og:url\" content=\"https:\/\/canonm5.com\/index.php\/producto\/calculadora-ibico-212x\/\" \/>\n<meta property=\"og:site_name\" content=\"Canon M5 Madrid | Distribuidor oficial Canon\" \/>\n<meta property=\"article:modified_time\" content=\"2023-03-21T15:12:49+00:00\" \/>\n<meta property=\"og:image\" content=\"https:\/\/canonm5.com\/wp-content\/uploads\/2023\/03\/calculadora-sobremesa-ibico-12-dig-212x-ib410086.jpg\" \/>\n\t<meta property=\"og:image:width\" content=\"239\" \/>\n\t<meta property=\"og:image:height\" content=\"239\" \/>\n\t<meta property=\"og:image:type\" content=\"image\/jpeg\" \/>\n<meta name=\"twitter:card\" content=\"summary_large_image\" \/>\n<script type=\"application\/ld+json\" class=\"yoast-schema-graph\">{\"@context\":\"https:\\\/\\\/schema.org\",\"@graph\":[{\"@type\":\"WebPage\",\"@id\":\"https:\\\/\\\/canonm5.com\\\/index.php\\\/producto\\\/calculadora-ibico-212x\\\/\",\"url\":\"https:\\\/\\\/canonm5.com\\\/index.php\\\/producto\\\/calculadora-ibico-212x\\\/\",\"name\":\"CALCULADORA IBICO 212X - Canon M5 Madrid | Distribuidor oficial Canon\",\"isPartOf\":{\"@id\":\"https:\\\/\\\/canonm5.com\\\/#website\"},\"primaryImageOfPage\":{\"@id\":\"https:\\\/\\\/canonm5.com\\\/index.php\\\/producto\\\/calculadora-ibico-212x\\\/#primaryimage\"},\"image\":{\"@id\":\"https:\\\/\\\/canonm5.com\\\/index.php\\\/producto\\\/calculadora-ibico-212x\\\/#primaryimage\"},\"thumbnailUrl\":\"https:\\\/\\\/canonm5.com\\\/wp-content\\\/uploads\\\/2023\\\/03\\\/calculadora-sobremesa-ibico-12-dig-212x-ib410086.jpg\",\"datePublished\":\"2023-03-08T14:45:57+00:00\",\"dateModified\":\"2023-03-21T15:12:49+00:00\",\"description\":\"Calculadora de sobremesa con pantalla reclinable LCD de 12 d\u00edgitos. Funci\u00f3n de conversi\u00f3n de moneda, porcentaje e impuestos. 3 teclas de memoria, c\u00e1lculo de costo, venta y margen. Ra\u00edz cuadrada y redondeo. Desconexi\u00f3n autom\u00e1tica. Alimentaci\u00f3n dual: solar y pila (1 pila LR44 incluida). Dimensiones: 19x14x1.55cm.\",\"breadcrumb\":{\"@id\":\"https:\\\/\\\/canonm5.com\\\/index.php\\\/producto\\\/calculadora-ibico-212x\\\/#breadcrumb\"},\"inLanguage\":\"es\",\"potentialAction\":[{\"@type\":\"ReadAction\",\"target\":[\"https:\\\/\\\/canonm5.com\\\/index.php\\\/producto\\\/calculadora-ibico-212x\\\/\"]}]},{\"@type\":\"ImageObject\",\"inLanguage\":\"es\",\"@id\":\"https:\\\/\\\/canonm5.com\\\/index.php\\\/producto\\\/calculadora-ibico-212x\\\/#primaryimage\",\"url\":\"https:\\\/\\\/canonm5.com\\\/wp-content\\\/uploads\\\/2023\\\/03\\\/calculadora-sobremesa-ibico-12-dig-212x-ib410086.jpg\",\"contentUrl\":\"https:\\\/\\\/canonm5.com\\\/wp-content\\\/uploads\\\/2023\\\/03\\\/calculadora-sobremesa-ibico-12-dig-212x-ib410086.jpg\",\"width\":239,\"height\":239},{\"@type\":\"BreadcrumbList\",\"@id\":\"https:\\\/\\\/canonm5.com\\\/index.php\\\/producto\\\/calculadora-ibico-212x\\\/#breadcrumb\",\"itemListElement\":[{\"@type\":\"ListItem\",\"position\":1,\"name\":\"Portada\",\"item\":\"https:\\\/\\\/canonm5.com\\\/\"},{\"@type\":\"ListItem\",\"position\":2,\"name\":\"Nuestros productos\",\"item\":\"https:\\\/\\\/canonm5.com\\\/index.php\\\/productos\\\/\"},{\"@type\":\"ListItem\",\"position\":3,\"name\":\"CALCULADORA IBICO 212X\"}]},{\"@type\":\"WebSite\",\"@id\":\"https:\\\/\\\/canonm5.com\\\/#website\",\"url\":\"https:\\\/\\\/canonm5.com\\\/\",\"name\":\"Canon M5 Madrid | Distribuidor oficial Canon\",\"description\":\"Renting de impresoras para empresas\",\"potentialAction\":[{\"@type\":\"SearchAction\",\"target\":{\"@type\":\"EntryPoint\",\"urlTemplate\":\"https:\\\/\\\/canonm5.com\\\/?s={search_term_string}\"},\"query-input\":{\"@type\":\"PropertyValueSpecification\",\"valueRequired\":true,\"valueName\":\"search_term_string\"}}],\"inLanguage\":\"es\"}]}<\/script>\n<!-- \/ Yoast SEO plugin. -->","yoast_head_json":{"title":"CALCULADORA IBICO 212X - Canon M5 Madrid | Distribuidor oficial Canon","description":"Calculadora de sobremesa con pantalla reclinable LCD de 12 d\u00edgitos. Funci\u00f3n de conversi\u00f3n de moneda, porcentaje e impuestos. 3 teclas de memoria, c\u00e1lculo de costo, venta y margen. Ra\u00edz cuadrada y redondeo. Desconexi\u00f3n autom\u00e1tica. Alimentaci\u00f3n dual: solar y pila (1 pila LR44 incluida). Dimensiones: 19x14x1.55cm.","robots":{"index":"index","follow":"follow","max-snippet":"max-snippet:-1","max-image-preview":"max-image-preview:large","max-video-preview":"max-video-preview:-1"},"canonical":"https:\/\/canonm5.com\/index.php\/producto\/calculadora-ibico-212x\/","og_locale":"es_ES","og_type":"article","og_title":"CALCULADORA IBICO 212X - Canon M5 Madrid | Distribuidor oficial Canon","og_description":"Calculadora de sobremesa con pantalla reclinable LCD de 12 d\u00edgitos. Funci\u00f3n de conversi\u00f3n de moneda, porcentaje e impuestos. 3 teclas de memoria, c\u00e1lculo de costo, venta y margen. Ra\u00edz cuadrada y redondeo. Desconexi\u00f3n autom\u00e1tica. Alimentaci\u00f3n dual: solar y pila (1 pila LR44 incluida). Dimensiones: 19x14x1.55cm.","og_url":"https:\/\/canonm5.com\/index.php\/producto\/calculadora-ibico-212x\/","og_site_name":"Canon M5 Madrid | Distribuidor oficial Canon","article_modified_time":"2023-03-21T15:12:49+00:00","og_image":[{"width":239,"height":239,"url":"https:\/\/canonm5.com\/wp-content\/uploads\/2023\/03\/calculadora-sobremesa-ibico-12-dig-212x-ib410086.jpg","type":"image\/jpeg"}],"twitter_card":"summary_large_image","schema":{"@context":"https:\/\/schema.org","@graph":[{"@type":"WebPage","@id":"https:\/\/canonm5.com\/index.php\/producto\/calculadora-ibico-212x\/","url":"https:\/\/canonm5.com\/index.php\/producto\/calculadora-ibico-212x\/","name":"CALCULADORA IBICO 212X - Canon M5 Madrid | Distribuidor oficial Canon","isPartOf":{"@id":"https:\/\/canonm5.com\/#website"},"primaryImageOfPage":{"@id":"https:\/\/canonm5.com\/index.php\/producto\/calculadora-ibico-212x\/#primaryimage"},"image":{"@id":"https:\/\/canonm5.com\/index.php\/producto\/calculadora-ibico-212x\/#primaryimage"},"thumbnailUrl":"https:\/\/canonm5.com\/wp-content\/uploads\/2023\/03\/calculadora-sobremesa-ibico-12-dig-212x-ib410086.jpg","datePublished":"2023-03-08T14:45:57+00:00","dateModified":"2023-03-21T15:12:49+00:00","description":"Calculadora de sobremesa con pantalla reclinable LCD de 12 d\u00edgitos. Funci\u00f3n de conversi\u00f3n de moneda, porcentaje e impuestos. 3 teclas de memoria, c\u00e1lculo de costo, venta y margen. Ra\u00edz cuadrada y redondeo. Desconexi\u00f3n autom\u00e1tica. Alimentaci\u00f3n dual: solar y pila (1 pila LR44 incluida). Dimensiones: 19x14x1.55cm.","breadcrumb":{"@id":"https:\/\/canonm5.com\/index.php\/producto\/calculadora-ibico-212x\/#breadcrumb"},"inLanguage":"es","potentialAction":[{"@type":"ReadAction","target":["https:\/\/canonm5.com\/index.php\/producto\/calculadora-ibico-212x\/"]}]},{"@type":"ImageObject","inLanguage":"es","@id":"https:\/\/canonm5.com\/index.php\/producto\/calculadora-ibico-212x\/#primaryimage","url":"https:\/\/canonm5.com\/wp-content\/uploads\/2023\/03\/calculadora-sobremesa-ibico-12-dig-212x-ib410086.jpg","contentUrl":"https:\/\/canonm5.com\/wp-content\/uploads\/2023\/03\/calculadora-sobremesa-ibico-12-dig-212x-ib410086.jpg","width":239,"height":239},{"@type":"BreadcrumbList","@id":"https:\/\/canonm5.com\/index.php\/producto\/calculadora-ibico-212x\/#breadcrumb","itemListElement":[{"@type":"ListItem","position":1,"name":"Portada","item":"https:\/\/canonm5.com\/"},{"@type":"ListItem","position":2,"name":"Nuestros productos","item":"https:\/\/canonm5.com\/index.php\/productos\/"},{"@type":"ListItem","position":3,"name":"CALCULADORA IBICO 212X"}]},{"@type":"WebSite","@id":"https:\/\/canonm5.com\/#website","url":"https:\/\/canonm5.com\/","name":"Canon M5 Madrid | Distribuidor oficial Canon","description":"Renting de impresoras para empresas","potentialAction":[{"@type":"SearchAction","target":{"@type":"EntryPoint","urlTemplate":"https:\/\/canonm5.com\/?s={search_term_string}"},"query-input":{"@type":"PropertyValueSpecification","valueRequired":true,"valueName":"search_term_string"}}],"inLanguage":"es"}]}},"_links":{"self":[{"href":"https:\/\/canonm5.com\/index.php\/wp-json\/wp\/v2\/product\/6736","targetHints":{"allow":["GET"]}}],"collection":[{"href":"https:\/\/canonm5.com\/index.php\/wp-json\/wp\/v2\/product"}],"about":[{"href":"https:\/\/canonm5.com\/index.php\/wp-json\/wp\/v2\/types\/product"}],"wp:featuredmedia":[{"embeddable":true,"href":"https:\/\/canonm5.com\/index.php\/wp-json\/wp\/v2\/media\/6737"}],"wp:attachment":[{"href":"https:\/\/canonm5.com\/index.php\/wp-json\/wp\/v2\/media?parent=6736"}],"wp:term":[{"taxonomy":"product_cat","embeddable":true,"href":"https:\/\/canonm5.com\/index.php\/wp-json\/wp\/v2\/product_cat?post=6736"},{"taxonomy":"product_tag","embeddable":true,"href":"https:\/\/canonm5.com\/index.php\/wp-json\/wp\/v2\/product_tag?post=6736"}],"curies":[{"name":"wp","href":"https:\/\/api.w.org\/{rel}","templated":true}]}}