{"id":6139,"date":"2023-01-27T11:35:08","date_gmt":"2023-01-27T11:35:08","guid":{"rendered":"https:\/\/canonm5.com\/?post_type=product&#038;p=6139"},"modified":"2023-02-06T15:05:09","modified_gmt":"2023-02-06T15:05:09","slug":"cutter-westcott-profesional-para-envoltorios-9mm","status":"publish","type":"product","link":"https:\/\/canonm5.com\/index.php\/producto\/cutter-westcott-profesional-para-envoltorios-9mm\/","title":{"rendered":"CUTTER WESTCOTT PROFESIONAL PARA ENVOLTORIOS 9mm"},"content":{"rendered":"<p>&#8211; Cutter profesional<br \/>\n&#8211; Espec\u00edfico para envoltorios<br \/>\n&#8211; Cuchilla oculta<br \/>\n&#8211; Corte r\u00e1pido y sin lesiones<br \/>\n&#8211; Punta afilada que facilita la perforaci\u00f3n<br \/>\n&#8211; Dimensiones: 187 x 52 x 19 mm.<br \/>\n&#8211; Ancho de la hoja: 9 mm.<br \/>\n&#8211; Softgrip para un buen agarre<br \/>\n&#8211; Cuchilla fabricada en acero inoxidable<br \/>\n&#8211; Mango fabricado en pl\u00e1stico<\/p>\n<p>&nbsp;<\/p>\n<p><em>E.O. Madrid Cinco S.L., no se responsabiliza de posibles errores tipogr\u00e1ficos y de precio. Las fotograf\u00edas de los productos pueden sufrir cambios<\/em><\/p>\n","protected":false},"excerpt":{"rendered":"<p>&#8211; Cutter profesional<br \/>\n&#8211; Espec\u00edfico para envoltorios<br \/>\n&#8211; Cuchilla oculta<br \/>\n&#8211; Corte r\u00e1pido y sin lesiones<br \/>\n&#8211; Punta afilada que facilita la perforaci\u00f3n<br \/>\n&#8211; Dimensiones: 187 x 52 x 19 mm.<br \/>\n&#8211; Ancho de la hoja: 9 mm.<br \/>\n&#8211; Softgrip para un buen agarre<br \/>\n&#8211; Cuchilla fabricada en acero inoxidable<br \/>\n&#8211; Mango fabricado en pl\u00e1stico<\/p>\n","protected":false},"featured_media":6140,"template":"","meta":{"_et_pb_use_builder":"","_et_pb_old_content":"","_et_gb_content_width":"","_joinchat":[]},"product_cat":[967,966,23,1961],"product_tag":[1984,1983,1972],"class_list":{"0":"post-6139","1":"product","2":"type-product","3":"status-publish","4":"has-post-thumbnail","6":"product_cat-lapices-y-ceras-de-colores","7":"product_cat-material-escolar","8":"product_cat-papeleria","9":"product_cat-tijeras-y-cutters","10":"product_tag-9mm","11":"product_tag-cutter","12":"product_tag-westcott","14":"first","15":"instock","16":"taxable","17":"shipping-taxable","18":"purchasable","19":"product-type-simple"},"yoast_head":"<!-- This site is optimized with the Yoast SEO plugin v27.4 - https:\/\/yoast.com\/product\/yoast-seo-wordpress\/ -->\n<title>CUTTER WESTCOTT PROFESIONAL PARA ENVOLTORIOS 9mm - Canon M5 Madrid | Distribuidor oficial Canon<\/title>\n<meta name=\"description\" content=\"Cutter profesional espec\u00edfico para diferentes materiales de envoltorios. Con cuchilla oculta que permite un corte r\u00e1pido y sin lesiones. Las posibilidades de aplicaci\u00f3n son muy vers\u00e1tiles: el resorte de pl\u00e1stico adicional permite un corte suave incluso con capas individuales de papel de aluminio fino. La punta afilada facilita la perforaci\u00f3n del material, lo que lo hace ideal para abrir sacos y paletas soldadas. La placa met\u00e1lica integrada es adecuada para cortar las cintas adhesivas de cart\u00f3n. Dimensiones: 187 x 52 x 19 mm. Ancho de la hoja: 9 mm. Dise\u00f1o de la zona de agarre de Softgrip para un buen agarre. Cuchilla fabricada en acero inoxidable. Mango fabricado en pl\u00e1stico.\" \/>\n<meta name=\"robots\" content=\"index, follow, max-snippet:-1, max-image-preview:large, max-video-preview:-1\" \/>\n<link rel=\"canonical\" href=\"https:\/\/canonm5.com\/index.php\/producto\/cutter-westcott-profesional-para-envoltorios-9mm\/\" \/>\n<meta property=\"og:locale\" content=\"es_ES\" \/>\n<meta property=\"og:type\" content=\"article\" \/>\n<meta property=\"og:title\" content=\"CUTTER WESTCOTT PROFESIONAL PARA ENVOLTORIOS 9mm - Canon M5 Madrid | Distribuidor oficial Canon\" \/>\n<meta property=\"og:description\" content=\"Cutter profesional espec\u00edfico para diferentes materiales de envoltorios. Con cuchilla oculta que permite un corte r\u00e1pido y sin lesiones. Las posibilidades de aplicaci\u00f3n son muy vers\u00e1tiles: el resorte de pl\u00e1stico adicional permite un corte suave incluso con capas individuales de papel de aluminio fino. La punta afilada facilita la perforaci\u00f3n del material, lo que lo hace ideal para abrir sacos y paletas soldadas. La placa met\u00e1lica integrada es adecuada para cortar las cintas adhesivas de cart\u00f3n. Dimensiones: 187 x 52 x 19 mm. Ancho de la hoja: 9 mm. Dise\u00f1o de la zona de agarre de Softgrip para un buen agarre. Cuchilla fabricada en acero inoxidable. Mango fabricado en pl\u00e1stico.\" \/>\n<meta property=\"og:url\" content=\"https:\/\/canonm5.com\/index.php\/producto\/cutter-westcott-profesional-para-envoltorios-9mm\/\" \/>\n<meta property=\"og:site_name\" content=\"Canon M5 Madrid | Distribuidor oficial Canon\" \/>\n<meta property=\"article:modified_time\" content=\"2023-02-06T15:05:09+00:00\" \/>\n<meta property=\"og:image\" content=\"https:\/\/canonm5.com\/wp-content\/uploads\/2023\/01\/cutter-westcott-profesional-envoltorios-9mm-1.jpg\" \/>\n\t<meta property=\"og:image:width\" content=\"239\" \/>\n\t<meta property=\"og:image:height\" content=\"239\" \/>\n\t<meta property=\"og:image:type\" content=\"image\/jpeg\" \/>\n<meta name=\"twitter:card\" content=\"summary_large_image\" \/>\n<script type=\"application\/ld+json\" class=\"yoast-schema-graph\">{\"@context\":\"https:\\\/\\\/schema.org\",\"@graph\":[{\"@type\":\"WebPage\",\"@id\":\"https:\\\/\\\/canonm5.com\\\/index.php\\\/producto\\\/cutter-westcott-profesional-para-envoltorios-9mm\\\/\",\"url\":\"https:\\\/\\\/canonm5.com\\\/index.php\\\/producto\\\/cutter-westcott-profesional-para-envoltorios-9mm\\\/\",\"name\":\"CUTTER WESTCOTT PROFESIONAL PARA ENVOLTORIOS 9mm - Canon M5 Madrid | Distribuidor oficial Canon\",\"isPartOf\":{\"@id\":\"https:\\\/\\\/canonm5.com\\\/#website\"},\"primaryImageOfPage\":{\"@id\":\"https:\\\/\\\/canonm5.com\\\/index.php\\\/producto\\\/cutter-westcott-profesional-para-envoltorios-9mm\\\/#primaryimage\"},\"image\":{\"@id\":\"https:\\\/\\\/canonm5.com\\\/index.php\\\/producto\\\/cutter-westcott-profesional-para-envoltorios-9mm\\\/#primaryimage\"},\"thumbnailUrl\":\"https:\\\/\\\/canonm5.com\\\/wp-content\\\/uploads\\\/2023\\\/01\\\/cutter-westcott-profesional-envoltorios-9mm-1.jpg\",\"datePublished\":\"2023-01-27T11:35:08+00:00\",\"dateModified\":\"2023-02-06T15:05:09+00:00\",\"description\":\"Cutter profesional espec\u00edfico para diferentes materiales de envoltorios. Con cuchilla oculta que permite un corte r\u00e1pido y sin lesiones. Las posibilidades de aplicaci\u00f3n son muy vers\u00e1tiles: el resorte de pl\u00e1stico adicional permite un corte suave incluso con capas individuales de papel de aluminio fino. La punta afilada facilita la perforaci\u00f3n del material, lo que lo hace ideal para abrir sacos y paletas soldadas. La placa met\u00e1lica integrada es adecuada para cortar las cintas adhesivas de cart\u00f3n. Dimensiones: 187 x 52 x 19 mm. Ancho de la hoja: 9 mm. Dise\u00f1o de la zona de agarre de Softgrip para un buen agarre. Cuchilla fabricada en acero inoxidable. Mango fabricado en pl\u00e1stico.\",\"breadcrumb\":{\"@id\":\"https:\\\/\\\/canonm5.com\\\/index.php\\\/producto\\\/cutter-westcott-profesional-para-envoltorios-9mm\\\/#breadcrumb\"},\"inLanguage\":\"es\",\"potentialAction\":[{\"@type\":\"ReadAction\",\"target\":[\"https:\\\/\\\/canonm5.com\\\/index.php\\\/producto\\\/cutter-westcott-profesional-para-envoltorios-9mm\\\/\"]}]},{\"@type\":\"ImageObject\",\"inLanguage\":\"es\",\"@id\":\"https:\\\/\\\/canonm5.com\\\/index.php\\\/producto\\\/cutter-westcott-profesional-para-envoltorios-9mm\\\/#primaryimage\",\"url\":\"https:\\\/\\\/canonm5.com\\\/wp-content\\\/uploads\\\/2023\\\/01\\\/cutter-westcott-profesional-envoltorios-9mm-1.jpg\",\"contentUrl\":\"https:\\\/\\\/canonm5.com\\\/wp-content\\\/uploads\\\/2023\\\/01\\\/cutter-westcott-profesional-envoltorios-9mm-1.jpg\",\"width\":239,\"height\":239},{\"@type\":\"BreadcrumbList\",\"@id\":\"https:\\\/\\\/canonm5.com\\\/index.php\\\/producto\\\/cutter-westcott-profesional-para-envoltorios-9mm\\\/#breadcrumb\",\"itemListElement\":[{\"@type\":\"ListItem\",\"position\":1,\"name\":\"Portada\",\"item\":\"https:\\\/\\\/canonm5.com\\\/\"},{\"@type\":\"ListItem\",\"position\":2,\"name\":\"Nuestros productos\",\"item\":\"https:\\\/\\\/canonm5.com\\\/index.php\\\/productos\\\/\"},{\"@type\":\"ListItem\",\"position\":3,\"name\":\"CUTTER WESTCOTT PROFESIONAL PARA ENVOLTORIOS 9mm\"}]},{\"@type\":\"WebSite\",\"@id\":\"https:\\\/\\\/canonm5.com\\\/#website\",\"url\":\"https:\\\/\\\/canonm5.com\\\/\",\"name\":\"Canon M5 Madrid | Distribuidor oficial Canon\",\"description\":\"Renting de impresoras para empresas\",\"potentialAction\":[{\"@type\":\"SearchAction\",\"target\":{\"@type\":\"EntryPoint\",\"urlTemplate\":\"https:\\\/\\\/canonm5.com\\\/?s={search_term_string}\"},\"query-input\":{\"@type\":\"PropertyValueSpecification\",\"valueRequired\":true,\"valueName\":\"search_term_string\"}}],\"inLanguage\":\"es\"}]}<\/script>\n<!-- \/ Yoast SEO plugin. -->","yoast_head_json":{"title":"CUTTER WESTCOTT PROFESIONAL PARA ENVOLTORIOS 9mm - Canon M5 Madrid | Distribuidor oficial Canon","description":"Cutter profesional espec\u00edfico para diferentes materiales de envoltorios. Con cuchilla oculta que permite un corte r\u00e1pido y sin lesiones. Las posibilidades de aplicaci\u00f3n son muy vers\u00e1tiles: el resorte de pl\u00e1stico adicional permite un corte suave incluso con capas individuales de papel de aluminio fino. La punta afilada facilita la perforaci\u00f3n del material, lo que lo hace ideal para abrir sacos y paletas soldadas. La placa met\u00e1lica integrada es adecuada para cortar las cintas adhesivas de cart\u00f3n. Dimensiones: 187 x 52 x 19 mm. Ancho de la hoja: 9 mm. Dise\u00f1o de la zona de agarre de Softgrip para un buen agarre. Cuchilla fabricada en acero inoxidable. Mango fabricado en pl\u00e1stico.","robots":{"index":"index","follow":"follow","max-snippet":"max-snippet:-1","max-image-preview":"max-image-preview:large","max-video-preview":"max-video-preview:-1"},"canonical":"https:\/\/canonm5.com\/index.php\/producto\/cutter-westcott-profesional-para-envoltorios-9mm\/","og_locale":"es_ES","og_type":"article","og_title":"CUTTER WESTCOTT PROFESIONAL PARA ENVOLTORIOS 9mm - Canon M5 Madrid | Distribuidor oficial Canon","og_description":"Cutter profesional espec\u00edfico para diferentes materiales de envoltorios. Con cuchilla oculta que permite un corte r\u00e1pido y sin lesiones. Las posibilidades de aplicaci\u00f3n son muy vers\u00e1tiles: el resorte de pl\u00e1stico adicional permite un corte suave incluso con capas individuales de papel de aluminio fino. La punta afilada facilita la perforaci\u00f3n del material, lo que lo hace ideal para abrir sacos y paletas soldadas. La placa met\u00e1lica integrada es adecuada para cortar las cintas adhesivas de cart\u00f3n. Dimensiones: 187 x 52 x 19 mm. Ancho de la hoja: 9 mm. Dise\u00f1o de la zona de agarre de Softgrip para un buen agarre. Cuchilla fabricada en acero inoxidable. Mango fabricado en pl\u00e1stico.","og_url":"https:\/\/canonm5.com\/index.php\/producto\/cutter-westcott-profesional-para-envoltorios-9mm\/","og_site_name":"Canon M5 Madrid | Distribuidor oficial Canon","article_modified_time":"2023-02-06T15:05:09+00:00","og_image":[{"width":239,"height":239,"url":"https:\/\/canonm5.com\/wp-content\/uploads\/2023\/01\/cutter-westcott-profesional-envoltorios-9mm-1.jpg","type":"image\/jpeg"}],"twitter_card":"summary_large_image","schema":{"@context":"https:\/\/schema.org","@graph":[{"@type":"WebPage","@id":"https:\/\/canonm5.com\/index.php\/producto\/cutter-westcott-profesional-para-envoltorios-9mm\/","url":"https:\/\/canonm5.com\/index.php\/producto\/cutter-westcott-profesional-para-envoltorios-9mm\/","name":"CUTTER WESTCOTT PROFESIONAL PARA ENVOLTORIOS 9mm - Canon M5 Madrid | Distribuidor oficial Canon","isPartOf":{"@id":"https:\/\/canonm5.com\/#website"},"primaryImageOfPage":{"@id":"https:\/\/canonm5.com\/index.php\/producto\/cutter-westcott-profesional-para-envoltorios-9mm\/#primaryimage"},"image":{"@id":"https:\/\/canonm5.com\/index.php\/producto\/cutter-westcott-profesional-para-envoltorios-9mm\/#primaryimage"},"thumbnailUrl":"https:\/\/canonm5.com\/wp-content\/uploads\/2023\/01\/cutter-westcott-profesional-envoltorios-9mm-1.jpg","datePublished":"2023-01-27T11:35:08+00:00","dateModified":"2023-02-06T15:05:09+00:00","description":"Cutter profesional espec\u00edfico para diferentes materiales de envoltorios. Con cuchilla oculta que permite un corte r\u00e1pido y sin lesiones. Las posibilidades de aplicaci\u00f3n son muy vers\u00e1tiles: el resorte de pl\u00e1stico adicional permite un corte suave incluso con capas individuales de papel de aluminio fino. La punta afilada facilita la perforaci\u00f3n del material, lo que lo hace ideal para abrir sacos y paletas soldadas. La placa met\u00e1lica integrada es adecuada para cortar las cintas adhesivas de cart\u00f3n. Dimensiones: 187 x 52 x 19 mm. Ancho de la hoja: 9 mm. Dise\u00f1o de la zona de agarre de Softgrip para un buen agarre. Cuchilla fabricada en acero inoxidable. Mango fabricado en pl\u00e1stico.","breadcrumb":{"@id":"https:\/\/canonm5.com\/index.php\/producto\/cutter-westcott-profesional-para-envoltorios-9mm\/#breadcrumb"},"inLanguage":"es","potentialAction":[{"@type":"ReadAction","target":["https:\/\/canonm5.com\/index.php\/producto\/cutter-westcott-profesional-para-envoltorios-9mm\/"]}]},{"@type":"ImageObject","inLanguage":"es","@id":"https:\/\/canonm5.com\/index.php\/producto\/cutter-westcott-profesional-para-envoltorios-9mm\/#primaryimage","url":"https:\/\/canonm5.com\/wp-content\/uploads\/2023\/01\/cutter-westcott-profesional-envoltorios-9mm-1.jpg","contentUrl":"https:\/\/canonm5.com\/wp-content\/uploads\/2023\/01\/cutter-westcott-profesional-envoltorios-9mm-1.jpg","width":239,"height":239},{"@type":"BreadcrumbList","@id":"https:\/\/canonm5.com\/index.php\/producto\/cutter-westcott-profesional-para-envoltorios-9mm\/#breadcrumb","itemListElement":[{"@type":"ListItem","position":1,"name":"Portada","item":"https:\/\/canonm5.com\/"},{"@type":"ListItem","position":2,"name":"Nuestros productos","item":"https:\/\/canonm5.com\/index.php\/productos\/"},{"@type":"ListItem","position":3,"name":"CUTTER WESTCOTT PROFESIONAL PARA ENVOLTORIOS 9mm"}]},{"@type":"WebSite","@id":"https:\/\/canonm5.com\/#website","url":"https:\/\/canonm5.com\/","name":"Canon M5 Madrid | Distribuidor oficial Canon","description":"Renting de impresoras para empresas","potentialAction":[{"@type":"SearchAction","target":{"@type":"EntryPoint","urlTemplate":"https:\/\/canonm5.com\/?s={search_term_string}"},"query-input":{"@type":"PropertyValueSpecification","valueRequired":true,"valueName":"search_term_string"}}],"inLanguage":"es"}]}},"_links":{"self":[{"href":"https:\/\/canonm5.com\/index.php\/wp-json\/wp\/v2\/product\/6139","targetHints":{"allow":["GET"]}}],"collection":[{"href":"https:\/\/canonm5.com\/index.php\/wp-json\/wp\/v2\/product"}],"about":[{"href":"https:\/\/canonm5.com\/index.php\/wp-json\/wp\/v2\/types\/product"}],"wp:featuredmedia":[{"embeddable":true,"href":"https:\/\/canonm5.com\/index.php\/wp-json\/wp\/v2\/media\/6140"}],"wp:attachment":[{"href":"https:\/\/canonm5.com\/index.php\/wp-json\/wp\/v2\/media?parent=6139"}],"wp:term":[{"taxonomy":"product_cat","embeddable":true,"href":"https:\/\/canonm5.com\/index.php\/wp-json\/wp\/v2\/product_cat?post=6139"},{"taxonomy":"product_tag","embeddable":true,"href":"https:\/\/canonm5.com\/index.php\/wp-json\/wp\/v2\/product_tag?post=6139"}],"curies":[{"name":"wp","href":"https:\/\/api.w.org\/{rel}","templated":true}]}}