{"id":5504,"date":"2023-01-10T14:31:13","date_gmt":"2023-01-10T14:31:13","guid":{"rendered":"https:\/\/canonm5.com\/?post_type=product&#038;p=5504"},"modified":"2023-01-16T14:32:34","modified_gmt":"2023-01-16T14:32:34","slug":"set-maquillaje-facial-alpino-fiesta-animales","status":"publish","type":"product","link":"https:\/\/canonm5.com\/index.php\/producto\/set-maquillaje-facial-alpino-fiesta-animales\/","title":{"rendered":"SET MAQUILLAJE FACIAL ALPINO \u00abFIESTA: ANIMALES\u00bb"},"content":{"rendered":"<p>&#8211; Barras de maquillaje de 5gr<br \/>\n&#8211; Calidad cosm\u00e9tica<br \/>\n&#8211; Maquillaje listo para usar<br \/>\n&#8211; No necesita base ni crema hidratante<br \/>\n&#8211; Lavable con agua y jab\u00f3n<br \/>\n&#8211; Contenido del set:<br \/>\n* 6 barritas de colores surtidos 5gr<br \/>\n* Tatuajes brillantes en calcoman\u00eda<br \/>\n* L\u00e1piz perfilador cosm\u00e9tico<br \/>\n* Pincel<br \/>\n* 2 bolsitas de purpurina<\/p>\n<p>&nbsp;<\/p>\n<p><em>E.O. Madrid Cinco S.L., no se responsabiliza de posibles errores tipogr\u00e1ficos y de precio. Las fotograf\u00edas de los productos pueden sufrir cambios<\/em><\/p>\n","protected":false},"excerpt":{"rendered":"<p>&#8211; Barras de maquillaje de 5gr<br \/>\n&#8211; Calidad cosm\u00e9tica<br \/>\n&#8211; Maquillaje listo para usar<br \/>\n&#8211; No necesita base ni crema hidratante<br \/>\n&#8211; Lavable con agua y jab\u00f3n<br \/>\n&#8211; Contenido del set:<br \/>\n* 6 barritas de colores surtidos 5gr<br \/>\n* Tatuajes brillantes en calcoman\u00eda<br \/>\n* L\u00e1piz perfilador cosm\u00e9tico<br \/>\n* Pincel<br \/>\n* 2 bolsitas de purpurina<\/p>\n","protected":false},"featured_media":5505,"template":"","meta":{"_et_pb_use_builder":"","_et_pb_old_content":"","_et_gb_content_width":"","_joinchat":[]},"product_cat":[1723,966],"product_tag":[1766,1752,1749,1721,1732],"class_list":{"0":"post-5504","1":"product","2":"type-product","3":"status-publish","4":"has-post-thumbnail","6":"product_cat-articulos-de-fiesta","7":"product_cat-material-escolar","8":"product_tag-animales","9":"product_tag-carnaval","10":"product_tag-escolar","11":"product_tag-facial","12":"product_tag-maquillaje","14":"first","15":"instock","16":"taxable","17":"shipping-taxable","18":"purchasable","19":"product-type-simple"},"yoast_head":"<!-- This site is optimized with the Yoast SEO plugin v27.4 - https:\/\/yoast.com\/product\/yoast-seo-wordpress\/ -->\n<title>SET MAQUILLAJE FACIAL ALPINO &quot;FIESTA: ANIMALES&quot; - Canon M5 Madrid | Distribuidor oficial Canon<\/title>\n<meta name=\"description\" content=\"Set con barras de maquillaje de 5gr con calidad cosm\u00e9tica. Maquillaje listo para usar, no necesita base ni crema hidratante. Lavable con agua y jab\u00f3n. Maquillaje para fiestas de disfraces, carnaval o halloween. Para uso infantil y adulto. Incluye tatuajes brillantes en calcoman\u00eda, l\u00e1piz perfilador cosm\u00e9tico, pincel, 2 bolsitas de purpurina y folleto paso a paso. Colores: blanco, amarillo, naranja, verde, marr\u00f3n y negro.\" \/>\n<meta name=\"robots\" content=\"index, follow, max-snippet:-1, max-image-preview:large, max-video-preview:-1\" \/>\n<link rel=\"canonical\" href=\"https:\/\/canonm5.com\/index.php\/producto\/set-maquillaje-facial-alpino-fiesta-animales\/\" \/>\n<meta property=\"og:locale\" content=\"es_ES\" \/>\n<meta property=\"og:type\" content=\"article\" \/>\n<meta property=\"og:title\" content=\"SET MAQUILLAJE FACIAL ALPINO &quot;FIESTA: ANIMALES&quot; - Canon M5 Madrid | Distribuidor oficial Canon\" \/>\n<meta property=\"og:description\" content=\"Set con barras de maquillaje de 5gr con calidad cosm\u00e9tica. Maquillaje listo para usar, no necesita base ni crema hidratante. Lavable con agua y jab\u00f3n. Maquillaje para fiestas de disfraces, carnaval o halloween. Para uso infantil y adulto. Incluye tatuajes brillantes en calcoman\u00eda, l\u00e1piz perfilador cosm\u00e9tico, pincel, 2 bolsitas de purpurina y folleto paso a paso. Colores: blanco, amarillo, naranja, verde, marr\u00f3n y negro.\" \/>\n<meta property=\"og:url\" content=\"https:\/\/canonm5.com\/index.php\/producto\/set-maquillaje-facial-alpino-fiesta-animales\/\" \/>\n<meta property=\"og:site_name\" content=\"Canon M5 Madrid | Distribuidor oficial Canon\" \/>\n<meta property=\"article:modified_time\" content=\"2023-01-16T14:32:34+00:00\" \/>\n<meta property=\"og:image\" content=\"https:\/\/canonm5.com\/wp-content\/uploads\/2023\/01\/set-maquillaje-facial-alpino-fiesta-animales.jpg\" \/>\n\t<meta property=\"og:image:width\" content=\"239\" \/>\n\t<meta property=\"og:image:height\" content=\"239\" \/>\n\t<meta property=\"og:image:type\" content=\"image\/jpeg\" \/>\n<meta name=\"twitter:card\" content=\"summary_large_image\" \/>\n<script type=\"application\/ld+json\" class=\"yoast-schema-graph\">{\"@context\":\"https:\\\/\\\/schema.org\",\"@graph\":[{\"@type\":\"WebPage\",\"@id\":\"https:\\\/\\\/canonm5.com\\\/index.php\\\/producto\\\/set-maquillaje-facial-alpino-fiesta-animales\\\/\",\"url\":\"https:\\\/\\\/canonm5.com\\\/index.php\\\/producto\\\/set-maquillaje-facial-alpino-fiesta-animales\\\/\",\"name\":\"SET MAQUILLAJE FACIAL ALPINO \\\"FIESTA: ANIMALES\\\" - Canon M5 Madrid | Distribuidor oficial Canon\",\"isPartOf\":{\"@id\":\"https:\\\/\\\/canonm5.com\\\/#website\"},\"primaryImageOfPage\":{\"@id\":\"https:\\\/\\\/canonm5.com\\\/index.php\\\/producto\\\/set-maquillaje-facial-alpino-fiesta-animales\\\/#primaryimage\"},\"image\":{\"@id\":\"https:\\\/\\\/canonm5.com\\\/index.php\\\/producto\\\/set-maquillaje-facial-alpino-fiesta-animales\\\/#primaryimage\"},\"thumbnailUrl\":\"https:\\\/\\\/canonm5.com\\\/wp-content\\\/uploads\\\/2023\\\/01\\\/set-maquillaje-facial-alpino-fiesta-animales.jpg\",\"datePublished\":\"2023-01-10T14:31:13+00:00\",\"dateModified\":\"2023-01-16T14:32:34+00:00\",\"description\":\"Set con barras de maquillaje de 5gr con calidad cosm\u00e9tica. Maquillaje listo para usar, no necesita base ni crema hidratante. Lavable con agua y jab\u00f3n. Maquillaje para fiestas de disfraces, carnaval o halloween. Para uso infantil y adulto. Incluye tatuajes brillantes en calcoman\u00eda, l\u00e1piz perfilador cosm\u00e9tico, pincel, 2 bolsitas de purpurina y folleto paso a paso. Colores: blanco, amarillo, naranja, verde, marr\u00f3n y negro.\",\"breadcrumb\":{\"@id\":\"https:\\\/\\\/canonm5.com\\\/index.php\\\/producto\\\/set-maquillaje-facial-alpino-fiesta-animales\\\/#breadcrumb\"},\"inLanguage\":\"es\",\"potentialAction\":[{\"@type\":\"ReadAction\",\"target\":[\"https:\\\/\\\/canonm5.com\\\/index.php\\\/producto\\\/set-maquillaje-facial-alpino-fiesta-animales\\\/\"]}]},{\"@type\":\"ImageObject\",\"inLanguage\":\"es\",\"@id\":\"https:\\\/\\\/canonm5.com\\\/index.php\\\/producto\\\/set-maquillaje-facial-alpino-fiesta-animales\\\/#primaryimage\",\"url\":\"https:\\\/\\\/canonm5.com\\\/wp-content\\\/uploads\\\/2023\\\/01\\\/set-maquillaje-facial-alpino-fiesta-animales.jpg\",\"contentUrl\":\"https:\\\/\\\/canonm5.com\\\/wp-content\\\/uploads\\\/2023\\\/01\\\/set-maquillaje-facial-alpino-fiesta-animales.jpg\",\"width\":239,\"height\":239},{\"@type\":\"BreadcrumbList\",\"@id\":\"https:\\\/\\\/canonm5.com\\\/index.php\\\/producto\\\/set-maquillaje-facial-alpino-fiesta-animales\\\/#breadcrumb\",\"itemListElement\":[{\"@type\":\"ListItem\",\"position\":1,\"name\":\"Portada\",\"item\":\"https:\\\/\\\/canonm5.com\\\/\"},{\"@type\":\"ListItem\",\"position\":2,\"name\":\"Nuestros productos\",\"item\":\"https:\\\/\\\/canonm5.com\\\/index.php\\\/productos\\\/\"},{\"@type\":\"ListItem\",\"position\":3,\"name\":\"SET MAQUILLAJE FACIAL ALPINO &#8220;FIESTA: ANIMALES&#8221;\"}]},{\"@type\":\"WebSite\",\"@id\":\"https:\\\/\\\/canonm5.com\\\/#website\",\"url\":\"https:\\\/\\\/canonm5.com\\\/\",\"name\":\"Canon M5 Madrid | Distribuidor oficial Canon\",\"description\":\"Renting de impresoras para empresas\",\"potentialAction\":[{\"@type\":\"SearchAction\",\"target\":{\"@type\":\"EntryPoint\",\"urlTemplate\":\"https:\\\/\\\/canonm5.com\\\/?s={search_term_string}\"},\"query-input\":{\"@type\":\"PropertyValueSpecification\",\"valueRequired\":true,\"valueName\":\"search_term_string\"}}],\"inLanguage\":\"es\"}]}<\/script>\n<!-- \/ Yoast SEO plugin. -->","yoast_head_json":{"title":"SET MAQUILLAJE FACIAL ALPINO \"FIESTA: ANIMALES\" - Canon M5 Madrid | Distribuidor oficial Canon","description":"Set con barras de maquillaje de 5gr con calidad cosm\u00e9tica. Maquillaje listo para usar, no necesita base ni crema hidratante. Lavable con agua y jab\u00f3n. Maquillaje para fiestas de disfraces, carnaval o halloween. Para uso infantil y adulto. Incluye tatuajes brillantes en calcoman\u00eda, l\u00e1piz perfilador cosm\u00e9tico, pincel, 2 bolsitas de purpurina y folleto paso a paso. Colores: blanco, amarillo, naranja, verde, marr\u00f3n y negro.","robots":{"index":"index","follow":"follow","max-snippet":"max-snippet:-1","max-image-preview":"max-image-preview:large","max-video-preview":"max-video-preview:-1"},"canonical":"https:\/\/canonm5.com\/index.php\/producto\/set-maquillaje-facial-alpino-fiesta-animales\/","og_locale":"es_ES","og_type":"article","og_title":"SET MAQUILLAJE FACIAL ALPINO \"FIESTA: ANIMALES\" - Canon M5 Madrid | Distribuidor oficial Canon","og_description":"Set con barras de maquillaje de 5gr con calidad cosm\u00e9tica. Maquillaje listo para usar, no necesita base ni crema hidratante. Lavable con agua y jab\u00f3n. Maquillaje para fiestas de disfraces, carnaval o halloween. Para uso infantil y adulto. Incluye tatuajes brillantes en calcoman\u00eda, l\u00e1piz perfilador cosm\u00e9tico, pincel, 2 bolsitas de purpurina y folleto paso a paso. Colores: blanco, amarillo, naranja, verde, marr\u00f3n y negro.","og_url":"https:\/\/canonm5.com\/index.php\/producto\/set-maquillaje-facial-alpino-fiesta-animales\/","og_site_name":"Canon M5 Madrid | Distribuidor oficial Canon","article_modified_time":"2023-01-16T14:32:34+00:00","og_image":[{"width":239,"height":239,"url":"https:\/\/canonm5.com\/wp-content\/uploads\/2023\/01\/set-maquillaje-facial-alpino-fiesta-animales.jpg","type":"image\/jpeg"}],"twitter_card":"summary_large_image","schema":{"@context":"https:\/\/schema.org","@graph":[{"@type":"WebPage","@id":"https:\/\/canonm5.com\/index.php\/producto\/set-maquillaje-facial-alpino-fiesta-animales\/","url":"https:\/\/canonm5.com\/index.php\/producto\/set-maquillaje-facial-alpino-fiesta-animales\/","name":"SET MAQUILLAJE FACIAL ALPINO \"FIESTA: ANIMALES\" - Canon M5 Madrid | Distribuidor oficial Canon","isPartOf":{"@id":"https:\/\/canonm5.com\/#website"},"primaryImageOfPage":{"@id":"https:\/\/canonm5.com\/index.php\/producto\/set-maquillaje-facial-alpino-fiesta-animales\/#primaryimage"},"image":{"@id":"https:\/\/canonm5.com\/index.php\/producto\/set-maquillaje-facial-alpino-fiesta-animales\/#primaryimage"},"thumbnailUrl":"https:\/\/canonm5.com\/wp-content\/uploads\/2023\/01\/set-maquillaje-facial-alpino-fiesta-animales.jpg","datePublished":"2023-01-10T14:31:13+00:00","dateModified":"2023-01-16T14:32:34+00:00","description":"Set con barras de maquillaje de 5gr con calidad cosm\u00e9tica. Maquillaje listo para usar, no necesita base ni crema hidratante. Lavable con agua y jab\u00f3n. Maquillaje para fiestas de disfraces, carnaval o halloween. Para uso infantil y adulto. Incluye tatuajes brillantes en calcoman\u00eda, l\u00e1piz perfilador cosm\u00e9tico, pincel, 2 bolsitas de purpurina y folleto paso a paso. Colores: blanco, amarillo, naranja, verde, marr\u00f3n y negro.","breadcrumb":{"@id":"https:\/\/canonm5.com\/index.php\/producto\/set-maquillaje-facial-alpino-fiesta-animales\/#breadcrumb"},"inLanguage":"es","potentialAction":[{"@type":"ReadAction","target":["https:\/\/canonm5.com\/index.php\/producto\/set-maquillaje-facial-alpino-fiesta-animales\/"]}]},{"@type":"ImageObject","inLanguage":"es","@id":"https:\/\/canonm5.com\/index.php\/producto\/set-maquillaje-facial-alpino-fiesta-animales\/#primaryimage","url":"https:\/\/canonm5.com\/wp-content\/uploads\/2023\/01\/set-maquillaje-facial-alpino-fiesta-animales.jpg","contentUrl":"https:\/\/canonm5.com\/wp-content\/uploads\/2023\/01\/set-maquillaje-facial-alpino-fiesta-animales.jpg","width":239,"height":239},{"@type":"BreadcrumbList","@id":"https:\/\/canonm5.com\/index.php\/producto\/set-maquillaje-facial-alpino-fiesta-animales\/#breadcrumb","itemListElement":[{"@type":"ListItem","position":1,"name":"Portada","item":"https:\/\/canonm5.com\/"},{"@type":"ListItem","position":2,"name":"Nuestros productos","item":"https:\/\/canonm5.com\/index.php\/productos\/"},{"@type":"ListItem","position":3,"name":"SET MAQUILLAJE FACIAL ALPINO &#8220;FIESTA: ANIMALES&#8221;"}]},{"@type":"WebSite","@id":"https:\/\/canonm5.com\/#website","url":"https:\/\/canonm5.com\/","name":"Canon M5 Madrid | Distribuidor oficial Canon","description":"Renting de impresoras para empresas","potentialAction":[{"@type":"SearchAction","target":{"@type":"EntryPoint","urlTemplate":"https:\/\/canonm5.com\/?s={search_term_string}"},"query-input":{"@type":"PropertyValueSpecification","valueRequired":true,"valueName":"search_term_string"}}],"inLanguage":"es"}]}},"_links":{"self":[{"href":"https:\/\/canonm5.com\/index.php\/wp-json\/wp\/v2\/product\/5504","targetHints":{"allow":["GET"]}}],"collection":[{"href":"https:\/\/canonm5.com\/index.php\/wp-json\/wp\/v2\/product"}],"about":[{"href":"https:\/\/canonm5.com\/index.php\/wp-json\/wp\/v2\/types\/product"}],"wp:featuredmedia":[{"embeddable":true,"href":"https:\/\/canonm5.com\/index.php\/wp-json\/wp\/v2\/media\/5505"}],"wp:attachment":[{"href":"https:\/\/canonm5.com\/index.php\/wp-json\/wp\/v2\/media?parent=5504"}],"wp:term":[{"taxonomy":"product_cat","embeddable":true,"href":"https:\/\/canonm5.com\/index.php\/wp-json\/wp\/v2\/product_cat?post=5504"},{"taxonomy":"product_tag","embeddable":true,"href":"https:\/\/canonm5.com\/index.php\/wp-json\/wp\/v2\/product_tag?post=5504"}],"curies":[{"name":"wp","href":"https:\/\/api.w.org\/{rel}","templated":true}]}}