{"id":5425,"date":"2023-01-09T14:08:51","date_gmt":"2023-01-09T14:08:51","guid":{"rendered":"https:\/\/canonm5.com\/?post_type=product&#038;p=5425"},"modified":"2023-01-11T15:22:58","modified_gmt":"2023-01-11T15:22:58","slug":"set-maquillaje-crema-jovi-6-botes-8ml-zoo","status":"publish","type":"product","link":"https:\/\/canonm5.com\/index.php\/producto\/set-maquillaje-crema-jovi-6-botes-8ml-zoo\/","title":{"rendered":"SET MAQUILLAJE CREMA JOVI 6 BOTES 8ml ZOO"},"content":{"rendered":"<p>Incluye 6 colores: blanco, amarillo, naranja, marr\u00f3n, azul y negro.<br \/>\n&#8211; Textura suave.<br \/>\n&#8211; F\u00e1cil de aplicar, se elimina f\u00e1cilmente con una toallita<br \/>\n&#8211; Contiene dos esponjas, un pincel y un folleto de sugerencias de maquillaje<br \/>\n&#8211; Colores vivos y mezclables entre s\u00ed, de textura suave y agradable, no se seca<br \/>\n&#8211; Totalmente libre de al\u00e9rgenos y parabenos<\/p>\n<p>&nbsp;<\/p>\n<p><em>E.O. Madrid Cinco S.L., no se responsabiliza de posibles errores tipogr\u00e1ficos y de precio. Las fotograf\u00edas de los productos pueden sufrir cambios<\/em><\/p>\n","protected":false},"excerpt":{"rendered":"<p>Incluye 6 colores: blanco, amarillo, naranja, marr\u00f3n, azul y negro.<br \/>\n&#8211; Textura suave.<br \/>\n&#8211; F\u00e1cil de aplicar, se elimina f\u00e1cilmente con una toallita<br \/>\n&#8211; Contiene dos esponjas, un pincel y un folleto de sugerencias de maquillaje<br \/>\n&#8211; Colores vivos y mezclables entre s\u00ed, de textura suave y agradable, no se seca<br \/>\n&#8211; Totalmente libre de al\u00e9rgenos y parabenos<\/p>\n","protected":false},"featured_media":5427,"template":"","meta":{"_et_pb_use_builder":"","_et_pb_old_content":"","_et_gb_content_width":"","_joinchat":[]},"product_cat":[1723,966],"product_tag":[1733,1721,1198,1732],"class_list":{"0":"post-5425","1":"product","2":"type-product","3":"status-publish","4":"has-post-thumbnail","6":"product_cat-articulos-de-fiesta","7":"product_cat-material-escolar","8":"product_tag-crema","9":"product_tag-facial","10":"product_tag-jovi","11":"product_tag-maquillaje","13":"first","14":"instock","15":"taxable","16":"shipping-taxable","17":"purchasable","18":"product-type-simple"},"yoast_head":"<!-- This site is optimized with the Yoast SEO plugin v27.4 - https:\/\/yoast.com\/product\/yoast-seo-wordpress\/ -->\n<title>SET MAQUILLAJE CREMA JOVI 6 BOTES 8ml ZOO - Canon M5 Madrid | Distribuidor oficial Canon<\/title>\n<meta name=\"description\" content=\"El maquillaje en crema JOVI Face Paint, es muy f\u00e1cil de aplicar con los dedos, una esponja o un pincel sin necesidad de usar agua. Con gran capacidad cubriente, excelente calidad y textura suave. Es adecuado a partir de los 3 a\u00f1os de edad y adem\u00e1s se pueden mezclar entre s\u00ed para conseguir nuevos colores. No necesita poner crema debajo.\" \/>\n<meta name=\"robots\" content=\"index, follow, max-snippet:-1, max-image-preview:large, max-video-preview:-1\" \/>\n<link rel=\"canonical\" href=\"https:\/\/canonm5.com\/index.php\/producto\/set-maquillaje-crema-jovi-6-botes-8ml-zoo\/\" \/>\n<meta property=\"og:locale\" content=\"es_ES\" \/>\n<meta property=\"og:type\" content=\"article\" \/>\n<meta property=\"og:title\" content=\"SET MAQUILLAJE CREMA JOVI 6 BOTES 8ml ZOO - Canon M5 Madrid | Distribuidor oficial Canon\" \/>\n<meta property=\"og:description\" content=\"El maquillaje en crema JOVI Face Paint, es muy f\u00e1cil de aplicar con los dedos, una esponja o un pincel sin necesidad de usar agua. Con gran capacidad cubriente, excelente calidad y textura suave. Es adecuado a partir de los 3 a\u00f1os de edad y adem\u00e1s se pueden mezclar entre s\u00ed para conseguir nuevos colores. No necesita poner crema debajo.\" \/>\n<meta property=\"og:url\" content=\"https:\/\/canonm5.com\/index.php\/producto\/set-maquillaje-crema-jovi-6-botes-8ml-zoo\/\" \/>\n<meta property=\"og:site_name\" content=\"Canon M5 Madrid | Distribuidor oficial Canon\" \/>\n<meta property=\"article:modified_time\" content=\"2023-01-11T15:22:58+00:00\" \/>\n<meta property=\"og:image\" content=\"https:\/\/canonm5.com\/wp-content\/uploads\/2023\/01\/maquillaje-crema-paleta-6-colores-jovi-174z-zoo.jpg\" \/>\n\t<meta property=\"og:image:width\" content=\"239\" \/>\n\t<meta property=\"og:image:height\" content=\"239\" \/>\n\t<meta property=\"og:image:type\" content=\"image\/jpeg\" \/>\n<meta name=\"twitter:card\" content=\"summary_large_image\" \/>\n<script type=\"application\/ld+json\" class=\"yoast-schema-graph\">{\"@context\":\"https:\\\/\\\/schema.org\",\"@graph\":[{\"@type\":\"WebPage\",\"@id\":\"https:\\\/\\\/canonm5.com\\\/index.php\\\/producto\\\/set-maquillaje-crema-jovi-6-botes-8ml-zoo\\\/\",\"url\":\"https:\\\/\\\/canonm5.com\\\/index.php\\\/producto\\\/set-maquillaje-crema-jovi-6-botes-8ml-zoo\\\/\",\"name\":\"SET MAQUILLAJE CREMA JOVI 6 BOTES 8ml ZOO - Canon M5 Madrid | Distribuidor oficial Canon\",\"isPartOf\":{\"@id\":\"https:\\\/\\\/canonm5.com\\\/#website\"},\"primaryImageOfPage\":{\"@id\":\"https:\\\/\\\/canonm5.com\\\/index.php\\\/producto\\\/set-maquillaje-crema-jovi-6-botes-8ml-zoo\\\/#primaryimage\"},\"image\":{\"@id\":\"https:\\\/\\\/canonm5.com\\\/index.php\\\/producto\\\/set-maquillaje-crema-jovi-6-botes-8ml-zoo\\\/#primaryimage\"},\"thumbnailUrl\":\"https:\\\/\\\/canonm5.com\\\/wp-content\\\/uploads\\\/2023\\\/01\\\/maquillaje-crema-paleta-6-colores-jovi-174z-zoo.jpg\",\"datePublished\":\"2023-01-09T14:08:51+00:00\",\"dateModified\":\"2023-01-11T15:22:58+00:00\",\"description\":\"El maquillaje en crema JOVI Face Paint, es muy f\u00e1cil de aplicar con los dedos, una esponja o un pincel sin necesidad de usar agua. Con gran capacidad cubriente, excelente calidad y textura suave. Es adecuado a partir de los 3 a\u00f1os de edad y adem\u00e1s se pueden mezclar entre s\u00ed para conseguir nuevos colores. No necesita poner crema debajo.\",\"breadcrumb\":{\"@id\":\"https:\\\/\\\/canonm5.com\\\/index.php\\\/producto\\\/set-maquillaje-crema-jovi-6-botes-8ml-zoo\\\/#breadcrumb\"},\"inLanguage\":\"es\",\"potentialAction\":[{\"@type\":\"ReadAction\",\"target\":[\"https:\\\/\\\/canonm5.com\\\/index.php\\\/producto\\\/set-maquillaje-crema-jovi-6-botes-8ml-zoo\\\/\"]}]},{\"@type\":\"ImageObject\",\"inLanguage\":\"es\",\"@id\":\"https:\\\/\\\/canonm5.com\\\/index.php\\\/producto\\\/set-maquillaje-crema-jovi-6-botes-8ml-zoo\\\/#primaryimage\",\"url\":\"https:\\\/\\\/canonm5.com\\\/wp-content\\\/uploads\\\/2023\\\/01\\\/maquillaje-crema-paleta-6-colores-jovi-174z-zoo.jpg\",\"contentUrl\":\"https:\\\/\\\/canonm5.com\\\/wp-content\\\/uploads\\\/2023\\\/01\\\/maquillaje-crema-paleta-6-colores-jovi-174z-zoo.jpg\",\"width\":239,\"height\":239},{\"@type\":\"BreadcrumbList\",\"@id\":\"https:\\\/\\\/canonm5.com\\\/index.php\\\/producto\\\/set-maquillaje-crema-jovi-6-botes-8ml-zoo\\\/#breadcrumb\",\"itemListElement\":[{\"@type\":\"ListItem\",\"position\":1,\"name\":\"Portada\",\"item\":\"https:\\\/\\\/canonm5.com\\\/\"},{\"@type\":\"ListItem\",\"position\":2,\"name\":\"Nuestros productos\",\"item\":\"https:\\\/\\\/canonm5.com\\\/index.php\\\/productos\\\/\"},{\"@type\":\"ListItem\",\"position\":3,\"name\":\"SET MAQUILLAJE CREMA JOVI 6 BOTES 8ml ZOO\"}]},{\"@type\":\"WebSite\",\"@id\":\"https:\\\/\\\/canonm5.com\\\/#website\",\"url\":\"https:\\\/\\\/canonm5.com\\\/\",\"name\":\"Canon M5 Madrid | Distribuidor oficial Canon\",\"description\":\"Renting de impresoras para empresas\",\"potentialAction\":[{\"@type\":\"SearchAction\",\"target\":{\"@type\":\"EntryPoint\",\"urlTemplate\":\"https:\\\/\\\/canonm5.com\\\/?s={search_term_string}\"},\"query-input\":{\"@type\":\"PropertyValueSpecification\",\"valueRequired\":true,\"valueName\":\"search_term_string\"}}],\"inLanguage\":\"es\"}]}<\/script>\n<!-- \/ Yoast SEO plugin. -->","yoast_head_json":{"title":"SET MAQUILLAJE CREMA JOVI 6 BOTES 8ml ZOO - Canon M5 Madrid | Distribuidor oficial Canon","description":"El maquillaje en crema JOVI Face Paint, es muy f\u00e1cil de aplicar con los dedos, una esponja o un pincel sin necesidad de usar agua. Con gran capacidad cubriente, excelente calidad y textura suave. Es adecuado a partir de los 3 a\u00f1os de edad y adem\u00e1s se pueden mezclar entre s\u00ed para conseguir nuevos colores. No necesita poner crema debajo.","robots":{"index":"index","follow":"follow","max-snippet":"max-snippet:-1","max-image-preview":"max-image-preview:large","max-video-preview":"max-video-preview:-1"},"canonical":"https:\/\/canonm5.com\/index.php\/producto\/set-maquillaje-crema-jovi-6-botes-8ml-zoo\/","og_locale":"es_ES","og_type":"article","og_title":"SET MAQUILLAJE CREMA JOVI 6 BOTES 8ml ZOO - Canon M5 Madrid | Distribuidor oficial Canon","og_description":"El maquillaje en crema JOVI Face Paint, es muy f\u00e1cil de aplicar con los dedos, una esponja o un pincel sin necesidad de usar agua. Con gran capacidad cubriente, excelente calidad y textura suave. Es adecuado a partir de los 3 a\u00f1os de edad y adem\u00e1s se pueden mezclar entre s\u00ed para conseguir nuevos colores. No necesita poner crema debajo.","og_url":"https:\/\/canonm5.com\/index.php\/producto\/set-maquillaje-crema-jovi-6-botes-8ml-zoo\/","og_site_name":"Canon M5 Madrid | Distribuidor oficial Canon","article_modified_time":"2023-01-11T15:22:58+00:00","og_image":[{"width":239,"height":239,"url":"https:\/\/canonm5.com\/wp-content\/uploads\/2023\/01\/maquillaje-crema-paleta-6-colores-jovi-174z-zoo.jpg","type":"image\/jpeg"}],"twitter_card":"summary_large_image","schema":{"@context":"https:\/\/schema.org","@graph":[{"@type":"WebPage","@id":"https:\/\/canonm5.com\/index.php\/producto\/set-maquillaje-crema-jovi-6-botes-8ml-zoo\/","url":"https:\/\/canonm5.com\/index.php\/producto\/set-maquillaje-crema-jovi-6-botes-8ml-zoo\/","name":"SET MAQUILLAJE CREMA JOVI 6 BOTES 8ml ZOO - Canon M5 Madrid | Distribuidor oficial Canon","isPartOf":{"@id":"https:\/\/canonm5.com\/#website"},"primaryImageOfPage":{"@id":"https:\/\/canonm5.com\/index.php\/producto\/set-maquillaje-crema-jovi-6-botes-8ml-zoo\/#primaryimage"},"image":{"@id":"https:\/\/canonm5.com\/index.php\/producto\/set-maquillaje-crema-jovi-6-botes-8ml-zoo\/#primaryimage"},"thumbnailUrl":"https:\/\/canonm5.com\/wp-content\/uploads\/2023\/01\/maquillaje-crema-paleta-6-colores-jovi-174z-zoo.jpg","datePublished":"2023-01-09T14:08:51+00:00","dateModified":"2023-01-11T15:22:58+00:00","description":"El maquillaje en crema JOVI Face Paint, es muy f\u00e1cil de aplicar con los dedos, una esponja o un pincel sin necesidad de usar agua. Con gran capacidad cubriente, excelente calidad y textura suave. Es adecuado a partir de los 3 a\u00f1os de edad y adem\u00e1s se pueden mezclar entre s\u00ed para conseguir nuevos colores. No necesita poner crema debajo.","breadcrumb":{"@id":"https:\/\/canonm5.com\/index.php\/producto\/set-maquillaje-crema-jovi-6-botes-8ml-zoo\/#breadcrumb"},"inLanguage":"es","potentialAction":[{"@type":"ReadAction","target":["https:\/\/canonm5.com\/index.php\/producto\/set-maquillaje-crema-jovi-6-botes-8ml-zoo\/"]}]},{"@type":"ImageObject","inLanguage":"es","@id":"https:\/\/canonm5.com\/index.php\/producto\/set-maquillaje-crema-jovi-6-botes-8ml-zoo\/#primaryimage","url":"https:\/\/canonm5.com\/wp-content\/uploads\/2023\/01\/maquillaje-crema-paleta-6-colores-jovi-174z-zoo.jpg","contentUrl":"https:\/\/canonm5.com\/wp-content\/uploads\/2023\/01\/maquillaje-crema-paleta-6-colores-jovi-174z-zoo.jpg","width":239,"height":239},{"@type":"BreadcrumbList","@id":"https:\/\/canonm5.com\/index.php\/producto\/set-maquillaje-crema-jovi-6-botes-8ml-zoo\/#breadcrumb","itemListElement":[{"@type":"ListItem","position":1,"name":"Portada","item":"https:\/\/canonm5.com\/"},{"@type":"ListItem","position":2,"name":"Nuestros productos","item":"https:\/\/canonm5.com\/index.php\/productos\/"},{"@type":"ListItem","position":3,"name":"SET MAQUILLAJE CREMA JOVI 6 BOTES 8ml ZOO"}]},{"@type":"WebSite","@id":"https:\/\/canonm5.com\/#website","url":"https:\/\/canonm5.com\/","name":"Canon M5 Madrid | Distribuidor oficial Canon","description":"Renting de impresoras para empresas","potentialAction":[{"@type":"SearchAction","target":{"@type":"EntryPoint","urlTemplate":"https:\/\/canonm5.com\/?s={search_term_string}"},"query-input":{"@type":"PropertyValueSpecification","valueRequired":true,"valueName":"search_term_string"}}],"inLanguage":"es"}]}},"_links":{"self":[{"href":"https:\/\/canonm5.com\/index.php\/wp-json\/wp\/v2\/product\/5425","targetHints":{"allow":["GET"]}}],"collection":[{"href":"https:\/\/canonm5.com\/index.php\/wp-json\/wp\/v2\/product"}],"about":[{"href":"https:\/\/canonm5.com\/index.php\/wp-json\/wp\/v2\/types\/product"}],"wp:featuredmedia":[{"embeddable":true,"href":"https:\/\/canonm5.com\/index.php\/wp-json\/wp\/v2\/media\/5427"}],"wp:attachment":[{"href":"https:\/\/canonm5.com\/index.php\/wp-json\/wp\/v2\/media?parent=5425"}],"wp:term":[{"taxonomy":"product_cat","embeddable":true,"href":"https:\/\/canonm5.com\/index.php\/wp-json\/wp\/v2\/product_cat?post=5425"},{"taxonomy":"product_tag","embeddable":true,"href":"https:\/\/canonm5.com\/index.php\/wp-json\/wp\/v2\/product_tag?post=5425"}],"curies":[{"name":"wp","href":"https:\/\/api.w.org\/{rel}","templated":true}]}}