{"id":5383,"date":"2023-01-04T13:02:19","date_gmt":"2023-01-04T13:02:19","guid":{"rendered":"https:\/\/canonm5.com\/?post_type=product&#038;p=5383"},"modified":"2023-01-10T15:17:14","modified_gmt":"2023-01-10T15:17:14","slug":"reposapies-fellowes-climate","status":"publish","type":"product","link":"https:\/\/canonm5.com\/index.php\/producto\/reposapies-fellowes-climate\/","title":{"rendered":"REPOSAPI\u00c9S FELLOWES CLIMATE"},"content":{"rendered":"<p>&#8211; Reposapi\u00e9s<br \/>\n&#8211; Sistema de calor\/aire regulable<br \/>\n&#8211; Superficie de efecto masaje<br \/>\n&#8211; 3 niveles de regulaci\u00f3n de temperatura: aire, nivel de calor bajo y alto<br \/>\n&#8211; Apagado autom\u00e1tico despu\u00e9s de 8 h.<br \/>\n&#8211; Longitud de cable 1.25 m.<br \/>\n&#8211; Regulable en altura<\/p>\n<p>BAJO PEDIDO<\/p>\n<p>&nbsp;<\/p>\n<p><em>E.O. Madrid Cinco S.L., no se responsabiliza de posibles errores tipogr\u00e1ficos y de precio. Las fotograf\u00edas de los productos pueden sufrir cambios<\/em><\/p>\n","protected":false},"excerpt":{"rendered":"<p>&#8211; Reposapi\u00e9s<br \/>\n&#8211; Sistema de calor\/aire regulable<br \/>\n&#8211; Superficie de efecto masaje<br \/>\n&#8211; 3 niveles de regulaci\u00f3n de temperatura: aire, nivel de calor bajo y alto<br \/>\n&#8211; Apagado autom\u00e1tico despu\u00e9s de 8 h.<br \/>\n&#8211; Longitud de cable 1.25 m.<br \/>\n&#8211; Regulable en altura<\/p>\n<p>BAJO PEDIDO<\/p>\n","protected":false},"featured_media":5387,"template":"","meta":{"_et_pb_use_builder":"","_et_pb_old_content":"","_et_gb_content_width":"","_joinchat":[]},"product_cat":[1705],"product_tag":[1715,1714,1713,1711,1706],"class_list":{"0":"post-5383","1":"product","2":"type-product","3":"status-publish","4":"has-post-thumbnail","6":"product_cat-ergonomia","7":"product_tag-aire","8":"product_tag-calor","9":"product_tag-climate","10":"product_tag-ergonomia","11":"product_tag-reposapies","13":"first","14":"instock","15":"taxable","16":"shipping-taxable","17":"purchasable","18":"product-type-simple"},"yoast_head":"<!-- This site is optimized with the Yoast SEO plugin v27.4 - https:\/\/yoast.com\/product\/yoast-seo-wordpress\/ -->\n<title>REPOSAPI\u00c9S FELLOWES CLIMATE - Canon M5 Madrid | Distribuidor oficial Canon<\/title>\n<meta name=\"description\" content=\"Reposapi\u00e9s con sistema de calor\/aire regulable, que permite tener los pies a la temperatura deseada, ayudando a tener una situaci\u00f3n m\u00e1s confortable en el puesto de trabajo. Superficie de efecto masaje que favorece la circulaci\u00f3n de las piernas. Superficie de efecto masaje, que favorece la circulaci\u00f3n de las piernas. 3 niveles de regulaci\u00f3n de temperatura: aire, nivel de calor bajo (200W) y nivel de calor alto (500W). Longitud de cable 1.25 m., regulable en altura. Apagado autom\u00e1tico despu\u00e9s de 8 horas. Regulable en altura de 12,7 a 15,2cm. Medidas: 41,5x15x24,6cm.\" \/>\n<meta name=\"robots\" content=\"index, follow, max-snippet:-1, max-image-preview:large, max-video-preview:-1\" \/>\n<link rel=\"canonical\" href=\"https:\/\/canonm5.com\/index.php\/producto\/reposapies-fellowes-climate\/\" \/>\n<meta property=\"og:locale\" content=\"es_ES\" \/>\n<meta property=\"og:type\" content=\"article\" \/>\n<meta property=\"og:title\" content=\"REPOSAPI\u00c9S FELLOWES CLIMATE - Canon M5 Madrid | Distribuidor oficial Canon\" \/>\n<meta property=\"og:description\" content=\"Reposapi\u00e9s con sistema de calor\/aire regulable, que permite tener los pies a la temperatura deseada, ayudando a tener una situaci\u00f3n m\u00e1s confortable en el puesto de trabajo. Superficie de efecto masaje que favorece la circulaci\u00f3n de las piernas. Superficie de efecto masaje, que favorece la circulaci\u00f3n de las piernas. 3 niveles de regulaci\u00f3n de temperatura: aire, nivel de calor bajo (200W) y nivel de calor alto (500W). Longitud de cable 1.25 m., regulable en altura. Apagado autom\u00e1tico despu\u00e9s de 8 horas. Regulable en altura de 12,7 a 15,2cm. Medidas: 41,5x15x24,6cm.\" \/>\n<meta property=\"og:url\" content=\"https:\/\/canonm5.com\/index.php\/producto\/reposapies-fellowes-climate\/\" \/>\n<meta property=\"og:site_name\" content=\"Canon M5 Madrid | Distribuidor oficial Canon\" \/>\n<meta property=\"article:modified_time\" content=\"2023-01-10T15:17:14+00:00\" \/>\n<meta property=\"og:image\" content=\"https:\/\/canonm5.com\/wp-content\/uploads\/2023\/01\/reposapies-fellowes-climate-41x35cm-4.jpg\" \/>\n\t<meta property=\"og:image:width\" content=\"239\" \/>\n\t<meta property=\"og:image:height\" content=\"239\" \/>\n\t<meta property=\"og:image:type\" content=\"image\/jpeg\" \/>\n<meta name=\"twitter:card\" content=\"summary_large_image\" \/>\n<script type=\"application\/ld+json\" class=\"yoast-schema-graph\">{\"@context\":\"https:\\\/\\\/schema.org\",\"@graph\":[{\"@type\":\"WebPage\",\"@id\":\"https:\\\/\\\/canonm5.com\\\/index.php\\\/producto\\\/reposapies-fellowes-climate\\\/\",\"url\":\"https:\\\/\\\/canonm5.com\\\/index.php\\\/producto\\\/reposapies-fellowes-climate\\\/\",\"name\":\"REPOSAPI\u00c9S FELLOWES CLIMATE - Canon M5 Madrid | Distribuidor oficial Canon\",\"isPartOf\":{\"@id\":\"https:\\\/\\\/canonm5.com\\\/#website\"},\"primaryImageOfPage\":{\"@id\":\"https:\\\/\\\/canonm5.com\\\/index.php\\\/producto\\\/reposapies-fellowes-climate\\\/#primaryimage\"},\"image\":{\"@id\":\"https:\\\/\\\/canonm5.com\\\/index.php\\\/producto\\\/reposapies-fellowes-climate\\\/#primaryimage\"},\"thumbnailUrl\":\"https:\\\/\\\/canonm5.com\\\/wp-content\\\/uploads\\\/2023\\\/01\\\/reposapies-fellowes-climate-41x35cm-4.jpg\",\"datePublished\":\"2023-01-04T13:02:19+00:00\",\"dateModified\":\"2023-01-10T15:17:14+00:00\",\"description\":\"Reposapi\u00e9s con sistema de calor\\\/aire regulable, que permite tener los pies a la temperatura deseada, ayudando a tener una situaci\u00f3n m\u00e1s confortable en el puesto de trabajo. Superficie de efecto masaje que favorece la circulaci\u00f3n de las piernas. Superficie de efecto masaje, que favorece la circulaci\u00f3n de las piernas. 3 niveles de regulaci\u00f3n de temperatura: aire, nivel de calor bajo (200W) y nivel de calor alto (500W). Longitud de cable 1.25 m., regulable en altura. Apagado autom\u00e1tico despu\u00e9s de 8 horas. Regulable en altura de 12,7 a 15,2cm. Medidas: 41,5x15x24,6cm.\",\"breadcrumb\":{\"@id\":\"https:\\\/\\\/canonm5.com\\\/index.php\\\/producto\\\/reposapies-fellowes-climate\\\/#breadcrumb\"},\"inLanguage\":\"es\",\"potentialAction\":[{\"@type\":\"ReadAction\",\"target\":[\"https:\\\/\\\/canonm5.com\\\/index.php\\\/producto\\\/reposapies-fellowes-climate\\\/\"]}]},{\"@type\":\"ImageObject\",\"inLanguage\":\"es\",\"@id\":\"https:\\\/\\\/canonm5.com\\\/index.php\\\/producto\\\/reposapies-fellowes-climate\\\/#primaryimage\",\"url\":\"https:\\\/\\\/canonm5.com\\\/wp-content\\\/uploads\\\/2023\\\/01\\\/reposapies-fellowes-climate-41x35cm-4.jpg\",\"contentUrl\":\"https:\\\/\\\/canonm5.com\\\/wp-content\\\/uploads\\\/2023\\\/01\\\/reposapies-fellowes-climate-41x35cm-4.jpg\",\"width\":239,\"height\":239},{\"@type\":\"BreadcrumbList\",\"@id\":\"https:\\\/\\\/canonm5.com\\\/index.php\\\/producto\\\/reposapies-fellowes-climate\\\/#breadcrumb\",\"itemListElement\":[{\"@type\":\"ListItem\",\"position\":1,\"name\":\"Portada\",\"item\":\"https:\\\/\\\/canonm5.com\\\/\"},{\"@type\":\"ListItem\",\"position\":2,\"name\":\"Nuestros productos\",\"item\":\"https:\\\/\\\/canonm5.com\\\/index.php\\\/productos\\\/\"},{\"@type\":\"ListItem\",\"position\":3,\"name\":\"REPOSAPI\u00c9S FELLOWES CLIMATE\"}]},{\"@type\":\"WebSite\",\"@id\":\"https:\\\/\\\/canonm5.com\\\/#website\",\"url\":\"https:\\\/\\\/canonm5.com\\\/\",\"name\":\"Canon M5 Madrid | Distribuidor oficial Canon\",\"description\":\"Renting de impresoras para empresas\",\"potentialAction\":[{\"@type\":\"SearchAction\",\"target\":{\"@type\":\"EntryPoint\",\"urlTemplate\":\"https:\\\/\\\/canonm5.com\\\/?s={search_term_string}\"},\"query-input\":{\"@type\":\"PropertyValueSpecification\",\"valueRequired\":true,\"valueName\":\"search_term_string\"}}],\"inLanguage\":\"es\"}]}<\/script>\n<!-- \/ Yoast SEO plugin. -->","yoast_head_json":{"title":"REPOSAPI\u00c9S FELLOWES CLIMATE - Canon M5 Madrid | Distribuidor oficial Canon","description":"Reposapi\u00e9s con sistema de calor\/aire regulable, que permite tener los pies a la temperatura deseada, ayudando a tener una situaci\u00f3n m\u00e1s confortable en el puesto de trabajo. Superficie de efecto masaje que favorece la circulaci\u00f3n de las piernas. Superficie de efecto masaje, que favorece la circulaci\u00f3n de las piernas. 3 niveles de regulaci\u00f3n de temperatura: aire, nivel de calor bajo (200W) y nivel de calor alto (500W). Longitud de cable 1.25 m., regulable en altura. Apagado autom\u00e1tico despu\u00e9s de 8 horas. Regulable en altura de 12,7 a 15,2cm. Medidas: 41,5x15x24,6cm.","robots":{"index":"index","follow":"follow","max-snippet":"max-snippet:-1","max-image-preview":"max-image-preview:large","max-video-preview":"max-video-preview:-1"},"canonical":"https:\/\/canonm5.com\/index.php\/producto\/reposapies-fellowes-climate\/","og_locale":"es_ES","og_type":"article","og_title":"REPOSAPI\u00c9S FELLOWES CLIMATE - Canon M5 Madrid | Distribuidor oficial Canon","og_description":"Reposapi\u00e9s con sistema de calor\/aire regulable, que permite tener los pies a la temperatura deseada, ayudando a tener una situaci\u00f3n m\u00e1s confortable en el puesto de trabajo. Superficie de efecto masaje que favorece la circulaci\u00f3n de las piernas. Superficie de efecto masaje, que favorece la circulaci\u00f3n de las piernas. 3 niveles de regulaci\u00f3n de temperatura: aire, nivel de calor bajo (200W) y nivel de calor alto (500W). Longitud de cable 1.25 m., regulable en altura. Apagado autom\u00e1tico despu\u00e9s de 8 horas. Regulable en altura de 12,7 a 15,2cm. Medidas: 41,5x15x24,6cm.","og_url":"https:\/\/canonm5.com\/index.php\/producto\/reposapies-fellowes-climate\/","og_site_name":"Canon M5 Madrid | Distribuidor oficial Canon","article_modified_time":"2023-01-10T15:17:14+00:00","og_image":[{"width":239,"height":239,"url":"https:\/\/canonm5.com\/wp-content\/uploads\/2023\/01\/reposapies-fellowes-climate-41x35cm-4.jpg","type":"image\/jpeg"}],"twitter_card":"summary_large_image","schema":{"@context":"https:\/\/schema.org","@graph":[{"@type":"WebPage","@id":"https:\/\/canonm5.com\/index.php\/producto\/reposapies-fellowes-climate\/","url":"https:\/\/canonm5.com\/index.php\/producto\/reposapies-fellowes-climate\/","name":"REPOSAPI\u00c9S FELLOWES CLIMATE - Canon M5 Madrid | Distribuidor oficial Canon","isPartOf":{"@id":"https:\/\/canonm5.com\/#website"},"primaryImageOfPage":{"@id":"https:\/\/canonm5.com\/index.php\/producto\/reposapies-fellowes-climate\/#primaryimage"},"image":{"@id":"https:\/\/canonm5.com\/index.php\/producto\/reposapies-fellowes-climate\/#primaryimage"},"thumbnailUrl":"https:\/\/canonm5.com\/wp-content\/uploads\/2023\/01\/reposapies-fellowes-climate-41x35cm-4.jpg","datePublished":"2023-01-04T13:02:19+00:00","dateModified":"2023-01-10T15:17:14+00:00","description":"Reposapi\u00e9s con sistema de calor\/aire regulable, que permite tener los pies a la temperatura deseada, ayudando a tener una situaci\u00f3n m\u00e1s confortable en el puesto de trabajo. Superficie de efecto masaje que favorece la circulaci\u00f3n de las piernas. Superficie de efecto masaje, que favorece la circulaci\u00f3n de las piernas. 3 niveles de regulaci\u00f3n de temperatura: aire, nivel de calor bajo (200W) y nivel de calor alto (500W). Longitud de cable 1.25 m., regulable en altura. Apagado autom\u00e1tico despu\u00e9s de 8 horas. Regulable en altura de 12,7 a 15,2cm. Medidas: 41,5x15x24,6cm.","breadcrumb":{"@id":"https:\/\/canonm5.com\/index.php\/producto\/reposapies-fellowes-climate\/#breadcrumb"},"inLanguage":"es","potentialAction":[{"@type":"ReadAction","target":["https:\/\/canonm5.com\/index.php\/producto\/reposapies-fellowes-climate\/"]}]},{"@type":"ImageObject","inLanguage":"es","@id":"https:\/\/canonm5.com\/index.php\/producto\/reposapies-fellowes-climate\/#primaryimage","url":"https:\/\/canonm5.com\/wp-content\/uploads\/2023\/01\/reposapies-fellowes-climate-41x35cm-4.jpg","contentUrl":"https:\/\/canonm5.com\/wp-content\/uploads\/2023\/01\/reposapies-fellowes-climate-41x35cm-4.jpg","width":239,"height":239},{"@type":"BreadcrumbList","@id":"https:\/\/canonm5.com\/index.php\/producto\/reposapies-fellowes-climate\/#breadcrumb","itemListElement":[{"@type":"ListItem","position":1,"name":"Portada","item":"https:\/\/canonm5.com\/"},{"@type":"ListItem","position":2,"name":"Nuestros productos","item":"https:\/\/canonm5.com\/index.php\/productos\/"},{"@type":"ListItem","position":3,"name":"REPOSAPI\u00c9S FELLOWES CLIMATE"}]},{"@type":"WebSite","@id":"https:\/\/canonm5.com\/#website","url":"https:\/\/canonm5.com\/","name":"Canon M5 Madrid | Distribuidor oficial Canon","description":"Renting de impresoras para empresas","potentialAction":[{"@type":"SearchAction","target":{"@type":"EntryPoint","urlTemplate":"https:\/\/canonm5.com\/?s={search_term_string}"},"query-input":{"@type":"PropertyValueSpecification","valueRequired":true,"valueName":"search_term_string"}}],"inLanguage":"es"}]}},"_links":{"self":[{"href":"https:\/\/canonm5.com\/index.php\/wp-json\/wp\/v2\/product\/5383","targetHints":{"allow":["GET"]}}],"collection":[{"href":"https:\/\/canonm5.com\/index.php\/wp-json\/wp\/v2\/product"}],"about":[{"href":"https:\/\/canonm5.com\/index.php\/wp-json\/wp\/v2\/types\/product"}],"wp:featuredmedia":[{"embeddable":true,"href":"https:\/\/canonm5.com\/index.php\/wp-json\/wp\/v2\/media\/5387"}],"wp:attachment":[{"href":"https:\/\/canonm5.com\/index.php\/wp-json\/wp\/v2\/media?parent=5383"}],"wp:term":[{"taxonomy":"product_cat","embeddable":true,"href":"https:\/\/canonm5.com\/index.php\/wp-json\/wp\/v2\/product_cat?post=5383"},{"taxonomy":"product_tag","embeddable":true,"href":"https:\/\/canonm5.com\/index.php\/wp-json\/wp\/v2\/product_tag?post=5383"}],"curies":[{"name":"wp","href":"https:\/\/api.w.org\/{rel}","templated":true}]}}