{"id":5154,"date":"2022-12-22T14:51:43","date_gmt":"2022-12-22T14:51:43","guid":{"rendered":"https:\/\/canonm5.com\/?post_type=product&#038;p=5154"},"modified":"2023-01-09T15:11:42","modified_gmt":"2023-01-09T15:11:42","slug":"equip-adaptador-mini-displayport-macho-a-displayport-hembra","status":"publish","type":"product","link":"https:\/\/canonm5.com\/index.php\/producto\/equip-adaptador-mini-displayport-macho-a-displayport-hembra\/","title":{"rendered":"Equip Adaptador Mini DisplayPort Macho a DisplayPort Hembra"},"content":{"rendered":"<p>El adaptador equip\u00ae Mini DisplayPort a DisplayPort es la opci\u00f3n m\u00e1s econ\u00f3mica para utilizar cualquier cable DisplayPort en su interfaz Mini DisplayPort. Compuesto de materiales de alta calidad, este adaptador permite al usuario usar cables DisplayPort existentes y conectar dispositivos DisplayPort a dispositivos con interfaz Mini DisplayPort.<\/p>\n<p>Caracter\u00edsticas:<br \/>\n&#8211; Mini DisplayPort Macho a DisplayPort Hembra.<br \/>\n&#8211; Longitud: 15 CM.<br \/>\n&#8211; Instalaci\u00f3n simple Plug and Play.<br \/>\n&#8211; Admite resoluciones de video de hasta 4K \/ 60Hz.<\/p>\n<p>&nbsp;<\/p>\n<p><em>E.O. Madrid Cinco S.L., no se responsabiliza de posibles errores tipogr\u00e1ficos y de precio. Las fotograf\u00edas de los productos pueden sufrir cambios<\/em><\/p>\n<p><strong>\u00a0<\/strong><\/p>\n","protected":false},"excerpt":{"rendered":"<p>El adaptador equip\u00ae Mini DisplayPort a DisplayPort es la opci\u00f3n m\u00e1s econ\u00f3mica para utilizar cualquier cable DisplayPort en su interfaz Mini DisplayPort. Compuesto de materiales de alta calidad, este adaptador permite al usuario usar cables DisplayPort existentes y conectar dispositivos DisplayPort a dispositivos con interfaz Mini DisplayPort.<\/p>\n<p>Caracter\u00edsticas:<br \/>\n&#8211; Mini DisplayPort Macho a DisplayPort Hembra.<br \/>\n&#8211; Longitud: 15 CM.<br \/>\n&#8211; Instalaci\u00f3n simple Plug and Play.<br \/>\n&#8211; Admite resoluciones de video de hasta 4K \/ 60Hz.<\/p>\n","protected":false},"featured_media":5155,"template":"","meta":{"_et_pb_use_builder":"","_et_pb_old_content":"","_et_gb_content_width":"","_joinchat":[]},"product_cat":[1034,801],"product_tag":[1641,1652,1653],"class_list":{"0":"post-5154","1":"product","2":"type-product","3":"status-publish","4":"has-post-thumbnail","6":"product_cat-accesorios","7":"product_cat-informatica","8":"product_tag-adaptador","9":"product_tag-mini-display","10":"product_tag-port","12":"first","13":"instock","14":"taxable","15":"shipping-taxable","16":"purchasable","17":"product-type-simple"},"yoast_head":"<!-- This site is optimized with the Yoast SEO plugin v27.4 - https:\/\/yoast.com\/product\/yoast-seo-wordpress\/ -->\n<title>Equip Adaptador Mini DisplayPort Macho a DisplayPort Hembra - Canon M5 Madrid | Distribuidor oficial Canon<\/title>\n<meta name=\"description\" content=\"El adaptador equip\u00ae Mini DisplayPort a DisplayPort es la opci\u00f3n m\u00e1s econ\u00f3mica para utilizar cualquier cable DisplayPort en su interfaz Mini DisplayPort. Compuesto de materiales de alta calidad, este adaptador permite al usuario usar cables DisplayPort existentes y conectar dispositivos DisplayPort a dispositivos con interfaz Mini DisplayPort.\" \/>\n<meta name=\"robots\" content=\"index, follow, max-snippet:-1, max-image-preview:large, max-video-preview:-1\" \/>\n<link rel=\"canonical\" href=\"https:\/\/canonm5.com\/index.php\/producto\/equip-adaptador-mini-displayport-macho-a-displayport-hembra\/\" \/>\n<meta property=\"og:locale\" content=\"es_ES\" \/>\n<meta property=\"og:type\" content=\"article\" \/>\n<meta property=\"og:title\" content=\"Equip Adaptador Mini DisplayPort Macho a DisplayPort Hembra - Canon M5 Madrid | Distribuidor oficial Canon\" \/>\n<meta property=\"og:description\" content=\"El adaptador equip\u00ae Mini DisplayPort a DisplayPort es la opci\u00f3n m\u00e1s econ\u00f3mica para utilizar cualquier cable DisplayPort en su interfaz Mini DisplayPort. Compuesto de materiales de alta calidad, este adaptador permite al usuario usar cables DisplayPort existentes y conectar dispositivos DisplayPort a dispositivos con interfaz Mini DisplayPort.\" \/>\n<meta property=\"og:url\" content=\"https:\/\/canonm5.com\/index.php\/producto\/equip-adaptador-mini-displayport-macho-a-displayport-hembra\/\" \/>\n<meta property=\"og:site_name\" content=\"Canon M5 Madrid | Distribuidor oficial Canon\" \/>\n<meta property=\"article:modified_time\" content=\"2023-01-09T15:11:42+00:00\" \/>\n<meta property=\"og:image\" content=\"https:\/\/canonm5.com\/wp-content\/uploads\/2022\/12\/104704_1.jpg\" \/>\n\t<meta property=\"og:image:width\" content=\"348\" \/>\n\t<meta property=\"og:image:height\" content=\"261\" \/>\n\t<meta property=\"og:image:type\" content=\"image\/jpeg\" \/>\n<meta name=\"twitter:card\" content=\"summary_large_image\" \/>\n<meta name=\"twitter:label1\" content=\"Tiempo de lectura\" \/>\n\t<meta name=\"twitter:data1\" content=\"1 minuto\" \/>\n<script type=\"application\/ld+json\" class=\"yoast-schema-graph\">{\"@context\":\"https:\\\/\\\/schema.org\",\"@graph\":[{\"@type\":\"WebPage\",\"@id\":\"https:\\\/\\\/canonm5.com\\\/index.php\\\/producto\\\/equip-adaptador-mini-displayport-macho-a-displayport-hembra\\\/\",\"url\":\"https:\\\/\\\/canonm5.com\\\/index.php\\\/producto\\\/equip-adaptador-mini-displayport-macho-a-displayport-hembra\\\/\",\"name\":\"Equip Adaptador Mini DisplayPort Macho a DisplayPort Hembra - Canon M5 Madrid | Distribuidor oficial Canon\",\"isPartOf\":{\"@id\":\"https:\\\/\\\/canonm5.com\\\/#website\"},\"primaryImageOfPage\":{\"@id\":\"https:\\\/\\\/canonm5.com\\\/index.php\\\/producto\\\/equip-adaptador-mini-displayport-macho-a-displayport-hembra\\\/#primaryimage\"},\"image\":{\"@id\":\"https:\\\/\\\/canonm5.com\\\/index.php\\\/producto\\\/equip-adaptador-mini-displayport-macho-a-displayport-hembra\\\/#primaryimage\"},\"thumbnailUrl\":\"https:\\\/\\\/canonm5.com\\\/wp-content\\\/uploads\\\/2022\\\/12\\\/104704_1.jpg\",\"datePublished\":\"2022-12-22T14:51:43+00:00\",\"dateModified\":\"2023-01-09T15:11:42+00:00\",\"description\":\"El adaptador equip\u00ae Mini DisplayPort a DisplayPort es la opci\u00f3n m\u00e1s econ\u00f3mica para utilizar cualquier cable DisplayPort en su interfaz Mini DisplayPort. Compuesto de materiales de alta calidad, este adaptador permite al usuario usar cables DisplayPort existentes y conectar dispositivos DisplayPort a dispositivos con interfaz Mini DisplayPort.\",\"breadcrumb\":{\"@id\":\"https:\\\/\\\/canonm5.com\\\/index.php\\\/producto\\\/equip-adaptador-mini-displayport-macho-a-displayport-hembra\\\/#breadcrumb\"},\"inLanguage\":\"es\",\"potentialAction\":[{\"@type\":\"ReadAction\",\"target\":[\"https:\\\/\\\/canonm5.com\\\/index.php\\\/producto\\\/equip-adaptador-mini-displayport-macho-a-displayport-hembra\\\/\"]}]},{\"@type\":\"ImageObject\",\"inLanguage\":\"es\",\"@id\":\"https:\\\/\\\/canonm5.com\\\/index.php\\\/producto\\\/equip-adaptador-mini-displayport-macho-a-displayport-hembra\\\/#primaryimage\",\"url\":\"https:\\\/\\\/canonm5.com\\\/wp-content\\\/uploads\\\/2022\\\/12\\\/104704_1.jpg\",\"contentUrl\":\"https:\\\/\\\/canonm5.com\\\/wp-content\\\/uploads\\\/2022\\\/12\\\/104704_1.jpg\",\"width\":348,\"height\":261},{\"@type\":\"BreadcrumbList\",\"@id\":\"https:\\\/\\\/canonm5.com\\\/index.php\\\/producto\\\/equip-adaptador-mini-displayport-macho-a-displayport-hembra\\\/#breadcrumb\",\"itemListElement\":[{\"@type\":\"ListItem\",\"position\":1,\"name\":\"Portada\",\"item\":\"https:\\\/\\\/canonm5.com\\\/\"},{\"@type\":\"ListItem\",\"position\":2,\"name\":\"Nuestros productos\",\"item\":\"https:\\\/\\\/canonm5.com\\\/index.php\\\/productos\\\/\"},{\"@type\":\"ListItem\",\"position\":3,\"name\":\"Equip Adaptador Mini DisplayPort Macho a DisplayPort Hembra\"}]},{\"@type\":\"WebSite\",\"@id\":\"https:\\\/\\\/canonm5.com\\\/#website\",\"url\":\"https:\\\/\\\/canonm5.com\\\/\",\"name\":\"Canon M5 Madrid | Distribuidor oficial Canon\",\"description\":\"Renting de impresoras para empresas\",\"potentialAction\":[{\"@type\":\"SearchAction\",\"target\":{\"@type\":\"EntryPoint\",\"urlTemplate\":\"https:\\\/\\\/canonm5.com\\\/?s={search_term_string}\"},\"query-input\":{\"@type\":\"PropertyValueSpecification\",\"valueRequired\":true,\"valueName\":\"search_term_string\"}}],\"inLanguage\":\"es\"}]}<\/script>\n<!-- \/ Yoast SEO plugin. -->","yoast_head_json":{"title":"Equip Adaptador Mini DisplayPort Macho a DisplayPort Hembra - Canon M5 Madrid | Distribuidor oficial Canon","description":"El adaptador equip\u00ae Mini DisplayPort a DisplayPort es la opci\u00f3n m\u00e1s econ\u00f3mica para utilizar cualquier cable DisplayPort en su interfaz Mini DisplayPort. Compuesto de materiales de alta calidad, este adaptador permite al usuario usar cables DisplayPort existentes y conectar dispositivos DisplayPort a dispositivos con interfaz Mini DisplayPort.","robots":{"index":"index","follow":"follow","max-snippet":"max-snippet:-1","max-image-preview":"max-image-preview:large","max-video-preview":"max-video-preview:-1"},"canonical":"https:\/\/canonm5.com\/index.php\/producto\/equip-adaptador-mini-displayport-macho-a-displayport-hembra\/","og_locale":"es_ES","og_type":"article","og_title":"Equip Adaptador Mini DisplayPort Macho a DisplayPort Hembra - Canon M5 Madrid | Distribuidor oficial Canon","og_description":"El adaptador equip\u00ae Mini DisplayPort a DisplayPort es la opci\u00f3n m\u00e1s econ\u00f3mica para utilizar cualquier cable DisplayPort en su interfaz Mini DisplayPort. Compuesto de materiales de alta calidad, este adaptador permite al usuario usar cables DisplayPort existentes y conectar dispositivos DisplayPort a dispositivos con interfaz Mini DisplayPort.","og_url":"https:\/\/canonm5.com\/index.php\/producto\/equip-adaptador-mini-displayport-macho-a-displayport-hembra\/","og_site_name":"Canon M5 Madrid | Distribuidor oficial Canon","article_modified_time":"2023-01-09T15:11:42+00:00","og_image":[{"width":348,"height":261,"url":"https:\/\/canonm5.com\/wp-content\/uploads\/2022\/12\/104704_1.jpg","type":"image\/jpeg"}],"twitter_card":"summary_large_image","twitter_misc":{"Tiempo de lectura":"1 minuto"},"schema":{"@context":"https:\/\/schema.org","@graph":[{"@type":"WebPage","@id":"https:\/\/canonm5.com\/index.php\/producto\/equip-adaptador-mini-displayport-macho-a-displayport-hembra\/","url":"https:\/\/canonm5.com\/index.php\/producto\/equip-adaptador-mini-displayport-macho-a-displayport-hembra\/","name":"Equip Adaptador Mini DisplayPort Macho a DisplayPort Hembra - Canon M5 Madrid | Distribuidor oficial Canon","isPartOf":{"@id":"https:\/\/canonm5.com\/#website"},"primaryImageOfPage":{"@id":"https:\/\/canonm5.com\/index.php\/producto\/equip-adaptador-mini-displayport-macho-a-displayport-hembra\/#primaryimage"},"image":{"@id":"https:\/\/canonm5.com\/index.php\/producto\/equip-adaptador-mini-displayport-macho-a-displayport-hembra\/#primaryimage"},"thumbnailUrl":"https:\/\/canonm5.com\/wp-content\/uploads\/2022\/12\/104704_1.jpg","datePublished":"2022-12-22T14:51:43+00:00","dateModified":"2023-01-09T15:11:42+00:00","description":"El adaptador equip\u00ae Mini DisplayPort a DisplayPort es la opci\u00f3n m\u00e1s econ\u00f3mica para utilizar cualquier cable DisplayPort en su interfaz Mini DisplayPort. Compuesto de materiales de alta calidad, este adaptador permite al usuario usar cables DisplayPort existentes y conectar dispositivos DisplayPort a dispositivos con interfaz Mini DisplayPort.","breadcrumb":{"@id":"https:\/\/canonm5.com\/index.php\/producto\/equip-adaptador-mini-displayport-macho-a-displayport-hembra\/#breadcrumb"},"inLanguage":"es","potentialAction":[{"@type":"ReadAction","target":["https:\/\/canonm5.com\/index.php\/producto\/equip-adaptador-mini-displayport-macho-a-displayport-hembra\/"]}]},{"@type":"ImageObject","inLanguage":"es","@id":"https:\/\/canonm5.com\/index.php\/producto\/equip-adaptador-mini-displayport-macho-a-displayport-hembra\/#primaryimage","url":"https:\/\/canonm5.com\/wp-content\/uploads\/2022\/12\/104704_1.jpg","contentUrl":"https:\/\/canonm5.com\/wp-content\/uploads\/2022\/12\/104704_1.jpg","width":348,"height":261},{"@type":"BreadcrumbList","@id":"https:\/\/canonm5.com\/index.php\/producto\/equip-adaptador-mini-displayport-macho-a-displayport-hembra\/#breadcrumb","itemListElement":[{"@type":"ListItem","position":1,"name":"Portada","item":"https:\/\/canonm5.com\/"},{"@type":"ListItem","position":2,"name":"Nuestros productos","item":"https:\/\/canonm5.com\/index.php\/productos\/"},{"@type":"ListItem","position":3,"name":"Equip Adaptador Mini DisplayPort Macho a DisplayPort Hembra"}]},{"@type":"WebSite","@id":"https:\/\/canonm5.com\/#website","url":"https:\/\/canonm5.com\/","name":"Canon M5 Madrid | Distribuidor oficial Canon","description":"Renting de impresoras para empresas","potentialAction":[{"@type":"SearchAction","target":{"@type":"EntryPoint","urlTemplate":"https:\/\/canonm5.com\/?s={search_term_string}"},"query-input":{"@type":"PropertyValueSpecification","valueRequired":true,"valueName":"search_term_string"}}],"inLanguage":"es"}]}},"_links":{"self":[{"href":"https:\/\/canonm5.com\/index.php\/wp-json\/wp\/v2\/product\/5154","targetHints":{"allow":["GET"]}}],"collection":[{"href":"https:\/\/canonm5.com\/index.php\/wp-json\/wp\/v2\/product"}],"about":[{"href":"https:\/\/canonm5.com\/index.php\/wp-json\/wp\/v2\/types\/product"}],"wp:featuredmedia":[{"embeddable":true,"href":"https:\/\/canonm5.com\/index.php\/wp-json\/wp\/v2\/media\/5155"}],"wp:attachment":[{"href":"https:\/\/canonm5.com\/index.php\/wp-json\/wp\/v2\/media?parent=5154"}],"wp:term":[{"taxonomy":"product_cat","embeddable":true,"href":"https:\/\/canonm5.com\/index.php\/wp-json\/wp\/v2\/product_cat?post=5154"},{"taxonomy":"product_tag","embeddable":true,"href":"https:\/\/canonm5.com\/index.php\/wp-json\/wp\/v2\/product_tag?post=5154"}],"curies":[{"name":"wp","href":"https:\/\/api.w.org\/{rel}","templated":true}]}}