{"id":4404,"date":"2022-11-17T14:43:15","date_gmt":"2022-11-17T14:43:15","guid":{"rendered":"https:\/\/canonm5.com\/?post_type=product&#038;p=4404"},"modified":"2022-11-21T14:59:55","modified_gmt":"2022-11-21T14:59:55","slug":"talius-mesa-gaming-warship-x1-con-iluminacion-led-rgb-tablero-de-cristal-templado-120x60cm-mando-en-el-cable-patas-de-acero-hasta-60kg-color-negro","status":"publish","type":"product","link":"https:\/\/canonm5.com\/index.php\/producto\/talius-mesa-gaming-warship-x1-con-iluminacion-led-rgb-tablero-de-cristal-templado-120x60cm-mando-en-el-cable-patas-de-acero-hasta-60kg-color-negro\/","title":{"rendered":"Talius Mesa Gaming Warship X1 con Iluminacion LED RGB &#8211; Tablero de Cristal Templado 120x60cm &#8211; Mando en el Cable &#8211; Patas de Acero &#8211; Hasta 60kg &#8211; Color Negro"},"content":{"rendered":"<p>Mesas Gaming Warship de Talius, una pieza indispensable si buscas disfrutar de tus horas de juego en un nivel superior. Tablero con formas atrevidas y terminado en fibra de carbono y cristal templado, patas de acero en forma de X para una firmeza absoluta y organizaci\u00f3n de cables. El modelo X1 con luces LED RGB con varios modos de iluminaci\u00f3n y acabado en cristal templado es el m\u00e1s exclusivo, incluye stand para gamepads y auriculares y stand para el monitor, para los que lo quieren todo.<\/p>\n<p>Caracteristicas:<\/p>\n<p>-Tablero con acabado en fibra de carbono y cristal templado.<br \/>\n-Patas en forma de X.<br \/>\n-Luces LED RGB en las esquinas.<\/p>\n<p>Especificaciones:<\/p>\n<p>-Color: Negro<br \/>\n-Iluminacion LED: 7 colores, 4 modos de RGB din\u00e1micos<br \/>\n-Peso: 27.6 Kg<br \/>\n-Capacidad de peso: 60 Kg<br \/>\n-Tablero: Tablero de cristal templado<br \/>\n-Patas: Acero resistente en forma de X<br \/>\n-Soporte Monitor: Soporte elevador<br \/>\n-Soporte: Incluye soporte para gamepad y auriculares<br \/>\n-Posavasos: No<br \/>\n-Gancho para auricular: Si<br \/>\n-Centralita: Incluye mando en el cable<br \/>\n-Medida tablero: 1200 X 600 mm<br \/>\n-Medida soporte monitor: 200&#215;1100 mm<br \/>\n-Organizador de cable: No<\/p>\n<p>&nbsp;<\/p>\n<p><em>E.O. Madrid Cinco S.L., no se responsabiliza de posibles errores tipogr\u00e1ficos y de precio. Las fotograf\u00edas de los productos pueden sufrir cambios<\/em><\/p>\n","protected":false},"excerpt":{"rendered":"<p>Mesas Gaming Warship de Talius, una pieza indispensable si buscas disfrutar de tus horas de juego en un nivel superior. Tablero con formas atrevidas y terminado en fibra de carbono y cristal templado, patas de acero en forma de X para una firmeza absoluta y organizaci\u00f3n de cables. El modelo X1 con luces LED RGB con varios modos de iluminaci\u00f3n y acabado en cristal templado es el m\u00e1s exclusivo, incluye stand para gamepads y auriculares y stand para el monitor, para los que lo quieren todo.<\/p>\n<p>Caracteristicas:<\/p>\n<p>-Tablero con acabado en fibra de carbono y cristal templado.<br \/>\n-Patas en forma de X.<br \/>\n-Luces LED RGB en las esquinas.<\/p>\n<p>Especificaciones:<\/p>\n<p>-Color: Negro<br \/>\n-Iluminacion LED: 7 colores, 4 modos de RGB din\u00e1micos<br \/>\n-Peso: 27.6 Kg<br \/>\n-Capacidad de peso: 60 Kg<br \/>\n-Tablero: Tablero de cristal templado<br \/>\n-Patas: Acero resistente en forma de X<br \/>\n-Soporte Monitor: Soporte elevador<br \/>\n-Soporte: Incluye soporte para gamepad y auriculares<br \/>\n-Posavasos: No<br \/>\n-Gancho para auricular: Si<br \/>\n-Centralita: Incluye mando en el cable<br \/>\n-Medida tablero: 1200 X 600 mm<br \/>\n-Medida soporte monitor: 200&#215;1100 mm<br \/>\n-Organizador de cable: No<\/p>\n","protected":false},"featured_media":4405,"template":"","meta":{"_et_pb_use_builder":"","_et_pb_old_content":"","_et_gb_content_width":"","_joinchat":[]},"product_cat":[801,1169],"product_tag":[1405,1122,1407,1123,1402,1408,1406,1403,1404],"class_list":{"0":"post-4404","1":"product","2":"type-product","3":"status-publish","4":"has-post-thumbnail","6":"product_cat-informatica","7":"product_cat-productos-gaming","8":"product_tag-crista","9":"product_tag-gaming","10":"product_tag-iluminacion","11":"product_tag-led","12":"product_tag-mesas","13":"product_tag-rgb","14":"product_tag-templado","15":"product_tag-warship","16":"product_tag-x1","18":"first","19":"instock","20":"taxable","21":"shipping-taxable","22":"purchasable","23":"product-type-simple"},"yoast_head":"<!-- This site is optimized with the Yoast SEO plugin v27.4 - https:\/\/yoast.com\/product\/yoast-seo-wordpress\/ -->\n<title>Talius Mesa Gaming Warship X1 con Iluminacion LED RGB - Tablero de Cristal Templado 120x60cm - Mando en el Cable - Patas de Acero - Hasta 60kg - Color Negro - Canon M5 Madrid | Distribuidor oficial Canon<\/title>\n<meta name=\"robots\" content=\"index, follow, max-snippet:-1, max-image-preview:large, max-video-preview:-1\" \/>\n<link rel=\"canonical\" href=\"https:\/\/canonm5.com\/index.php\/producto\/talius-mesa-gaming-warship-x1-con-iluminacion-led-rgb-tablero-de-cristal-templado-120x60cm-mando-en-el-cable-patas-de-acero-hasta-60kg-color-negro\/\" \/>\n<meta property=\"og:locale\" content=\"es_ES\" \/>\n<meta property=\"og:type\" content=\"article\" \/>\n<meta property=\"og:title\" content=\"Talius Mesa Gaming Warship X1 con Iluminacion LED RGB - Tablero de Cristal Templado 120x60cm - Mando en el Cable - Patas de Acero - Hasta 60kg - Color Negro - Canon M5 Madrid | Distribuidor oficial Canon\" \/>\n<meta property=\"og:description\" content=\"Mesas Gaming Warship de Talius, una pieza indispensable si buscas disfrutar de tus horas de juego en un nivel superior. Tablero con formas atrevidas y terminado en fibra de carbono y cristal templado, patas de acero en forma de X para una firmeza absoluta y organizaci\u00f3n de cables. El modelo X1 con luces LED RGB con varios modos de iluminaci\u00f3n y acabado en cristal templado es el m\u00e1s exclusivo, incluye stand para gamepads y auriculares y stand para el monitor, para los que lo quieren todo.  Caracteristicas:  -Tablero con acabado en fibra de carbono y cristal templado. -Patas en forma de X. -Luces LED RGB en las esquinas.  Especificaciones:  -Color: Negro -Iluminacion LED: 7 colores, 4 modos de RGB din\u00e1micos -Peso: 27.6 Kg -Capacidad de peso: 60 Kg -Tablero: Tablero de cristal templado -Patas: Acero resistente en forma de X -Soporte Monitor: Soporte elevador -Soporte: Incluye soporte para gamepad y auriculares -Posavasos: No -Gancho para auricular: Si -Centralita: Incluye mando en el cable -Medida tablero: 1200 X 600 mm -Medida soporte monitor: 200x1100 mm -Organizador de cable: No\" \/>\n<meta property=\"og:url\" content=\"https:\/\/canonm5.com\/index.php\/producto\/talius-mesa-gaming-warship-x1-con-iluminacion-led-rgb-tablero-de-cristal-templado-120x60cm-mando-en-el-cable-patas-de-acero-hasta-60kg-color-negro\/\" \/>\n<meta property=\"og:site_name\" content=\"Canon M5 Madrid | Distribuidor oficial Canon\" \/>\n<meta property=\"article:modified_time\" content=\"2022-11-21T14:59:55+00:00\" \/>\n<meta property=\"og:image\" content=\"https:\/\/canonm5.com\/wp-content\/uploads\/2022\/11\/129113_1.jpg\" \/>\n\t<meta property=\"og:image:width\" content=\"1000\" \/>\n\t<meta property=\"og:image:height\" content=\"1000\" \/>\n\t<meta property=\"og:image:type\" content=\"image\/jpeg\" \/>\n<meta name=\"twitter:card\" content=\"summary_large_image\" \/>\n<meta name=\"twitter:label1\" content=\"Tiempo de lectura\" \/>\n\t<meta name=\"twitter:data1\" content=\"1 minuto\" \/>\n<script type=\"application\/ld+json\" class=\"yoast-schema-graph\">{\"@context\":\"https:\\\/\\\/schema.org\",\"@graph\":[{\"@type\":\"WebPage\",\"@id\":\"https:\\\/\\\/canonm5.com\\\/index.php\\\/producto\\\/talius-mesa-gaming-warship-x1-con-iluminacion-led-rgb-tablero-de-cristal-templado-120x60cm-mando-en-el-cable-patas-de-acero-hasta-60kg-color-negro\\\/\",\"url\":\"https:\\\/\\\/canonm5.com\\\/index.php\\\/producto\\\/talius-mesa-gaming-warship-x1-con-iluminacion-led-rgb-tablero-de-cristal-templado-120x60cm-mando-en-el-cable-patas-de-acero-hasta-60kg-color-negro\\\/\",\"name\":\"Talius Mesa Gaming Warship X1 con Iluminacion LED RGB - Tablero de Cristal Templado 120x60cm - Mando en el Cable - Patas de Acero - Hasta 60kg - Color Negro - Canon M5 Madrid | Distribuidor oficial Canon\",\"isPartOf\":{\"@id\":\"https:\\\/\\\/canonm5.com\\\/#website\"},\"primaryImageOfPage\":{\"@id\":\"https:\\\/\\\/canonm5.com\\\/index.php\\\/producto\\\/talius-mesa-gaming-warship-x1-con-iluminacion-led-rgb-tablero-de-cristal-templado-120x60cm-mando-en-el-cable-patas-de-acero-hasta-60kg-color-negro\\\/#primaryimage\"},\"image\":{\"@id\":\"https:\\\/\\\/canonm5.com\\\/index.php\\\/producto\\\/talius-mesa-gaming-warship-x1-con-iluminacion-led-rgb-tablero-de-cristal-templado-120x60cm-mando-en-el-cable-patas-de-acero-hasta-60kg-color-negro\\\/#primaryimage\"},\"thumbnailUrl\":\"https:\\\/\\\/canonm5.com\\\/wp-content\\\/uploads\\\/2022\\\/11\\\/129113_1.jpg\",\"datePublished\":\"2022-11-17T14:43:15+00:00\",\"dateModified\":\"2022-11-21T14:59:55+00:00\",\"breadcrumb\":{\"@id\":\"https:\\\/\\\/canonm5.com\\\/index.php\\\/producto\\\/talius-mesa-gaming-warship-x1-con-iluminacion-led-rgb-tablero-de-cristal-templado-120x60cm-mando-en-el-cable-patas-de-acero-hasta-60kg-color-negro\\\/#breadcrumb\"},\"inLanguage\":\"es\",\"potentialAction\":[{\"@type\":\"ReadAction\",\"target\":[\"https:\\\/\\\/canonm5.com\\\/index.php\\\/producto\\\/talius-mesa-gaming-warship-x1-con-iluminacion-led-rgb-tablero-de-cristal-templado-120x60cm-mando-en-el-cable-patas-de-acero-hasta-60kg-color-negro\\\/\"]}]},{\"@type\":\"ImageObject\",\"inLanguage\":\"es\",\"@id\":\"https:\\\/\\\/canonm5.com\\\/index.php\\\/producto\\\/talius-mesa-gaming-warship-x1-con-iluminacion-led-rgb-tablero-de-cristal-templado-120x60cm-mando-en-el-cable-patas-de-acero-hasta-60kg-color-negro\\\/#primaryimage\",\"url\":\"https:\\\/\\\/canonm5.com\\\/wp-content\\\/uploads\\\/2022\\\/11\\\/129113_1.jpg\",\"contentUrl\":\"https:\\\/\\\/canonm5.com\\\/wp-content\\\/uploads\\\/2022\\\/11\\\/129113_1.jpg\",\"width\":1000,\"height\":1000},{\"@type\":\"BreadcrumbList\",\"@id\":\"https:\\\/\\\/canonm5.com\\\/index.php\\\/producto\\\/talius-mesa-gaming-warship-x1-con-iluminacion-led-rgb-tablero-de-cristal-templado-120x60cm-mando-en-el-cable-patas-de-acero-hasta-60kg-color-negro\\\/#breadcrumb\",\"itemListElement\":[{\"@type\":\"ListItem\",\"position\":1,\"name\":\"Portada\",\"item\":\"https:\\\/\\\/canonm5.com\\\/\"},{\"@type\":\"ListItem\",\"position\":2,\"name\":\"Nuestros productos\",\"item\":\"https:\\\/\\\/canonm5.com\\\/index.php\\\/productos\\\/\"},{\"@type\":\"ListItem\",\"position\":3,\"name\":\"Talius Mesa Gaming Warship X1 con Iluminacion LED RGB &#8211; Tablero de Cristal Templado 120x60cm &#8211; Mando en el Cable &#8211; Patas de Acero &#8211; Hasta 60kg &#8211; Color Negro\"}]},{\"@type\":\"WebSite\",\"@id\":\"https:\\\/\\\/canonm5.com\\\/#website\",\"url\":\"https:\\\/\\\/canonm5.com\\\/\",\"name\":\"Canon M5 Madrid | Distribuidor oficial Canon\",\"description\":\"Renting de impresoras para empresas\",\"potentialAction\":[{\"@type\":\"SearchAction\",\"target\":{\"@type\":\"EntryPoint\",\"urlTemplate\":\"https:\\\/\\\/canonm5.com\\\/?s={search_term_string}\"},\"query-input\":{\"@type\":\"PropertyValueSpecification\",\"valueRequired\":true,\"valueName\":\"search_term_string\"}}],\"inLanguage\":\"es\"}]}<\/script>\n<!-- \/ Yoast SEO plugin. -->","yoast_head_json":{"title":"Talius Mesa Gaming Warship X1 con Iluminacion LED RGB - Tablero de Cristal Templado 120x60cm - Mando en el Cable - Patas de Acero - Hasta 60kg - Color Negro - Canon M5 Madrid | Distribuidor oficial Canon","robots":{"index":"index","follow":"follow","max-snippet":"max-snippet:-1","max-image-preview":"max-image-preview:large","max-video-preview":"max-video-preview:-1"},"canonical":"https:\/\/canonm5.com\/index.php\/producto\/talius-mesa-gaming-warship-x1-con-iluminacion-led-rgb-tablero-de-cristal-templado-120x60cm-mando-en-el-cable-patas-de-acero-hasta-60kg-color-negro\/","og_locale":"es_ES","og_type":"article","og_title":"Talius Mesa Gaming Warship X1 con Iluminacion LED RGB - Tablero de Cristal Templado 120x60cm - Mando en el Cable - Patas de Acero - Hasta 60kg - Color Negro - Canon M5 Madrid | Distribuidor oficial Canon","og_description":"Mesas Gaming Warship de Talius, una pieza indispensable si buscas disfrutar de tus horas de juego en un nivel superior. Tablero con formas atrevidas y terminado en fibra de carbono y cristal templado, patas de acero en forma de X para una firmeza absoluta y organizaci\u00f3n de cables. El modelo X1 con luces LED RGB con varios modos de iluminaci\u00f3n y acabado en cristal templado es el m\u00e1s exclusivo, incluye stand para gamepads y auriculares y stand para el monitor, para los que lo quieren todo.  Caracteristicas:  -Tablero con acabado en fibra de carbono y cristal templado. -Patas en forma de X. -Luces LED RGB en las esquinas.  Especificaciones:  -Color: Negro -Iluminacion LED: 7 colores, 4 modos de RGB din\u00e1micos -Peso: 27.6 Kg -Capacidad de peso: 60 Kg -Tablero: Tablero de cristal templado -Patas: Acero resistente en forma de X -Soporte Monitor: Soporte elevador -Soporte: Incluye soporte para gamepad y auriculares -Posavasos: No -Gancho para auricular: Si -Centralita: Incluye mando en el cable -Medida tablero: 1200 X 600 mm -Medida soporte monitor: 200x1100 mm -Organizador de cable: No","og_url":"https:\/\/canonm5.com\/index.php\/producto\/talius-mesa-gaming-warship-x1-con-iluminacion-led-rgb-tablero-de-cristal-templado-120x60cm-mando-en-el-cable-patas-de-acero-hasta-60kg-color-negro\/","og_site_name":"Canon M5 Madrid | Distribuidor oficial Canon","article_modified_time":"2022-11-21T14:59:55+00:00","og_image":[{"width":1000,"height":1000,"url":"https:\/\/canonm5.com\/wp-content\/uploads\/2022\/11\/129113_1.jpg","type":"image\/jpeg"}],"twitter_card":"summary_large_image","twitter_misc":{"Tiempo de lectura":"1 minuto"},"schema":{"@context":"https:\/\/schema.org","@graph":[{"@type":"WebPage","@id":"https:\/\/canonm5.com\/index.php\/producto\/talius-mesa-gaming-warship-x1-con-iluminacion-led-rgb-tablero-de-cristal-templado-120x60cm-mando-en-el-cable-patas-de-acero-hasta-60kg-color-negro\/","url":"https:\/\/canonm5.com\/index.php\/producto\/talius-mesa-gaming-warship-x1-con-iluminacion-led-rgb-tablero-de-cristal-templado-120x60cm-mando-en-el-cable-patas-de-acero-hasta-60kg-color-negro\/","name":"Talius Mesa Gaming Warship X1 con Iluminacion LED RGB - Tablero de Cristal Templado 120x60cm - Mando en el Cable - Patas de Acero - Hasta 60kg - Color Negro - Canon M5 Madrid | Distribuidor oficial Canon","isPartOf":{"@id":"https:\/\/canonm5.com\/#website"},"primaryImageOfPage":{"@id":"https:\/\/canonm5.com\/index.php\/producto\/talius-mesa-gaming-warship-x1-con-iluminacion-led-rgb-tablero-de-cristal-templado-120x60cm-mando-en-el-cable-patas-de-acero-hasta-60kg-color-negro\/#primaryimage"},"image":{"@id":"https:\/\/canonm5.com\/index.php\/producto\/talius-mesa-gaming-warship-x1-con-iluminacion-led-rgb-tablero-de-cristal-templado-120x60cm-mando-en-el-cable-patas-de-acero-hasta-60kg-color-negro\/#primaryimage"},"thumbnailUrl":"https:\/\/canonm5.com\/wp-content\/uploads\/2022\/11\/129113_1.jpg","datePublished":"2022-11-17T14:43:15+00:00","dateModified":"2022-11-21T14:59:55+00:00","breadcrumb":{"@id":"https:\/\/canonm5.com\/index.php\/producto\/talius-mesa-gaming-warship-x1-con-iluminacion-led-rgb-tablero-de-cristal-templado-120x60cm-mando-en-el-cable-patas-de-acero-hasta-60kg-color-negro\/#breadcrumb"},"inLanguage":"es","potentialAction":[{"@type":"ReadAction","target":["https:\/\/canonm5.com\/index.php\/producto\/talius-mesa-gaming-warship-x1-con-iluminacion-led-rgb-tablero-de-cristal-templado-120x60cm-mando-en-el-cable-patas-de-acero-hasta-60kg-color-negro\/"]}]},{"@type":"ImageObject","inLanguage":"es","@id":"https:\/\/canonm5.com\/index.php\/producto\/talius-mesa-gaming-warship-x1-con-iluminacion-led-rgb-tablero-de-cristal-templado-120x60cm-mando-en-el-cable-patas-de-acero-hasta-60kg-color-negro\/#primaryimage","url":"https:\/\/canonm5.com\/wp-content\/uploads\/2022\/11\/129113_1.jpg","contentUrl":"https:\/\/canonm5.com\/wp-content\/uploads\/2022\/11\/129113_1.jpg","width":1000,"height":1000},{"@type":"BreadcrumbList","@id":"https:\/\/canonm5.com\/index.php\/producto\/talius-mesa-gaming-warship-x1-con-iluminacion-led-rgb-tablero-de-cristal-templado-120x60cm-mando-en-el-cable-patas-de-acero-hasta-60kg-color-negro\/#breadcrumb","itemListElement":[{"@type":"ListItem","position":1,"name":"Portada","item":"https:\/\/canonm5.com\/"},{"@type":"ListItem","position":2,"name":"Nuestros productos","item":"https:\/\/canonm5.com\/index.php\/productos\/"},{"@type":"ListItem","position":3,"name":"Talius Mesa Gaming Warship X1 con Iluminacion LED RGB &#8211; Tablero de Cristal Templado 120x60cm &#8211; Mando en el Cable &#8211; Patas de Acero &#8211; Hasta 60kg &#8211; Color Negro"}]},{"@type":"WebSite","@id":"https:\/\/canonm5.com\/#website","url":"https:\/\/canonm5.com\/","name":"Canon M5 Madrid | Distribuidor oficial Canon","description":"Renting de impresoras para empresas","potentialAction":[{"@type":"SearchAction","target":{"@type":"EntryPoint","urlTemplate":"https:\/\/canonm5.com\/?s={search_term_string}"},"query-input":{"@type":"PropertyValueSpecification","valueRequired":true,"valueName":"search_term_string"}}],"inLanguage":"es"}]}},"_links":{"self":[{"href":"https:\/\/canonm5.com\/index.php\/wp-json\/wp\/v2\/product\/4404","targetHints":{"allow":["GET"]}}],"collection":[{"href":"https:\/\/canonm5.com\/index.php\/wp-json\/wp\/v2\/product"}],"about":[{"href":"https:\/\/canonm5.com\/index.php\/wp-json\/wp\/v2\/types\/product"}],"wp:featuredmedia":[{"embeddable":true,"href":"https:\/\/canonm5.com\/index.php\/wp-json\/wp\/v2\/media\/4405"}],"wp:attachment":[{"href":"https:\/\/canonm5.com\/index.php\/wp-json\/wp\/v2\/media?parent=4404"}],"wp:term":[{"taxonomy":"product_cat","embeddable":true,"href":"https:\/\/canonm5.com\/index.php\/wp-json\/wp\/v2\/product_cat?post=4404"},{"taxonomy":"product_tag","embeddable":true,"href":"https:\/\/canonm5.com\/index.php\/wp-json\/wp\/v2\/product_tag?post=4404"}],"curies":[{"name":"wp","href":"https:\/\/api.w.org\/{rel}","templated":true}]}}