{"id":3684,"date":"2022-11-08T15:12:35","date_gmt":"2022-11-08T15:12:35","guid":{"rendered":"https:\/\/canonm5.com\/?post_type=product&#038;p=3684"},"modified":"2023-05-23T10:35:57","modified_gmt":"2023-05-23T10:35:57","slug":"tunel-locomotora-amaya-sport","status":"publish","type":"product","link":"https:\/\/canonm5.com\/index.php\/producto\/tunel-locomotora-amaya-sport\/","title":{"rendered":"T\u00daNEL LOCOMOTORA AMAYA SPORT"},"content":{"rendered":"<p>Fabricado en goma EVA<br \/>\n&#8211; Muy resistente<br \/>\n&#8211; Piezas encajables<br \/>\n&#8211; Sin cremalleras ni objetos punzantes<br \/>\n&#8211; Adecuado para ni\u00f1os<\/p>\n<p>T\u00fanel locomotora fabricado con goma EVA adecuado para ni\u00f1os. Material suave y seguro, de f\u00e1cil montaje. Las piezas encajan y son de gran resistencia. Medidas: altura total 77cm x longitud 140cm x anchura del t\u00fanel 85cm. Sin objetos punzantes. Ideal para desarrollar la motricidad gruesa.<\/p>\n<p>Art\u00edculo bajo pedido.<\/p>\n<p>&nbsp;<\/p>\n<p><em>E.O. Madrid Cinco S.L., no se responsabiliza de posibles errores tipogr\u00e1ficos y de precio. Las fotograf\u00edas de los productos pueden sufrir cambios<\/em><\/p>\n<p><strong>\u00a0<\/strong><\/p>\n<p>&nbsp;<\/p>\n<p>&nbsp;<\/p>\n","protected":false},"excerpt":{"rendered":"<p>Fabricado en goma EVA<br \/>\n&#8211; Muy resistente<br \/>\n&#8211; Piezas encajables<br \/>\n&#8211; Sin cremalleras ni objetos punzantes<br \/>\n&#8211; Adecuado para ni\u00f1os<\/p>\n","protected":false},"featured_media":3686,"template":"","meta":{"_et_pb_use_builder":"","_et_pb_old_content":"","_et_gb_content_width":"","_joinchat":[]},"product_cat":[975,966],"product_tag":[303,1225,1226,1224],"class_list":{"0":"post-3684","1":"product","2":"type-product","3":"status-publish","4":"has-post-thumbnail","6":"product_cat-juegos-educativos","7":"product_cat-material-escolar","8":"product_tag-goma-eva","9":"product_tag-locomotora","10":"product_tag-motricidad","11":"product_tag-tunel","13":"first","14":"instock","15":"taxable","16":"shipping-taxable","17":"purchasable","18":"product-type-simple"},"yoast_head":"<!-- This site is optimized with the Yoast SEO plugin v27.4 - https:\/\/yoast.com\/product\/yoast-seo-wordpress\/ -->\n<title>T\u00daNEL LOCOMOTORA AMAYA SPORT - Canon M5 Madrid | Distribuidor oficial Canon<\/title>\n<meta name=\"description\" content=\"T\u00fanel locomotora fabricado con goma EVA adecuado para ni\u00f1os. Material suave y seguro, de f\u00e1cil montaje. Las piezas encajan y son de gran resistencia. Medidas: altura total 77cm x longitud 140cm x anchura del t\u00fanel 85cm. Sin objetos punzantes. Ideal para desarrollar la motricidad gruesa.\" \/>\n<meta name=\"robots\" content=\"index, follow, max-snippet:-1, max-image-preview:large, max-video-preview:-1\" \/>\n<link rel=\"canonical\" href=\"https:\/\/canonm5.com\/index.php\/producto\/tunel-locomotora-amaya-sport\/\" \/>\n<meta property=\"og:locale\" content=\"es_ES\" \/>\n<meta property=\"og:type\" content=\"article\" \/>\n<meta property=\"og:title\" content=\"T\u00daNEL LOCOMOTORA AMAYA SPORT - Canon M5 Madrid | Distribuidor oficial Canon\" \/>\n<meta property=\"og:description\" content=\"T\u00fanel locomotora fabricado con goma EVA adecuado para ni\u00f1os. Material suave y seguro, de f\u00e1cil montaje. Las piezas encajan y son de gran resistencia. Medidas: altura total 77cm x longitud 140cm x anchura del t\u00fanel 85cm. Sin objetos punzantes. Ideal para desarrollar la motricidad gruesa.\" \/>\n<meta property=\"og:url\" content=\"https:\/\/canonm5.com\/index.php\/producto\/tunel-locomotora-amaya-sport\/\" \/>\n<meta property=\"og:site_name\" content=\"Canon M5 Madrid | Distribuidor oficial Canon\" \/>\n<meta property=\"article:modified_time\" content=\"2023-05-23T10:35:57+00:00\" \/>\n<meta property=\"og:image\" content=\"https:\/\/canonm5.com\/wp-content\/uploads\/2022\/11\/tunel-locomotora-amaya-goma-eva-437395.jpg\" \/>\n\t<meta property=\"og:image:width\" content=\"239\" \/>\n\t<meta property=\"og:image:height\" content=\"239\" \/>\n\t<meta property=\"og:image:type\" content=\"image\/jpeg\" \/>\n<meta name=\"twitter:card\" content=\"summary_large_image\" \/>\n<meta name=\"twitter:label1\" content=\"Tiempo de lectura\" \/>\n\t<meta name=\"twitter:data1\" content=\"1 minuto\" \/>\n<script type=\"application\/ld+json\" class=\"yoast-schema-graph\">{\"@context\":\"https:\\\/\\\/schema.org\",\"@graph\":[{\"@type\":\"WebPage\",\"@id\":\"https:\\\/\\\/canonm5.com\\\/index.php\\\/producto\\\/tunel-locomotora-amaya-sport\\\/\",\"url\":\"https:\\\/\\\/canonm5.com\\\/index.php\\\/producto\\\/tunel-locomotora-amaya-sport\\\/\",\"name\":\"T\u00daNEL LOCOMOTORA AMAYA SPORT - Canon M5 Madrid | Distribuidor oficial Canon\",\"isPartOf\":{\"@id\":\"https:\\\/\\\/canonm5.com\\\/#website\"},\"primaryImageOfPage\":{\"@id\":\"https:\\\/\\\/canonm5.com\\\/index.php\\\/producto\\\/tunel-locomotora-amaya-sport\\\/#primaryimage\"},\"image\":{\"@id\":\"https:\\\/\\\/canonm5.com\\\/index.php\\\/producto\\\/tunel-locomotora-amaya-sport\\\/#primaryimage\"},\"thumbnailUrl\":\"https:\\\/\\\/canonm5.com\\\/wp-content\\\/uploads\\\/2022\\\/11\\\/tunel-locomotora-amaya-goma-eva-437395.jpg\",\"datePublished\":\"2022-11-08T15:12:35+00:00\",\"dateModified\":\"2023-05-23T10:35:57+00:00\",\"description\":\"T\u00fanel locomotora fabricado con goma EVA adecuado para ni\u00f1os. Material suave y seguro, de f\u00e1cil montaje. Las piezas encajan y son de gran resistencia. Medidas: altura total 77cm x longitud 140cm x anchura del t\u00fanel 85cm. Sin objetos punzantes. Ideal para desarrollar la motricidad gruesa.\",\"breadcrumb\":{\"@id\":\"https:\\\/\\\/canonm5.com\\\/index.php\\\/producto\\\/tunel-locomotora-amaya-sport\\\/#breadcrumb\"},\"inLanguage\":\"es\",\"potentialAction\":[{\"@type\":\"ReadAction\",\"target\":[\"https:\\\/\\\/canonm5.com\\\/index.php\\\/producto\\\/tunel-locomotora-amaya-sport\\\/\"]}]},{\"@type\":\"ImageObject\",\"inLanguage\":\"es\",\"@id\":\"https:\\\/\\\/canonm5.com\\\/index.php\\\/producto\\\/tunel-locomotora-amaya-sport\\\/#primaryimage\",\"url\":\"https:\\\/\\\/canonm5.com\\\/wp-content\\\/uploads\\\/2022\\\/11\\\/tunel-locomotora-amaya-goma-eva-437395.jpg\",\"contentUrl\":\"https:\\\/\\\/canonm5.com\\\/wp-content\\\/uploads\\\/2022\\\/11\\\/tunel-locomotora-amaya-goma-eva-437395.jpg\",\"width\":239,\"height\":239},{\"@type\":\"BreadcrumbList\",\"@id\":\"https:\\\/\\\/canonm5.com\\\/index.php\\\/producto\\\/tunel-locomotora-amaya-sport\\\/#breadcrumb\",\"itemListElement\":[{\"@type\":\"ListItem\",\"position\":1,\"name\":\"Portada\",\"item\":\"https:\\\/\\\/canonm5.com\\\/\"},{\"@type\":\"ListItem\",\"position\":2,\"name\":\"Nuestros productos\",\"item\":\"https:\\\/\\\/canonm5.com\\\/index.php\\\/productos\\\/\"},{\"@type\":\"ListItem\",\"position\":3,\"name\":\"T\u00daNEL LOCOMOTORA AMAYA SPORT\"}]},{\"@type\":\"WebSite\",\"@id\":\"https:\\\/\\\/canonm5.com\\\/#website\",\"url\":\"https:\\\/\\\/canonm5.com\\\/\",\"name\":\"Canon M5 Madrid | Distribuidor oficial Canon\",\"description\":\"Renting de impresoras para empresas\",\"potentialAction\":[{\"@type\":\"SearchAction\",\"target\":{\"@type\":\"EntryPoint\",\"urlTemplate\":\"https:\\\/\\\/canonm5.com\\\/?s={search_term_string}\"},\"query-input\":{\"@type\":\"PropertyValueSpecification\",\"valueRequired\":true,\"valueName\":\"search_term_string\"}}],\"inLanguage\":\"es\"}]}<\/script>\n<!-- \/ Yoast SEO plugin. -->","yoast_head_json":{"title":"T\u00daNEL LOCOMOTORA AMAYA SPORT - Canon M5 Madrid | Distribuidor oficial Canon","description":"T\u00fanel locomotora fabricado con goma EVA adecuado para ni\u00f1os. Material suave y seguro, de f\u00e1cil montaje. Las piezas encajan y son de gran resistencia. Medidas: altura total 77cm x longitud 140cm x anchura del t\u00fanel 85cm. Sin objetos punzantes. Ideal para desarrollar la motricidad gruesa.","robots":{"index":"index","follow":"follow","max-snippet":"max-snippet:-1","max-image-preview":"max-image-preview:large","max-video-preview":"max-video-preview:-1"},"canonical":"https:\/\/canonm5.com\/index.php\/producto\/tunel-locomotora-amaya-sport\/","og_locale":"es_ES","og_type":"article","og_title":"T\u00daNEL LOCOMOTORA AMAYA SPORT - Canon M5 Madrid | Distribuidor oficial Canon","og_description":"T\u00fanel locomotora fabricado con goma EVA adecuado para ni\u00f1os. Material suave y seguro, de f\u00e1cil montaje. Las piezas encajan y son de gran resistencia. Medidas: altura total 77cm x longitud 140cm x anchura del t\u00fanel 85cm. Sin objetos punzantes. Ideal para desarrollar la motricidad gruesa.","og_url":"https:\/\/canonm5.com\/index.php\/producto\/tunel-locomotora-amaya-sport\/","og_site_name":"Canon M5 Madrid | Distribuidor oficial Canon","article_modified_time":"2023-05-23T10:35:57+00:00","og_image":[{"width":239,"height":239,"url":"https:\/\/canonm5.com\/wp-content\/uploads\/2022\/11\/tunel-locomotora-amaya-goma-eva-437395.jpg","type":"image\/jpeg"}],"twitter_card":"summary_large_image","twitter_misc":{"Tiempo de lectura":"1 minuto"},"schema":{"@context":"https:\/\/schema.org","@graph":[{"@type":"WebPage","@id":"https:\/\/canonm5.com\/index.php\/producto\/tunel-locomotora-amaya-sport\/","url":"https:\/\/canonm5.com\/index.php\/producto\/tunel-locomotora-amaya-sport\/","name":"T\u00daNEL LOCOMOTORA AMAYA SPORT - Canon M5 Madrid | Distribuidor oficial Canon","isPartOf":{"@id":"https:\/\/canonm5.com\/#website"},"primaryImageOfPage":{"@id":"https:\/\/canonm5.com\/index.php\/producto\/tunel-locomotora-amaya-sport\/#primaryimage"},"image":{"@id":"https:\/\/canonm5.com\/index.php\/producto\/tunel-locomotora-amaya-sport\/#primaryimage"},"thumbnailUrl":"https:\/\/canonm5.com\/wp-content\/uploads\/2022\/11\/tunel-locomotora-amaya-goma-eva-437395.jpg","datePublished":"2022-11-08T15:12:35+00:00","dateModified":"2023-05-23T10:35:57+00:00","description":"T\u00fanel locomotora fabricado con goma EVA adecuado para ni\u00f1os. Material suave y seguro, de f\u00e1cil montaje. Las piezas encajan y son de gran resistencia. Medidas: altura total 77cm x longitud 140cm x anchura del t\u00fanel 85cm. Sin objetos punzantes. Ideal para desarrollar la motricidad gruesa.","breadcrumb":{"@id":"https:\/\/canonm5.com\/index.php\/producto\/tunel-locomotora-amaya-sport\/#breadcrumb"},"inLanguage":"es","potentialAction":[{"@type":"ReadAction","target":["https:\/\/canonm5.com\/index.php\/producto\/tunel-locomotora-amaya-sport\/"]}]},{"@type":"ImageObject","inLanguage":"es","@id":"https:\/\/canonm5.com\/index.php\/producto\/tunel-locomotora-amaya-sport\/#primaryimage","url":"https:\/\/canonm5.com\/wp-content\/uploads\/2022\/11\/tunel-locomotora-amaya-goma-eva-437395.jpg","contentUrl":"https:\/\/canonm5.com\/wp-content\/uploads\/2022\/11\/tunel-locomotora-amaya-goma-eva-437395.jpg","width":239,"height":239},{"@type":"BreadcrumbList","@id":"https:\/\/canonm5.com\/index.php\/producto\/tunel-locomotora-amaya-sport\/#breadcrumb","itemListElement":[{"@type":"ListItem","position":1,"name":"Portada","item":"https:\/\/canonm5.com\/"},{"@type":"ListItem","position":2,"name":"Nuestros productos","item":"https:\/\/canonm5.com\/index.php\/productos\/"},{"@type":"ListItem","position":3,"name":"T\u00daNEL LOCOMOTORA AMAYA SPORT"}]},{"@type":"WebSite","@id":"https:\/\/canonm5.com\/#website","url":"https:\/\/canonm5.com\/","name":"Canon M5 Madrid | Distribuidor oficial Canon","description":"Renting de impresoras para empresas","potentialAction":[{"@type":"SearchAction","target":{"@type":"EntryPoint","urlTemplate":"https:\/\/canonm5.com\/?s={search_term_string}"},"query-input":{"@type":"PropertyValueSpecification","valueRequired":true,"valueName":"search_term_string"}}],"inLanguage":"es"}]}},"_links":{"self":[{"href":"https:\/\/canonm5.com\/index.php\/wp-json\/wp\/v2\/product\/3684","targetHints":{"allow":["GET"]}}],"collection":[{"href":"https:\/\/canonm5.com\/index.php\/wp-json\/wp\/v2\/product"}],"about":[{"href":"https:\/\/canonm5.com\/index.php\/wp-json\/wp\/v2\/types\/product"}],"wp:featuredmedia":[{"embeddable":true,"href":"https:\/\/canonm5.com\/index.php\/wp-json\/wp\/v2\/media\/3686"}],"wp:attachment":[{"href":"https:\/\/canonm5.com\/index.php\/wp-json\/wp\/v2\/media?parent=3684"}],"wp:term":[{"taxonomy":"product_cat","embeddable":true,"href":"https:\/\/canonm5.com\/index.php\/wp-json\/wp\/v2\/product_cat?post=3684"},{"taxonomy":"product_tag","embeddable":true,"href":"https:\/\/canonm5.com\/index.php\/wp-json\/wp\/v2\/product_tag?post=3684"}],"curies":[{"name":"wp","href":"https:\/\/api.w.org\/{rel}","templated":true}]}}