{"id":3029,"date":"2022-07-13T13:02:42","date_gmt":"2022-07-13T13:02:42","guid":{"rendered":"https:\/\/test.canonm5.com\/?page_id=3029"},"modified":"2022-07-13T13:02:43","modified_gmt":"2022-07-13T13:02:43","slug":"responsabilidad-social","status":"publish","type":"page","link":"https:\/\/canonm5.com\/index.php\/responsabilidad-social\/","title":{"rendered":"Responsabilidad social"},"content":{"rendered":"<p>[et_pb_section fb_built=\u00bb1&#8243; _builder_version=\u00bb4.17.3&#8243; _module_preset=\u00bbdefault\u00bb global_colors_info=\u00bb{}\u00bb theme_builder_area=\u00bbpost_content\u00bb][et_pb_row _builder_version=\u00bb4.17.3&#8243; _module_preset=\u00bbdefault\u00bb global_colors_info=\u00bb{}\u00bb theme_builder_area=\u00bbpost_content\u00bb][et_pb_column type=\u00bb4_4&#8243; _builder_version=\u00bb4.17.3&#8243; _module_preset=\u00bbdefault\u00bb global_colors_info=\u00bb{}\u00bb theme_builder_area=\u00bbpost_content\u00bb][et_pb_text _builder_version=\u00bb4.17.3&#8243; _module_preset=\u00bbdefault\u00bb text_font=\u00bbPoppins|500|||||||\u00bb text_text_color=\u00bb#000000&#8243; text_font_size=\u00bb34px\u00bb hover_enabled=\u00bb0&#8243; global_colors_info=\u00bb{}\u00bb theme_builder_area=\u00bbpost_content\u00bb sticky_enabled=\u00bb0&#8243;]<\/p>\n<p style=\"text-align: center;\">Responsabilidad social<\/p>\n<p>[\/et_pb_text][et_pb_text _builder_version=\u00bb4.17.3&#8243; _module_preset=\u00bbdefault\u00bb header_2_font=\u00bbPoppins||||||||\u00bb header_2_font_size=\u00bb14px\u00bb hover_enabled=\u00bb0&#8243; global_colors_info=\u00bb{}\u00bb theme_builder_area=\u00bbpost_content\u00bb sticky_enabled=\u00bb0&#8243;]<\/p>\n<p style=\"font-weight: 400;\"><span>MCINCO, cualquier otra parte (est\u00e9 o no implicada en la creaci\u00f3n, producci\u00f3n, mantenimiento o provisi\u00f3n de este Sitio Web ), cualquiera de las empresas del grupo Canon y los ejecutivos, directores, empleados, accionistas o agentes de cualquiera de las anteriores, no aceptan responsabilidad alguna, contractual o extracontractual, respecto de ning\u00fan tipo de p\u00e9rdidas o da\u00f1os en que pudiera incurrir el usuario o cualquier tercero, ya sean directos o indirectos, tanto por da\u00f1o emergente como por lucro cesante (incluyendo, sin que la presente enumeraci\u00f3n tenga car\u00e1cter limitativo, sino meramente enunciativo cualquier p\u00e9rdida de ingresos, beneficios, fondo de comercio, datos, contratos o monetaria; as\u00ed como las p\u00e9rdidas o da\u00f1os resultantes de o relacionados con la interrupci\u00f3n del negocio), y cualquiera que sea su causa, derivados\u00a0 del uso, de la imposibilidad de uso, o del resultado del uso de este Sitio Web , de cualquier otro sitio web enlazado a este Sitio Web\u00a0 o del material contenido en estos sitios web. Lo anterior incluye, sin limitaci\u00f3n alguna, las p\u00e9rdidas o da\u00f1os causados por virus que pudieran infectar el equipo inform\u00e1tico, software, datos o cualquier otro bien propiedad del usuario como consecuencia del acceso, el uso o la exploraci\u00f3n de este Sitio Web o la descarga por su parte de cualquier material contenido en este Sitio Web\u00a0 o en cualquier sitio Web enlazado a este Sitio Web. No obstante, lo anteriormente establecido no afecta, en modo alguno, a cualquier responsabilidad que, por prohibici\u00f3n legal imperativa, no pueda excluirse o limitarse.<\/span><\/p>\n<h2><\/h2>\n<p>[\/et_pb_text][\/et_pb_column][\/et_pb_row][\/et_pb_section]<\/p>\n","protected":false},"excerpt":{"rendered":"<p>Responsabilidad socialMCINCO, cualquier otra parte (est\u00e9 o no implicada en la creaci\u00f3n, producci\u00f3n, mantenimiento o provisi\u00f3n de este Sitio Web ), cualquiera de las empresas del grupo Canon y los ejecutivos, directores, empleados, accionistas o agentes de cualquiera de las anteriores, no aceptan responsabilidad alguna, contractual o extracontractual, respecto de ning\u00fan tipo de p\u00e9rdidas o [&hellip;]<\/p>\n","protected":false},"author":1,"featured_media":0,"parent":0,"menu_order":0,"comment_status":"closed","ping_status":"closed","template":"","meta":{"_et_pb_use_builder":"on","_et_pb_old_content":"","_et_gb_content_width":"","_joinchat":[],"footnotes":""},"class_list":["post-3029","page","type-page","status-publish","hentry"],"yoast_head":"<!-- This site is optimized with the Yoast SEO plugin v27.5 - https:\/\/yoast.com\/product\/yoast-seo-wordpress\/ -->\n<title>Responsabilidad social - Canon M5 Madrid | Distribuidor oficial Canon<\/title>\n<meta name=\"robots\" content=\"index, follow, max-snippet:-1, max-image-preview:large, max-video-preview:-1\" \/>\n<link rel=\"canonical\" href=\"https:\/\/canonm5.com\/index.php\/responsabilidad-social\/\" \/>\n<meta property=\"og:locale\" content=\"es_ES\" \/>\n<meta property=\"og:type\" content=\"article\" \/>\n<meta property=\"og:title\" content=\"Responsabilidad social - Canon M5 Madrid | Distribuidor oficial Canon\" \/>\n<meta property=\"og:description\" content=\"Responsabilidad socialMCINCO, cualquier otra parte (est\u00e9 o no implicada en la creaci\u00f3n, producci\u00f3n, mantenimiento o provisi\u00f3n de este Sitio Web ), cualquiera de las empresas del grupo Canon y los ejecutivos, directores, empleados, accionistas o agentes de cualquiera de las anteriores, no aceptan responsabilidad alguna, contractual o extracontractual, respecto de ning\u00fan tipo de p\u00e9rdidas o [&hellip;]\" \/>\n<meta property=\"og:url\" content=\"https:\/\/canonm5.com\/index.php\/responsabilidad-social\/\" \/>\n<meta property=\"og:site_name\" content=\"Canon M5 Madrid | Distribuidor oficial Canon\" \/>\n<meta property=\"article:modified_time\" content=\"2022-07-13T13:02:43+00:00\" \/>\n<meta name=\"twitter:card\" content=\"summary_large_image\" \/>\n<script type=\"application\/ld+json\" class=\"yoast-schema-graph\">{\"@context\":\"https:\\\/\\\/schema.org\",\"@graph\":[{\"@type\":\"WebPage\",\"@id\":\"https:\\\/\\\/canonm5.com\\\/index.php\\\/responsabilidad-social\\\/\",\"url\":\"https:\\\/\\\/canonm5.com\\\/index.php\\\/responsabilidad-social\\\/\",\"name\":\"Responsabilidad social - Canon M5 Madrid | Distribuidor oficial Canon\",\"isPartOf\":{\"@id\":\"https:\\\/\\\/canonm5.com\\\/#website\"},\"datePublished\":\"2022-07-13T13:02:42+00:00\",\"dateModified\":\"2022-07-13T13:02:43+00:00\",\"breadcrumb\":{\"@id\":\"https:\\\/\\\/canonm5.com\\\/index.php\\\/responsabilidad-social\\\/#breadcrumb\"},\"inLanguage\":\"es\",\"potentialAction\":[{\"@type\":\"ReadAction\",\"target\":[\"https:\\\/\\\/canonm5.com\\\/index.php\\\/responsabilidad-social\\\/\"]}]},{\"@type\":\"BreadcrumbList\",\"@id\":\"https:\\\/\\\/canonm5.com\\\/index.php\\\/responsabilidad-social\\\/#breadcrumb\",\"itemListElement\":[{\"@type\":\"ListItem\",\"position\":1,\"name\":\"Portada\",\"item\":\"https:\\\/\\\/canonm5.com\\\/\"},{\"@type\":\"ListItem\",\"position\":2,\"name\":\"Responsabilidad social\"}]},{\"@type\":\"WebSite\",\"@id\":\"https:\\\/\\\/canonm5.com\\\/#website\",\"url\":\"https:\\\/\\\/canonm5.com\\\/\",\"name\":\"Canon M5 Madrid | Distribuidor oficial Canon\",\"description\":\"Renting de impresoras para empresas\",\"potentialAction\":[{\"@type\":\"SearchAction\",\"target\":{\"@type\":\"EntryPoint\",\"urlTemplate\":\"https:\\\/\\\/canonm5.com\\\/?s={search_term_string}\"},\"query-input\":{\"@type\":\"PropertyValueSpecification\",\"valueRequired\":true,\"valueName\":\"search_term_string\"}}],\"inLanguage\":\"es\"}]}<\/script>\n<!-- \/ Yoast SEO plugin. -->","yoast_head_json":{"title":"Responsabilidad social - Canon M5 Madrid | Distribuidor oficial Canon","robots":{"index":"index","follow":"follow","max-snippet":"max-snippet:-1","max-image-preview":"max-image-preview:large","max-video-preview":"max-video-preview:-1"},"canonical":"https:\/\/canonm5.com\/index.php\/responsabilidad-social\/","og_locale":"es_ES","og_type":"article","og_title":"Responsabilidad social - Canon M5 Madrid | Distribuidor oficial Canon","og_description":"Responsabilidad socialMCINCO, cualquier otra parte (est\u00e9 o no implicada en la creaci\u00f3n, producci\u00f3n, mantenimiento o provisi\u00f3n de este Sitio Web ), cualquiera de las empresas del grupo Canon y los ejecutivos, directores, empleados, accionistas o agentes de cualquiera de las anteriores, no aceptan responsabilidad alguna, contractual o extracontractual, respecto de ning\u00fan tipo de p\u00e9rdidas o [&hellip;]","og_url":"https:\/\/canonm5.com\/index.php\/responsabilidad-social\/","og_site_name":"Canon M5 Madrid | Distribuidor oficial Canon","article_modified_time":"2022-07-13T13:02:43+00:00","twitter_card":"summary_large_image","schema":{"@context":"https:\/\/schema.org","@graph":[{"@type":"WebPage","@id":"https:\/\/canonm5.com\/index.php\/responsabilidad-social\/","url":"https:\/\/canonm5.com\/index.php\/responsabilidad-social\/","name":"Responsabilidad social - Canon M5 Madrid | Distribuidor oficial Canon","isPartOf":{"@id":"https:\/\/canonm5.com\/#website"},"datePublished":"2022-07-13T13:02:42+00:00","dateModified":"2022-07-13T13:02:43+00:00","breadcrumb":{"@id":"https:\/\/canonm5.com\/index.php\/responsabilidad-social\/#breadcrumb"},"inLanguage":"es","potentialAction":[{"@type":"ReadAction","target":["https:\/\/canonm5.com\/index.php\/responsabilidad-social\/"]}]},{"@type":"BreadcrumbList","@id":"https:\/\/canonm5.com\/index.php\/responsabilidad-social\/#breadcrumb","itemListElement":[{"@type":"ListItem","position":1,"name":"Portada","item":"https:\/\/canonm5.com\/"},{"@type":"ListItem","position":2,"name":"Responsabilidad social"}]},{"@type":"WebSite","@id":"https:\/\/canonm5.com\/#website","url":"https:\/\/canonm5.com\/","name":"Canon M5 Madrid | Distribuidor oficial Canon","description":"Renting de impresoras para empresas","potentialAction":[{"@type":"SearchAction","target":{"@type":"EntryPoint","urlTemplate":"https:\/\/canonm5.com\/?s={search_term_string}"},"query-input":{"@type":"PropertyValueSpecification","valueRequired":true,"valueName":"search_term_string"}}],"inLanguage":"es"}]}},"_links":{"self":[{"href":"https:\/\/canonm5.com\/index.php\/wp-json\/wp\/v2\/pages\/3029","targetHints":{"allow":["GET"]}}],"collection":[{"href":"https:\/\/canonm5.com\/index.php\/wp-json\/wp\/v2\/pages"}],"about":[{"href":"https:\/\/canonm5.com\/index.php\/wp-json\/wp\/v2\/types\/page"}],"author":[{"embeddable":true,"href":"https:\/\/canonm5.com\/index.php\/wp-json\/wp\/v2\/users\/1"}],"replies":[{"embeddable":true,"href":"https:\/\/canonm5.com\/index.php\/wp-json\/wp\/v2\/comments?post=3029"}],"version-history":[{"count":2,"href":"https:\/\/canonm5.com\/index.php\/wp-json\/wp\/v2\/pages\/3029\/revisions"}],"predecessor-version":[{"id":3032,"href":"https:\/\/canonm5.com\/index.php\/wp-json\/wp\/v2\/pages\/3029\/revisions\/3032"}],"wp:attachment":[{"href":"https:\/\/canonm5.com\/index.php\/wp-json\/wp\/v2\/media?parent=3029"}],"curies":[{"name":"wp","href":"https:\/\/api.w.org\/{rel}","templated":true}]}}

<p>[et_pb_section fb_built=»1&#8243; _builder_version=»4.17.3&#8243; _module_preset=»default» global_colors_info=»{}» theme_builder_area=»post_content»][et_pb_row _builder_version=»4.17.3&#8243; _module_preset=»default» global_colors_info=»{}» theme_builder_area=»post_content»][et_pb_column type=»4_4&#8243; _builder_version=»4.17.3&#8243; _module_preset=»default» global_colors_info=»{}» theme_builder_area=»post_content»][et_pb_text _builder_version=»4.17.3&#8243; _module_preset=»default» text_font=»Poppins|500|||||||» text_text_color=»#000000&#8243; text_font_size=»34px» hover_enabled=»0&#8243; global_colors_info=»{}» theme_builder_area=»post_content» sticky_enabled=»0&#8243;]</p>
<p style="text-align: center;">Responsabilidad social</p>
<p>[/et_pb_text][et_pb_text _builder_version=»4.17.3&#8243; _module_preset=»default» header_2_font=»Poppins||||||||» header_2_font_size=»14px» hover_enabled=»0&#8243; global_colors_info=»{}» theme_builder_area=»post_content» sticky_enabled=»0&#8243;]</p>
<p style="font-weight: 400;"><span>MCINCO, cualquier otra parte (esté o no implicada en la creación, producción, mantenimiento o provisión de este Sitio Web ), cualquiera de las empresas del grupo Canon y los ejecutivos, directores, empleados, accionistas o agentes de cualquiera de las anteriores, no aceptan responsabilidad alguna, contractual o extracontractual, respecto de ningún tipo de pérdidas o daños en que pudiera incurrir el usuario o cualquier tercero, ya sean directos o indirectos, tanto por daño emergente como por lucro cesante (incluyendo, sin que la presente enumeración tenga carácter limitativo, sino meramente enunciativo cualquier pérdida de ingresos, beneficios, fondo de comercio, datos, contratos o monetaria; así como las pérdidas o daños resultantes de o relacionados con la interrupción del negocio), y cualquiera que sea su causa, derivados  del uso, de la imposibilidad de uso, o del resultado del uso de este Sitio Web , de cualquier otro sitio web enlazado a este Sitio Web  o del material contenido en estos sitios web. Lo anterior incluye, sin limitación alguna, las pérdidas o daños causados por virus que pudieran infectar el equipo informático, software, datos o cualquier otro bien propiedad del usuario como consecuencia del acceso, el uso o la exploración de este Sitio Web o la descarga por su parte de cualquier material contenido en este Sitio Web  o en cualquier sitio Web enlazado a este Sitio Web. No obstante, lo anteriormente establecido no afecta, en modo alguno, a cualquier responsabilidad que, por prohibición legal imperativa, no pueda excluirse o limitarse.</span></p>
<h2></h2>
<p>[/et_pb_text][/et_pb_column][/et_pb_row][/et_pb_section]</p>

<p>Responsabilidad socialMCINCO, cualquier otra parte (esté o no implicada en la creación, producción, mantenimiento o provisión de este Sitio Web ), cualquiera de las empresas del grupo Canon y los ejecutivos, directores, empleados, accionistas o agentes de cualquiera de las anteriores, no aceptan responsabilidad alguna, contractual o extracontractual, respecto de ningún tipo de pérdidas o [&hellip;]</p>

<!-- This site is optimized with the Yoast SEO plugin v27.5 - https://yoast.com/product/yoast-seo-wordpress/ -->
<title>Responsabilidad social - Canon M5 Madrid | Distribuidor oficial Canon</title>
<meta name="robots" content="index, follow, max-snippet:-1, max-image-preview:large, max-video-preview:-1" />
<link rel="canonical" href="https://canonm5.com/index.php/responsabilidad-social/" />
<meta property="og:locale" content="es_ES" />
<meta property="og:type" content="article" />
<meta property="og:title" content="Responsabilidad social - Canon M5 Madrid | Distribuidor oficial Canon" />
<meta property="og:description" content="Responsabilidad socialMCINCO, cualquier otra parte (esté o no implicada en la creación, producción, mantenimiento o provisión de este Sitio Web ), cualquiera de las empresas del grupo Canon y los ejecutivos, directores, empleados, accionistas o agentes de cualquiera de las anteriores, no aceptan responsabilidad alguna, contractual o extracontractual, respecto de ningún tipo de pérdidas o [&hellip;]" />
<meta property="og:url" content="https://canonm5.com/index.php/responsabilidad-social/" />
<meta property="og:site_name" content="Canon M5 Madrid | Distribuidor oficial Canon" />
<meta property="article:modified_time" content="2022-07-13T13:02:43+00:00" />
<meta name="twitter:card" content="summary_large_image" />
<script type="application/ld+json" class="yoast-schema-graph">{"@context":"https:\/\/schema.org","@graph":[{"@type":"WebPage","@id":"https:\/\/canonm5.com\/index.php\/responsabilidad-social\/","url":"https:\/\/canonm5.com\/index.php\/responsabilidad-social\/","name":"Responsabilidad social - Canon M5 Madrid | Distribuidor oficial Canon","isPartOf":{"@id":"https:\/\/canonm5.com\/#website"},"datePublished":"2022-07-13T13:02:42+00:00","dateModified":"2022-07-13T13:02:43+00:00","breadcrumb":{"@id":"https:\/\/canonm5.com\/index.php\/responsabilidad-social\/#breadcrumb"},"inLanguage":"es","potentialAction":[{"@type":"ReadAction","target":["https:\/\/canonm5.com\/index.php\/responsabilidad-social\/"]}]},{"@type":"BreadcrumbList","@id":"https:\/\/canonm5.com\/index.php\/responsabilidad-social\/#breadcrumb","itemListElement":[{"@type":"ListItem","position":1,"name":"Portada","item":"https:\/\/canonm5.com\/"},{"@type":"ListItem","position":2,"name":"Responsabilidad social"}]},{"@type":"WebSite","@id":"https:\/\/canonm5.com\/#website","url":"https:\/\/canonm5.com\/","name":"Canon M5 Madrid | Distribuidor oficial Canon","description":"Renting de impresoras para empresas","potentialAction":[{"@type":"SearchAction","target":{"@type":"EntryPoint","urlTemplate":"https:\/\/canonm5.com\/?s={search_term_string}"},"query-input":{"@type":"PropertyValueSpecification","valueRequired":true,"valueName":"search_term_string"}}],"inLanguage":"es"}]}</script>
<!-- / Yoast SEO plugin. -->

Responsabilidad socialMCINCO, cualquier otra parte (esté o no implicada en la creación, producción, mantenimiento o provisión de este Sitio Web ), cualquiera de las empresas del grupo Canon y los ejecutivos, directores, empleados, accionistas o agentes de cualquiera de las anteriores, no aceptan responsabilidad alguna, contractual o extracontractual, respecto de ningún tipo de pérdidas o [&hellip;]
